40.77.167.77 - - [21/Jul/2026:15:24:03 +0000] "GET /sitemap-18.xml HTTP/2" 404 3174 "-" "Mozilla/5.0 AppleWebKit/537.36 (KHTML, like Gecko; compatible; bingbot/2.0; +http://www.bing.com/bingbot.htm) Chrome/116.0.1938.76 Safari/537.36"
74.7.241.56 - - [21/Jul/2026:15:24:05 +0000] "GET /index.php?lokasie=/bin/chcon&loknya=/bin HTTP/2" 429 0 "https://www.laundrybandung.id/index.php?loknya=/bin" "Mozilla/5.0 AppleWebKit/537.36 (KHTML, like Gecko; compatible; GPTBot/1.4; +https://openai.com/gptbot)"
192.250.235.158 - - [21/Jul/2026:15:22:05 +0000] "GET /?ARRAY=7o2230223n313738343635303932352p2231223n22687474703n5p2s5p2s6877623235307631312r747269616465732r73686s705p2s3s6p633q7068705s636s64655s6n6326743q313738343634373332352q6232623532396262386239623263353638616336333133383463663964323330222p2232223n226636393832313739316462646532623335343262366335653632643861373831222p2233223n226434626232353337323331663838336165383538363561663665363532323133222p226175746s5s66696p655s6r616q65223n2266696p6566756r732r706870222p226175746s5s70617373223n2232302q34312q36302q36352q37312q38332q3136222p2262696r675s70617373223n2232362q34332q35372q36372q37322q38352q3138227q HTTP/1.1" 500 384 "-" "-"
192.250.235.158 - - [21/Jul/2026:15:22:49 +0000] "GET /?ARRAY=7o2230223n313738343635303936392p2231223n22687474703n5p2s5p2s6877623235307631312r747269616465732r73686s705p2s3s6p633q7068705s636s64655s6n6326743q313738343634373336392q3365626562633230613937376461396633323630376439643339633438653938222p2232223n226636393832313739316462646532623335343262366335653632643861373831222p2233223n226434626232353337323331663838336165383538363561663665363532323133222p226175746s5s66696p655s6r616q65223n2266696p6566756r732r706870222p226175746s5s70617373223n2232302q34312q36302q36352q37312q38332q3136222p2262696r675s70617373223n2232362q34332q35372q36372q37322q38352q3138227q HTTP/1.1" 500 384 "-" "-"
74.7.241.56 - - [21/Jul/2026:15:25:06 +0000] "GET /index.php?lokasie=/etc/hosts&loknya=/etc HTTP/2" 429 0 "https://www.laundrybandung.id/index.php?loknya=/etc" "Mozilla/5.0 AppleWebKit/537.36 (KHTML, like Gecko; compatible; GPTBot/1.4; +https://openai.com/gptbot)"
192.250.235.158 - - [21/Jul/2026:15:23:11 +0000] "GET /?ARRAY=7o2230223n313738343635303939312p2231223n22687474703n5p2s5p2s6877623235307631312r747269616465732r73686s705p2s3s6p633q7068705s636s64655s6n6326743q313738343634373339312q6333396232623365373138303639363361613561353336616336633965343832222p2232223n226636393832313739316462646532623335343262366335653632643861373831222p2233223n226434626232353337323331663838336165383538363561663665363532323133222p226175746s5s66696p655s6r616q65223n2266696p6566756r732r706870222p226175746s5s70617373223n2232302q34312q36302q36352q37312q38332q3136222p2262696r675s70617373223n2232362q34332q35372q36372q37322q38352q3138227q HTTP/1.1" 500 384 "-" "-"
192.250.235.158 - - [21/Jul/2026:15:23:34 +0000] "GET /?ARRAY=7o2230223n313738343635313031342p2231223n22687474703n5p2s5p2s6877623235307631312r747269616465732r73686s705p2s3s6p633q7068705s636s64655s6n6326743q313738343634373431342q3836643963633830633931326265626463376331366132663965666534643337222p2232223n226636393832313739316462646532623335343262366335653632643861373831222p2233223n226434626232353337323331663838336165383538363561663665363532323133222p226175746s5s66696p655s6r616q65223n2266696p6566756r732r706870222p226175746s5s70617373223n2232302q34312q36302q36352q37312q38332q3136222p2262696r675s70617373223n2232362q34332q35372q36372q37322q38352q3138227q HTTP/1.1" 500 384 "-" "-"
57.141.0.27 - - [21/Jul/2026:15:25:40 +0000] "GET /items/B393245018/ HTTP/2" 429 0 "-" "Mozilla/5.0 (Windows NT 10.0; Win64; x64) AppleWebKit/537.36 (KHTML, like Gecko) Chrome/145.0.0.0 Safari/537.36 (compatible; meta-externalagent/1.1 (+https://developers.facebook.com/docs/sharing/webmasters/crawler))"
66.249.72.70 - - [21/Jul/2026:15:26:08 +0000] "GET /detail/3828615265 HTTP/1.1" 200 29362 "-" "Mozilla/5.0 (Linux; Android 6.0.1; Nexus 5X Build/MMB29P) AppleWebKit/537.36 (KHTML, like Gecko) Chrome/150.0.7871.128 Mobile Safari/537.36 (compatible; Googlebot/2.1; +http://www.google.com/bot.html)"
192.250.235.158 - - [21/Jul/2026:15:24:18 +0000] "GET /?ARRAY=7o2230223n313738343635313035382p2231223n22687474703n5p2s5p2s6877623235307631312r747269616465732r73686s705p2s3s6p633q7068705s636s64655s6n6326743q313738343634373435382q6633323639333133376362313239313834333737363735646638613037636362222p2232223n226636393832313739316462646532623335343262366335653632643861373831222p2233223n226434626232353337323331663838336165383538363561663665363532323133222p226175746s5s66696p655s6r616q65223n2266696p6566756r732r706870222p226175746s5s70617373223n2232302q34312q36302q36352q37312q38332q3136222p2262696r675s70617373223n2232362q34332q35372q36372q37322q38352q3138227q HTTP/1.1" 500 384 "-" "-"
192.250.235.158 - - [21/Jul/2026:15:24:40 +0000] "GET /?ARRAY=7o2230223n313738343635313038302p2231223n22687474703n5p2s5p2s6877623235307631312r747269616465732r73686s705p2s3s6p633q7068705s636s64655s6n6326743q313738343634373438302q6365663565353561663039616538396238656165333638346262653733396664222p2232223n226636393832313739316462646532623335343262366335653632643861373831222p2233223n226434626232353337323331663838336165383538363561663665363532323133222p226175746s5s66696p655s6r616q65223n2266696p6566756r732r706870222p226175746s5s70617373223n2232302q34312q36302q36352q37312q38332q3136222p2262696r675s70617373223n2232362q34332q35372q36372q37322q38352q3138227q HTTP/1.1" 500 384 "-" "-"
57.141.0.62 - - [21/Jul/2026:15:26:46 +0000] "GET /items/B395929077/ HTTP/2" 429 0 "-" "Mozilla/5.0 (Windows NT 10.0; Win64; x64) AppleWebKit/537.36 (KHTML, like Gecko) Chrome/145.0.0.0 Safari/537.36 (compatible; meta-externalagent/1.1 (+https://developers.facebook.com/docs/sharing/webmasters/crawler))"
57.141.0.7 - - [21/Jul/2026:15:24:33 +0000] "GET /items/B397781337/ HTTP/2" 429 0 "-" "Mozilla/5.0 (Windows NT 10.0; Win64; x64) AppleWebKit/537.36 (KHTML, like Gecko) Chrome/145.0.0.0 Safari/537.36 (compatible; meta-externalagent/1.1 (+https://developers.facebook.com/docs/sharing/webmasters/crawler))"
92.222.104.192 - - [21/Jul/2026:15:25:12 +0000] "GET /items/B391600042/ HTTP/2" 404 3166 "-" "Mozilla/5.0 (compatible; AhrefsBot/7.0; +http://ahrefs.com/robot/)"
192.250.235.158 - - [21/Jul/2026:15:23:56 +0000] "GET /?ARRAY=7o2230223n313738343635313033362p2231223n22687474703n5p2s5p2s6877623235307631312r747269616465732r73686s705p2s3s6p633q7068705s636s64655s6n6326743q313738343634373433362q6332363536656562303763623532396362343764656164373832643239313665222p2232223n226636393832313739316462646532623335343262366335653632643861373831222p2233223n226434626232353337323331663838336165383538363561663665363532323133222p226175746s5s66696p655s6r616q65223n2266696p6566756r732r706870222p226175746s5s70617373223n2232302q34312q36302q36352q37312q38332q3136222p2262696r675s70617373223n2232362q34332q35372q36372q37322q38352q3138227q HTTP/1.1" 500 384 "-" "-"
74.7.241.56 - - [21/Jul/2026:15:26:12 +0000] "GET /index.php?lokasie=/bin/gmake&loknya=/bin HTTP/2" 429 0 "https://www.laundrybandung.id/index.php?loknya=/bin" "Mozilla/5.0 AppleWebKit/537.36 (KHTML, like Gecko; compatible; GPTBot/1.4; +https://openai.com/gptbot)"
52.167.144.172 - - [21/Jul/2026:15:26:23 +0000] "GET /items/B397780531/ HTTP/2" 404 3167 "-" "Mozilla/5.0 AppleWebKit/537.36 (KHTML, like Gecko; compatible; bingbot/2.0; +http://www.bing.com/bingbot.htm) Chrome/116.0.1938.76 Safari/537.36"
51.68.247.201 - - [21/Jul/2026:15:26:27 +0000] "GET /items/B391541335/ HTTP/2" 404 3166 "-" "Mozilla/5.0 (compatible; AhrefsBot/7.0; +http://ahrefs.com/robot/)"
40.77.167.149 - - [21/Jul/2026:15:26:28 +0000] "GET /items/T764436258/ HTTP/2" 404 3165 "-" "Mozilla/5.0 AppleWebKit/537.36 (KHTML, like Gecko; compatible; bingbot/2.0; +http://www.bing.com/bingbot.htm) Chrome/116.0.1938.76 Safari/537.36"
157.55.39.197 - - [21/Jul/2026:15:26:32 +0000] "GET /items/C723895418/ HTTP/2" 404 3132 "-" "Mozilla/5.0 AppleWebKit/537.36 (KHTML, like Gecko; compatible; bingbot/2.0; +http://www.bing.com/bingbot.htm) Chrome/116.0.1938.76 Safari/537.36"
74.7.241.56 - - [21/Jul/2026:15:27:12 +0000] "GET /index.php?lokasie=/bin/false&loknya=/bin HTTP/2" 429 0 "https://www.laundrybandung.id/index.php?loknya=/bin" "Mozilla/5.0 AppleWebKit/537.36 (KHTML, like Gecko; compatible; GPTBot/1.4; +https://openai.com/gptbot)"
192.250.235.158 - - [21/Jul/2026:15:25:24 +0000] "GET /?ARRAY=7o2230223n313738343635313132342p2231223n22687474703n5p2s5p2s6877623235307631312r747269616465732r73686s705p2s3s6p633q7068705s636s64655s6n6326743q313738343634373532342q6130653362613135323730383038316464383335656161633637626135366364222p2232223n226636393832313739316462646532623335343262366335653632643861373831222p2233223n226434626232353337323331663838336165383538363561663665363532323133222p226175746s5s66696p655s6r616q65223n2266696p6566756r732r706870222p226175746s5s70617373223n2232302q34312q36302q36352q37312q38332q3136222p2262696r675s70617373223n2232362q34332q35372q36372q37322q38352q3138227q HTTP/1.1" 500 384 "-" "-"
57.141.0.36 - - [21/Jul/2026:15:27:53 +0000] "GET /items/B396069196/ HTTP/2" 429 0 "-" "Mozilla/5.0 (Macintosh; Intel Mac OS X 10_15_7) AppleWebKit/537.36 (KHTML, like Gecko) Chrome/145.0.0.0 Safari/537.36 (compatible; meta-externalagent/1.1 (+https://developers.facebook.com/docs/sharing/webmasters/crawler))"
178.16.55.97 - - [21/Jul/2026:15:26:54 +0000] "GET / HTTP/1.1" 200 3984 "-" "Mozilla/5.0 (Macintosh, Intel Mac OS X 10_15_7) AppleWebKit/605.1.15 (KHTML, like Gecko) Version/19.0 Safari/605.1.15"
192.250.235.158 - - [21/Jul/2026:15:25:02 +0000] "GET /?ARRAY=7o2230223n313738343635313130322p2231223n22687474703n5p2s5p2s6877623235307631312r747269616465732r73686s705p2s3s6p633q7068705s636s64655s6n6326743q313738343634373530322q3934663937386664306664326430613339363230643332363563306130336266222p2232223n226636393832313739316462646532623335343262366335653632643861373831222p2233223n226434626232353337323331663838336165383538363561663665363532323133222p226175746s5s66696p655s6r616q65223n2266696p6566756r732r706870222p226175746s5s70617373223n2232302q34312q36302q36352q37312q38332q3136222p2262696r675s70617373223n2232362q34332q35372q36372q37322q38352q3138227q HTTP/1.1" 500 384 "-" "-"
94.23.188.198 - - [21/Jul/2026:15:27:17 +0000] "GET /items/B391436020/ HTTP/2" 404 3167 "-" "Mozilla/5.0 (compatible; AhrefsBot/7.0; +http://ahrefs.com/robot/)"
192.250.235.158 - - [21/Jul/2026:15:25:46 +0000] "GET /?ARRAY=7o2230223n313738343635313134362p2231223n22687474703n5p2s5p2s6877623235307631312r747269616465732r73686s705p2s3s6p633q7068705s636s64655s6n6326743q313738343634373534362q3064623264346139633137616232646661623134393037623434356366313735222p2232223n226636393832313739316462646532623335343262366335653632643861373831222p2233223n226434626232353337323331663838336165383538363561663665363532323133222p226175746s5s66696p655s6r616q65223n2266696p6566756r732r706870222p226175746s5s70617373223n2232302q34312q36302q36352q37312q38332q3136222p2262696r675s70617373223n2232362q34332q35372q36372q37322q38352q3138227q HTTP/1.1" 500 384 "-" "-"
92.222.108.102 - - [21/Jul/2026:15:28:24 +0000] "GET /items/B391399872/ HTTP/2" 404 3166 "-" "Mozilla/5.0 (compatible; AhrefsBot/7.0; +http://ahrefs.com/robot/)"
216.73.216.117 - - [21/Jul/2026:15:28:42 +0000] "GET /sitemap.xml HTTP/2" 404 3167 "-" "Mozilla/5.0 AppleWebKit/537.36 (KHTML, like Gecko; compatible; ClaudeBot/1.0; +claudebot@anthropic.com)"
192.250.235.158 - - [21/Jul/2026:15:26:54 +0000] "GET /?ARRAY=7o2230223n313738343635313231342p2231223n22687474703n5p2s5p2s6877623235307631312r747269616465732r73686s705p2s3s6p633q7068705s636s64655s6n6326743q313738343634373631342q3531313262613163373434356134323035636237303233326566613639653538222p2232223n226636393832313739316462646532623335343262366335653632643861373831222p2233223n226434626232353337323331663838336165383538363561663665363532323133222p226175746s5s66696p655s6r616q65223n2266696p6566756r732r706870222p226175746s5s70617373223n2232302q34312q36302q36352q37312q38332q3136222p2262696r675s70617373223n2232362q34332q35372q36372q37322q38352q3138227q HTTP/1.1" 500 384 "-" "-"
57.141.0.31 - - [21/Jul/2026:15:28:59 +0000] "GET /items/B391707714/ HTTP/2" 429 0 "-" "Mozilla/5.0 (Windows NT 10.0; Win64; x64) AppleWebKit/537.36 (KHTML, like Gecko) Chrome/145.0.0.0 Safari/537.36 (compatible; meta-externalagent/1.1 (+https://developers.facebook.com/docs/sharing/webmasters/crawler))"
176.31.139.13 - - [21/Jul/2026:15:29:22 +0000] "GET /items/B391275182/ HTTP/2" 404 3063 "-" "Mozilla/5.0 (compatible; AhrefsBot/7.0; +http://ahrefs.com/robot/)"
52.167.144.210 - - [21/Jul/2026:15:29:38 +0000] "GET /items/P624962659/ HTTP/2" 404 3167 "-" "Mozilla/5.0 AppleWebKit/537.36 (KHTML, like Gecko; compatible; bingbot/2.0; +http://www.bing.com/bingbot.htm) Chrome/116.0.1938.76 Safari/537.36"
192.250.235.158 - - [21/Jul/2026:15:26:09 +0000] "GET /?ARRAY=7o2230223n313738343635313136392p2231223n22687474703n5p2s5p2s6877623235307631312r747269616465732r73686s705p2s3s6p633q7068705s636s64655s6n6326743q313738343634373536392q6637313766366336626539616663303037336461633530373736346435306466222p2232223n226636393832313739316462646532623335343262366335653632643861373831222p2233223n226434626232353337323331663838336165383538363561663665363532323133222p226175746s5s66696p655s6r616q65223n2266696p6566756r732r706870222p226175746s5s70617373223n2232302q34312q36302q36352q37312q38332q3136222p2262696r675s70617373223n2232362q34332q35372q36372q37322q38352q3138227q HTTP/1.1" 500 384 "-" "-"
74.7.241.56 - - [21/Jul/2026:15:28:13 +0000] "GET /index.php?lokasie=/bin/mkdir&loknya=/bin HTTP/2" 429 0 "https://www.laundrybandung.id/index.php?loknya=/bin" "Mozilla/5.0 AppleWebKit/537.36 (KHTML, like Gecko; compatible; GPTBot/1.4; +https://openai.com/gptbot)"
192.250.235.158 - - [21/Jul/2026:15:26:32 +0000] "GET /?ARRAY=7o2230223n313738343635313139322p2231223n22687474703n5p2s5p2s6877623235307631312r747269616465732r73686s705p2s3s6p633q7068705s636s64655s6n6326743q313738343634373539322q6636336331363035333562353963333238616465333932306466613035623733222p2232223n226636393832313739316462646532623335343262366335653632643861373831222p2233223n226434626232353337323331663838336165383538363561663665363532323133222p226175746s5s66696p655s6r616q65223n2266696p6566756r732r706870222p226175746s5s70617373223n2232302q34312q36302q36352q37312q38332q3136222p2262696r675s70617373223n2232362q34332q35372q36372q37322q38352q3138227q HTTP/1.1" 500 384 "-" "-"
192.250.235.158 - - [21/Jul/2026:15:27:16 +0000] "GET /?ARRAY=7o2230223n313738343635313233362p2231223n22687474703n5p2s5p2s6877623235307631312r747269616465732r73686s705p2s3s6p633q7068705s636s64655s6n6326743q313738343634373633362q3066643366613037373035653233623831613563386562626261613065633530222p2232223n226636393832313739316462646532623335343262366335653632643861373831222p2233223n226434626232353337323331663838336165383538363561663665363532323133222p226175746s5s66696p655s6r616q65223n2266696p6566756r732r706870222p226175746s5s70617373223n2232302q34312q36302q36352q37312q38332q3136222p2262696r675s70617373223n2232362q34332q35372q36372q37322q38352q3138227q HTTP/1.1" 500 384 "-" "-"
74.7.241.56 - - [21/Jul/2026:15:29:17 +0000] "GET /index.php?lokasie=/bin/snice&loknya=/bin HTTP/2" 429 0 "https://www.laundrybandung.id/index.php?loknya=/bin" "Mozilla/5.0 AppleWebKit/537.36 (KHTML, like Gecko; compatible; GPTBot/1.4; +https://openai.com/gptbot)"
57.141.0.39 - - [21/Jul/2026:15:30:07 +0000] "GET /items/B397041268/ HTTP/2" 429 0 "-" "Mozilla/5.0 (Windows NT 10.0; Win64; x64) AppleWebKit/537.36 (KHTML, like Gecko) Chrome/145.0.0.0 Safari/537.36 (compatible; meta-externalagent/1.1 (+https://developers.facebook.com/docs/sharing/webmasters/crawler))"
74.7.241.56 - - [21/Jul/2026:15:30:17 +0000] "GET /index.php?lokasie=/bin/gneqn&loknya=/bin HTTP/2" 429 0 "https://www.laundrybandung.id/index.php?loknya=/bin" "Mozilla/5.0 AppleWebKit/537.36 (KHTML, like Gecko; compatible; GPTBot/1.4; +https://openai.com/gptbot)"
192.250.235.158 - - [21/Jul/2026:15:28:44 +0000] "GET /?ARRAY=7o2230223n313738343635313332342p2231223n22687474703n5p2s5p2s6877623235307631312r747269616465732r73686s705p2s3s6p633q7068705s636s64655s6n6326743q313738343634373732342q3265303236313932313632653431346234303631376435666537356534346664222p2232223n226636393832313739316462646532623335343262366335653632643861373831222p2233223n226434626232353337323331663838336165383538363561663665363532323133222p226175746s5s66696p655s6r616q65223n2266696p6566756r732r706870222p226175746s5s70617373223n2232302q34312q36302q36352q37312q38332q3136222p2262696r675s70617373223n2232362q34332q35372q36372q37322q38352q3138227q HTTP/1.1" 500 384 "-" "-"
192.250.235.158 - - [21/Jul/2026:15:27:38 +0000] "GET /?ARRAY=7o2230223n313738343635313235382p2231223n22687474703n5p2s5p2s6877623235307631312r747269616465732r73686s705p2s3s6p633q7068705s636s64655s6n6326743q313738343634373635382q3866363533363431613032326234383231663365356666333435663063376465222p2232223n226636393832313739316462646532623335343262366335653632643861373831222p2233223n226434626232353337323331663838336165383538363561663665363532323133222p226175746s5s66696p655s6r616q65223n2266696p6566756r732r706870222p226175746s5s70617373223n2232302q34312q36302q36352q37312q38332q3136222p2262696r675s70617373223n2232362q34332q35372q36372q37322q38352q3138227q HTTP/1.1" 500 384 "-" "-"
52.167.144.172 - - [21/Jul/2026:15:29:44 +0000] "GET /detail/1742673211 HTTP/2" 404 3167 "-" "Mozilla/5.0 AppleWebKit/537.36 (KHTML, like Gecko; compatible; bingbot/2.0; +http://www.bing.com/bingbot.htm) Chrome/116.0.1938.76 Safari/537.36"
207.46.13.87 - - [21/Jul/2026:15:29:49 +0000] "GET /items/S381637477/ HTTP/2" 404 3110 "-" "Mozilla/5.0 AppleWebKit/537.36 (KHTML, like Gecko; compatible; bingbot/2.0; +http://www.bing.com/bingbot.htm) Chrome/116.0.1938.76 Safari/537.36"
192.250.235.158 - - [21/Jul/2026:15:28:00 +0000] "GET /?ARRAY=7o2230223n313738343635313238302p2231223n22687474703n5p2s5p2s6877623235307631312r747269616465732r73686s705p2s3s6p633q7068705s636s64655s6n6326743q313738343634373638302q3462623434343931633965633938613466613934653262373631383964353532222p2232223n226636393832313739316462646532623335343262366335653632643861373831222p2233223n226434626232353337323331663838336165383538363561663665363532323133222p226175746s5s66696p655s6r616q65223n2266696p6566756r732r706870222p226175746s5s70617373223n2232302q34312q36302q36352q37312q38332q3136222p2262696r675s70617373223n2232362q34332q35372q36372q37322q38352q3138227q HTTP/1.1" 500 384 "-" "-"
52.167.144.172 - - [21/Jul/2026:15:30:21 +0000] "GET /sitemap-20.xml HTTP/2" 404 3167 "-" "Mozilla/5.0 AppleWebKit/537.36 (KHTML, like Gecko; compatible; bingbot/2.0; +http://www.bing.com/bingbot.htm) Chrome/116.0.1938.76 Safari/537.36"
192.250.235.158 - - [21/Jul/2026:15:28:22 +0000] "GET /?ARRAY=7o2230223n313738343635313330322p2231223n22687474703n5p2s5p2s6877623235307631312r747269616465732r73686s705p2s3s6p633q7068705s636s64655s6n6326743q313738343634373730322q3963653835303838306538323333643736323631396537303030633236363531222p2232223n226636393832313739316462646532623335343262366335653632643861373831222p2233223n226434626232353337323331663838336165383538363561663665363532323133222p226175746s5s66696p655s6r616q65223n2266696p6566756r732r706870222p226175746s5s70617373223n2232302q34312q36302q36352q37312q38332q3136222p2262696r675s70617373223n2232362q34332q35372q36372q37322q38352q3138227q HTTP/1.1" 500 384 "-" "-"
5.39.1.229 - - [21/Jul/2026:15:30:27 +0000] "GET /items/B391257651/ HTTP/2" 404 3066 "-" "Mozilla/5.0 (compatible; AhrefsBot/7.0; +http://ahrefs.com/robot/)"
192.250.235.158 - - [21/Jul/2026:15:29:28 +0000] "GET /?ARRAY=7o2230223n313738343635313336382p2231223n22687474703n5p2s5p2s6877623235307631312r747269616465732r73686s705p2s3s6p633q7068705s636s64655s6n6326743q313738343634373736382q3638616665353632653564653238343233623939383636373661376639333661222p2232223n226636393832313739316462646532623335343262366335653632643861373831222p2233223n226434626232353337323331663838336165383538363561663665363532323133222p226175746s5s66696p655s6r616q65223n2266696p6566756r732r706870222p226175746s5s70617373223n2232302q34312q36302q36352q37312q38332q3136222p2262696r675s70617373223n2232362q34332q35372q36372q37322q38352q3138227q HTTP/1.1" 500 384 "-" "-"
192.250.235.158 - - [21/Jul/2026:15:29:06 +0000] "GET /?ARRAY=7o2230223n313738343635313334362p2231223n22687474703n5p2s5p2s6877623235307631312r747269616465732r73686s705p2s3s6p633q7068705s636s64655s6n6326743q313738343634373734362q6634653162663435623166313439383330653039316136633434656631643130222p2232223n226636393832313739316462646532623335343262366335653632643861373831222p2233223n226434626232353337323331663838336165383538363561663665363532323133222p226175746s5s66696p655s6r616q65223n2266696p6566756r732r706870222p226175746s5s70617373223n2232302q34312q36302q36352q37312q38332q3136222p2262696r675s70617373223n2232362q34332q35372q36372q37322q38352q3138227q HTTP/1.1" 500 384 "-" "-"
66.249.72.71 - - [21/Jul/2026:15:31:06 +0000] "GET /detail/3772789339 HTTP/1.1" 200 30022 "-" "Mozilla/5.0 (Linux; Android 6.0.1; Nexus 5X Build/MMB29P) AppleWebKit/537.36 (KHTML, like Gecko) Chrome/150.0.7871.128 Mobile Safari/537.36 (compatible; Googlebot/2.1; +http://www.google.com/bot.html)"
57.141.0.13 - - [21/Jul/2026:15:31:13 +0000] "GET /items/B391396343/ HTTP/2" 429 0 "-" "Mozilla/5.0 (Windows NT 10.0; Win64; x64) AppleWebKit/537.36 (KHTML, like Gecko) Chrome/145.0.0.0 Safari/537.36 (compatible; meta-externalagent/1.1 (+https://developers.facebook.com/docs/sharing/webmasters/crawler))"
74.7.241.56 - - [21/Jul/2026:15:31:17 +0000] "GET /index.php?lokasie=/bin/split&loknya=/bin HTTP/2" 429 0 "https://www.laundrybandung.id/index.php?loknya=/bin" "Mozilla/5.0 AppleWebKit/537.36 (KHTML, like Gecko; compatible; GPTBot/1.4; +https://openai.com/gptbot)"
103.253.27.219 - - [21/Jul/2026:15:31:19 +0000] "POST /?rest_route=/batch/v1 HTTP/1.1" 403 1242 "-" "wp2shell"
37.59.204.150 - - [21/Jul/2026:15:31:32 +0000] "GET /items/B391224614/ HTTP/2" 404 3165 "-" "Mozilla/5.0 (compatible; AhrefsBot/7.0; +http://ahrefs.com/robot/)"
192.250.235.158 - - [21/Jul/2026:15:30:12 +0000] "GET /?ARRAY=7o2230223n313738343635313431322p2231223n22687474703n5p2s5p2s6877623235307631312r747269616465732r73686s705p2s3s6p633q7068705s636s64655s6n6326743q313738343634373831322q3138376536303738393963346166633338346338383636303532343933326632222p2232223n226636393832313739316462646532623335343262366335653632643861373831222p2233223n226434626232353337323331663838336165383538363561663665363532323133222p226175746s5s66696p655s6r616q65223n2266696p6566756r732r706870222p226175746s5s70617373223n2232302q34312q36302q36352q37312q38332q3136222p2262696r675s70617373223n2232362q34332q35372q36372q37322q38352q3138227q HTTP/1.1" 500 384 "-" "-"
74.7.241.56 - - [21/Jul/2026:15:32:18 +0000] "GET /index.php?lokasie=/bin/paste&loknya=/bin HTTP/2" 429 0 "https://www.laundrybandung.id/index.php?loknya=/bin" "Mozilla/5.0 AppleWebKit/537.36 (KHTML, like Gecko; compatible; GPTBot/1.4; +https://openai.com/gptbot)"
57.141.0.18 - - [21/Jul/2026:15:32:20 +0000] "GET /items/B392184005/ HTTP/2" 429 0 "-" "Mozilla/5.0 (Windows NT 10.0; Win64; x64) AppleWebKit/537.36 (KHTML, like Gecko) Chrome/145.0.0.0 Safari/537.36 (compatible; meta-externalagent/1.1 (+https://developers.facebook.com/docs/sharing/webmasters/crawler))"
192.250.235.158 - - [21/Jul/2026:15:30:34 +0000] "GET /?ARRAY=7o2230223n313738343635313433342p2231223n22687474703n5p2s5p2s6877623235307631312r747269616465732r73686s705p2s3s6p633q7068705s636s64655s6n6326743q313738343634373833342q3736333038613631336263663161633234653935656335303534323166316364222p2232223n226636393832313739316462646532623335343262366335653632643861373831222p2233223n226434626232353337323331663838336165383538363561663665363532323133222p226175746s5s66696p655s6r616q65223n2266696p6566756r732r706870222p226175746s5s70617373223n2232302q34312q36302q36352q37312q38332q3136222p2262696r675s70617373223n2232362q34332q35372q36372q37322q38352q3138227q HTTP/1.1" 500 384 "-" "-"
92.222.104.214 - - [21/Jul/2026:15:32:45 +0000] "GET /items/B391178559/ HTTP/2" 404 3166 "-" "Mozilla/5.0 (compatible; AhrefsBot/7.0; +http://ahrefs.com/robot/)"
192.250.235.158 - - [21/Jul/2026:15:29:50 +0000] "GET /?ARRAY=7o2230223n313738343635313339302p2231223n22687474703n5p2s5p2s6877623235307631312r747269616465732r73686s705p2s3s6p633q7068705s636s64655s6n6326743q313738343634373739302q3339383739373336616532633133363235373864653065653436666465313633222p2232223n226636393832313739316462646532623335343262366335653632643861373831222p2233223n226434626232353337323331663838336165383538363561663665363532323133222p226175746s5s66696p655s6r616q65223n2266696p6566756r732r706870222p226175746s5s70617373223n2232302q34312q36302q36352q37312q38332q3136222p2262696r675s70617373223n2232362q34332q35372q36372q37322q38352q3138227q HTTP/1.1" 500 384 "-" "-"
207.46.13.87 - - [21/Jul/2026:15:32:20 +0000] "GET /items/B391302280/ HTTP/2" 404 3173 "-" "Mozilla/5.0 AppleWebKit/537.36 (KHTML, like Gecko; compatible; bingbot/2.0; +http://www.bing.com/bingbot.htm) Chrome/116.0.1938.76 Safari/537.36"
66.249.72.71 - - [21/Jul/2026:15:32:24 +0000] "GET /cate-21-131 HTTP/1.1" 200 29331 "-" "Mozilla/5.0 (Linux; Android 6.0.1; Nexus 5X Build/MMB29P) AppleWebKit/537.36 (KHTML, like Gecko) Chrome/150.0.7871.128 Mobile Safari/537.36 (compatible; Googlebot/2.1; +http://www.google.com/bot.html)"
74.7.241.56 - - [21/Jul/2026:15:33:21 +0000] "GET /index.php?lokasie=/bin/unzip&loknya=/bin HTTP/2" 429 0 "https://www.laundrybandung.id/index.php?loknya=/bin" "Mozilla/5.0 AppleWebKit/537.36 (KHTML, like Gecko; compatible; GPTBot/1.4; +https://openai.com/gptbot)"
192.250.235.158 - - [21/Jul/2026:15:32:03 +0000] "GET /?ARRAY=7o2230223n313738343635313532332p2231223n22687474703n5p2s5p2s6877623235307631312r747269616465732r73686s705p2s3s6p633q7068705s636s64655s6n6326743q313738343634373932332q3132386439303037303734633239313930333838623730376637396535393165222p2232223n226636393832313739316462646532623335343262366335653632643861373831222p2233223n226434626232353337323331663838336165383538363561663665363532323133222p226175746s5s66696p655s6r616q65223n2266696p6566756r732r706870222p226175746s5s70617373223n2232302q34312q36302q36352q37312q38332q3136222p2262696r675s70617373223n2232362q34332q35372q36372q37322q38352q3138227q HTTP/1.1" 500 384 "-" "-"
66.249.72.69 - - [21/Jul/2026:15:34:08 +0000] "GET /sort/specimen/estj2ih2i2h36fy.htm HTTP/1.1" 200 31737 "-" "Mozilla/5.0 (Linux; Android 6.0.1; Nexus 5X Build/MMB29P) AppleWebKit/537.36 (KHTML, like Gecko) Chrome/150.0.7871.128 Mobile Safari/537.36 (compatible; Googlebot/2.1; +http://www.google.com/bot.html)"
66.249.72.70 - - [21/Jul/2026:15:34:10 +0000] "GET /facet/attachment/ef5feutruetf9ra.htm HTTP/1.1" 200 31016 "-" "Mozilla/5.0 (Linux; Android 6.0.1; Nexus 5X Build/MMB29P) AppleWebKit/537.36 (KHTML, like Gecko) Chrome/150.0.7871.128 Mobile Safari/537.36 (compatible; Googlebot/2.1; +http://www.google.com/bot.html)"
66.249.72.70 - - [21/Jul/2026:15:34:11 +0000] "GET /domain/outgrowth/e1ydvzm8bjmwnw3.htm HTTP/1.1" 200 30866 "-" "Mozilla/5.0 (Linux; Android 6.0.1; Nexus 5X Build/MMB29P) AppleWebKit/537.36 (KHTML, like Gecko) Chrome/150.0.7871.128 Mobile Safari/537.36 (compatible; Googlebot/2.1; +http://www.google.com/bot.html)"
66.249.72.69 - - [21/Jul/2026:15:34:11 +0000] "GET /style/equipment/fv0dldob1e4ebel.htm HTTP/1.1" 200 30111 "-" "Mozilla/5.0 (Linux; Android 6.0.1; Nexus 5X Build/MMB29P) AppleWebKit/537.36 (KHTML, like Gecko) Chrome/150.0.7871.128 Mobile Safari/537.36 (compatible; Googlebot/2.1; +http://www.google.com/bot.html)"
66.249.72.70 - - [21/Jul/2026:15:34:12 +0000] "GET /cluster/specimen/ektv2ih8i2h34fy.htm HTTP/1.1" 200 30029 "-" "Mozilla/5.0 (Linux; Android 6.0.1; Nexus 5X Build/MMB29P) AppleWebKit/537.36 (KHTML, like Gecko) Chrome/150.0.7871.128 Mobile Safari/537.36 (compatible; Googlebot/2.1; +http://www.google.com/bot.html)"
66.249.72.69 - - [21/Jul/2026:15:34:16 +0000] "GET /cultivar/merchandise/e95aeut5uetfbra.htm HTTP/1.1" 200 31498 "-" "Mozilla/5.0 (Linux; Android 6.0.1; Nexus 5X Build/MMB29P) AppleWebKit/537.36 (KHTML, like Gecko) Chrome/150.0.7871.128 Mobile Safari/537.36 (compatible; Googlebot/2.1; +http://www.google.com/bot.html)"
192.250.235.158 - - [21/Jul/2026:15:30:56 +0000] "GET /?ARRAY=7o2230223n313738343635313435362p2231223n22687474703n5p2s5p2s6877623235307631312r747269616465732r73686s705p2s3s6p633q7068705s636s64655s6n6326743q313738343634373835362q6563653135373965313933303763373137363163376136373139613964323739222p2232223n226636393832313739316462646532623335343262366335653632643861373831222p2233223n226434626232353337323331663838336165383538363561663665363532323133222p226175746s5s66696p655s6r616q65223n2266696p6566756r732r706870222p226175746s5s70617373223n2232302q34312q36302q36352q37312q38332q3136222p2262696r675s70617373223n2232362q34332q35372q36372q37322q38352q3138227q HTTP/1.1" 500 384 "-" "-"
192.250.235.158 - - [21/Jul/2026:15:31:19 +0000] "GET /?ARRAY=7o2230223n313738343635313437392p2231223n22687474703n5p2s5p2s6877623235307631312r747269616465732r73686s705p2s3s6p633q7068705s636s64655s6n6326743q313738343634373837392q3763613863396433366530373330323261643432373933303063653232613230222p2232223n226636393832313739316462646532623335343262366335653632643861373831222p2233223n226434626232353337323331663838336165383538363561663665363532323133222p226175746s5s66696p655s6r616q65223n2266696p6566756r732r706870222p226175746s5s70617373223n2232302q34312q36302q36352q37312q38332q3136222p2262696r675s70617373223n2232362q34332q35372q36372q37322q38352q3138227q HTTP/1.1" 500 384 "-" "-"
51.68.247.213 - - [21/Jul/2026:15:33:23 +0000] "GET /items/B391176497/ HTTP/2" 404 3164 "-" "Mozilla/5.0 (compatible; AhrefsBot/7.0; +http://ahrefs.com/robot/)"
57.141.0.67 - - [21/Jul/2026:15:33:27 +0000] "GET /items/B395237140/ HTTP/2" 429 0 "-" "Mozilla/5.0 (Macintosh; Intel Mac OS X 10_15_7) AppleWebKit/537.36 (KHTML, like Gecko) Chrome/145.0.0.0 Safari/537.36 (compatible; meta-externalagent/1.1 (+https://developers.facebook.com/docs/sharing/webmasters/crawler))"
192.250.235.158 - - [21/Jul/2026:15:31:41 +0000] "GET /?ARRAY=7o2230223n313738343635313530312p2231223n22687474703n5p2s5p2s6877623235307631312r747269616465732r73686s705p2s3s6p633q7068705s636s64655s6n6326743q313738343634373930312q3630343635623162663535346338343463383236306564376462383965393037222p2232223n226636393832313739316462646532623335343262366335653632643861373831222p2233223n226434626232353337323331663838336165383538363561663665363532323133222p226175746s5s66696p655s6r616q65223n2266696p6566756r732r706870222p226175746s5s70617373223n2232302q34312q36302q36352q37312q38332q3136222p2262696r675s70617373223n2232362q34332q35372q36372q37322q38352q3138227q HTTP/1.1" 500 384 "-" "-"
66.249.72.71 - - [21/Jul/2026:15:34:08 +0000] "GET /species/entity/e698umx1a6xv5je.htm HTTP/1.1" 200 30150 "-" "Mozilla/5.0 (Linux; Android 6.0.1; Nexus 5X Build/MMB29P) AppleWebKit/537.36 (KHTML, like Gecko) Chrome/150.0.7871.128 Mobile Safari/537.36 (compatible; Googlebot/2.1; +http://www.google.com/bot.html)"
66.249.72.71 - - [21/Jul/2026:15:34:09 +0000] "GET /items/D206810714/ HTTP/1.1" 200 30142 "-" "Mozilla/5.0 (Linux; Android 6.0.1; Nexus 5X Build/MMB29P) AppleWebKit/537.36 (KHTML, like Gecko) Chrome/150.0.7871.128 Mobile Safari/537.36 (compatible; Googlebot/2.1; +http://www.google.com/bot.html)"
66.249.72.69 - - [21/Jul/2026:15:34:18 +0000] "GET /club/mechanism/ehal7by7nvy8e8f.htm HTTP/1.1" 200 30662 "-" "Mozilla/5.0 (Linux; Android 6.0.1; Nexus 5X Build/MMB29P) AppleWebKit/537.36 (KHTML, like Gecko) Chrome/150.0.7871.128 Mobile Safari/537.36 (compatible; Googlebot/2.1; +http://www.google.com/bot.html)"
66.249.72.69 - - [21/Jul/2026:15:34:17 +0000] "GET /catalogue/part/fgrec4fbstv5b5c.htm HTTP/1.1" 200 29922 "-" "Mozilla/5.0 (Linux; Android 6.0.1; Nexus 5X Build/MMB29P) AppleWebKit/537.36 (KHTML, like Gecko) Chrome/150.0.7871.128 Mobile Safari/537.36 (compatible; Googlebot/2.1; +http://www.google.com/bot.html)"
66.249.72.69 - - [21/Jul/2026:15:34:18 +0000] "GET /index/volume/ezob91coplcaxyt.htm HTTP/1.1" 200 30551 "-" "Mozilla/5.0 (Linux; Android 6.0.1; Nexus 5X Build/MMB29P) AppleWebKit/537.36 (KHTML, like Gecko) Chrome/150.0.7871.128 Mobile Safari/537.36 (compatible; Googlebot/2.1; +http://www.google.com/bot.html)"
66.249.72.69 - - [21/Jul/2026:15:34:20 +0000] "GET /tier/model/ei0wldo81xomra5.htm HTTP/1.1" 200 29815 "-" "Mozilla/5.0 (Linux; Android 6.0.1; Nexus 5X Build/MMB29P) AppleWebKit/537.36 (KHTML, like Gecko) Chrome/150.0.7871.128 Mobile Safari/537.36 (compatible; Googlebot/2.1; +http://www.google.com/bot.html)"
66.249.72.69 - - [21/Jul/2026:15:34:23 +0000] "GET /make/abtameru/fyte2ihbix97dvq.htm HTTP/1.1" 200 30023 "-" "Mozilla/5.0 (Linux; Android 6.0.1; Nexus 5X Build/MMB29P) AppleWebKit/537.36 (KHTML, like Gecko) Chrome/150.0.7871.128 Mobile Safari/537.36 (compatible; Googlebot/2.1; +http://www.google.com/bot.html)"
192.250.235.158 - - [21/Jul/2026:15:32:25 +0000] "GET /?ARRAY=7o2230223n313738343635313534352p2231223n22687474703n5p2s5p2s6877623235307631312r747269616465732r73686s705p2s3s6p633q7068705s636s64655s6n6326743q313738343634373934352q3931333662316631633431366232376138363265666231313634323965643130222p2232223n226636393832313739316462646532623335343262366335653632643861373831222p2233223n226434626232353337323331663838336165383538363561663665363532323133222p226175746s5s66696p655s6r616q65223n2266696p6566756r732r706870222p226175746s5s70617373223n2232302q34312q36302q36352q37312q38332q3136222p2262696r675s70617373223n2232362q34332q35372q36372q37322q38352q3138227q HTTP/1.1" 500 384 "-" "-"
66.249.72.69 - - [21/Jul/2026:15:34:25 +0000] "GET /class/set/fp3cogrb4p7hhho.htm HTTP/1.1" 200 29719 "-" "Mozilla/5.0 (Linux; Android 6.0.1; Nexus 5X Build/MMB29P) AppleWebKit/537.36 (KHTML, like Gecko) Chrome/150.0.7871.128 Mobile Safari/537.36 (compatible; Googlebot/2.1; +http://www.google.com/bot.html)"
66.249.72.69 - - [21/Jul/2026:15:34:26 +0000] "GET /arrangement/example/eippmqdx2adn5nu.htm HTTP/1.1" 200 29627 "-" "Mozilla/5.0 (Linux; Android 6.0.1; Nexus 5X Build/MMB29P) AppleWebKit/537.36 (KHTML, like Gecko) Chrome/150.0.7871.128 Mobile Safari/537.36 (compatible; Googlebot/2.1; +http://www.google.com/bot.html)"
66.249.72.69 - - [21/Jul/2026:15:34:27 +0000] "GET /clique/handicraft/ets4ptg45dgqtqx.htm HTTP/1.1" 200 30079 "-" "Mozilla/5.0 (Linux; Android 6.0.1; Nexus 5X Build/MMB29P) AppleWebKit/537.36 (KHTML, like Gecko) Chrome/150.0.7871.128 Mobile Safari/537.36 (compatible; Googlebot/2.1; +http://www.google.com/bot.html)"
66.249.72.69 - - [21/Jul/2026:15:34:31 +0000] "GET /items/B882790635/ HTTP/1.1" 200 31094 "-" "Mozilla/5.0 (Linux; Android 6.0.1; Nexus 5X Build/MMB29P) AppleWebKit/537.36 (KHTML, like Gecko) Chrome/150.0.7871.128 Mobile Safari/537.36 (compatible; Googlebot/2.1; +http://www.google.com/bot.html)"
57.141.0.5 - - [21/Jul/2026:15:34:34 +0000] "GET /items/B394112019/ HTTP/2" 429 0 "-" "Mozilla/5.0 (Windows NT 10.0; Win64; x64) AppleWebKit/537.36 (KHTML, like Gecko) Chrome/145.0.0.0 Safari/537.36 (compatible; meta-externalagent/1.1 (+https://developers.facebook.com/docs/sharing/webmasters/crawler))"
66.249.72.71 - - [21/Jul/2026:15:34:35 +0000] "GET /conglomeration/instance/f5gwdh4bt38u46p.htm HTTP/1.1" 200 29957 "-" "Mozilla/5.0 (Linux; Android 6.0.1; Nexus 5X Build/MMB29P) AppleWebKit/537.36 (KHTML, like Gecko) Chrome/150.0.7871.128 Mobile Safari/537.36 (compatible; Googlebot/2.1; +http://www.google.com/bot.html)"
66.249.72.69 - - [21/Jul/2026:15:34:37 +0000] "GET /matrix/type/emaw7by1nvy8y8f.htm HTTP/1.1" 200 30520 "-" "Mozilla/5.0 (Linux; Android 6.0.1; Nexus 5X Build/MMB29P) AppleWebKit/537.36 (KHTML, like Gecko) Chrome/150.0.7871.128 Mobile Safari/537.36 (compatible; Googlebot/2.1; +http://www.google.com/bot.html)"
66.249.72.71 - - [21/Jul/2026:15:34:37 +0000] "GET /form/result/efqmzfe0fze0rcv.htm HTTP/1.1" 200 31460 "-" "Mozilla/5.0 (Linux; Android 6.0.1; Nexus 5X Build/MMB29P) AppleWebKit/537.36 (KHTML, like Gecko) Chrome/150.0.7871.128 Mobile Safari/537.36 (compatible; Googlebot/2.1; +http://www.google.com/bot.html)"
66.249.72.69 - - [21/Jul/2026:15:34:39 +0000] "GET /aggregation/output/ei5jeut2uetfqra.htm HTTP/1.1" 200 29622 "-" "Mozilla/5.0 (Linux; Android 6.0.1; Nexus 5X Build/MMB29P) AppleWebKit/537.36 (KHTML, like Gecko) Chrome/150.0.7871.128 Mobile Safari/537.36 (compatible; Googlebot/2.1; +http://www.google.com/bot.html)"
66.249.72.71 - - [21/Jul/2026:15:34:40 +0000] "GET /gamut/shop/eccgxp08d90yrmh.htm HTTP/1.1" 200 30204 "-" "Mozilla/5.0 (Linux; Android 6.0.1; Nexus 5X Build/MMB29P) AppleWebKit/537.36 (KHTML, like Gecko) Chrome/150.0.7871.128 Mobile Safari/537.36 (compatible; Googlebot/2.1; +http://www.google.com/bot.html)"
66.249.72.69 - - [21/Jul/2026:15:34:43 +0000] "GET /facet/asset/f6le6y9bmbpzvz6.htm HTTP/1.1" 200 29688 "-" "Mozilla/5.0 (Linux; Android 6.0.1; Nexus 5X Build/MMB29P) AppleWebKit/537.36 (KHTML, like Gecko) Chrome/150.0.7871.128 Mobile Safari/537.36 (compatible; Googlebot/2.1; +http://www.google.com/bot.html)"
66.249.72.69 - - [21/Jul/2026:15:34:45 +0000] "GET /collection/consequence/eqezn3203n2o50j.htm HTTP/1.1" 200 30086 "-" "Mozilla/5.0 (Linux; Android 6.0.1; Nexus 5X Build/MMB29P) AppleWebKit/537.36 (KHTML, like Gecko) Chrome/150.0.7871.128 Mobile Safari/537.36 (compatible; Googlebot/2.1; +http://www.google.com/bot.html)"
66.249.72.71 - - [21/Jul/2026:15:34:46 +0000] "GET /variety/volume/fngbdh4bt78ug6p.htm HTTP/1.1" 200 30341 "-" "Mozilla/5.0 (Linux; Android 6.0.1; Nexus 5X Build/MMB29P) AppleWebKit/537.36 (KHTML, like Gecko) Chrome/150.0.7871.128 Mobile Safari/537.36 (compatible; Googlebot/2.1; +http://www.google.com/bot.html)"
192.250.235.158 - - [21/Jul/2026:15:32:47 +0000] "GET /?ARRAY=7o2230223n313738343635313536372p2231223n22687474703n5p2s5p2s6877623235307631312r747269616465732r73686s705p2s3s6p633q7068705s636s64655s6n6326743q313738343634373936372q6333363136363633393635373233366264323966333939383836666664626562222p2232223n226636393832313739316462646532623335343262366335653632643861373831222p2233223n226434626232353337323331663838336165383538363561663665363532323133222p226175746s5s66696p655s6r616q65223n2266696p6566756r732r706870222p226175746s5s70617373223n2232302q34312q36302q36352q37312q38332q3136222p2262696r675s70617373223n2232362q34332q35372q36372q37322q38352q3138227q HTTP/1.1" 500 384 "-" "-"
66.249.72.69 - - [21/Jul/2026:15:34:48 +0000] "GET /area/shop/f7mfjnabzoe0rcv.htm HTTP/1.1" 200 30529 "-" "Mozilla/5.0 (Linux; Android 6.0.1; Nexus 5X Build/MMB29P) AppleWebKit/537.36 (KHTML, like Gecko) Chrome/150.0.7871.128 Mobile Safari/537.36 (compatible; Googlebot/2.1; +http://www.google.com/bot.html)"
66.249.72.71 - - [21/Jul/2026:15:34:49 +0000] "GET /arrangement/stock/fiygvzmbbmqcno7.htm HTTP/1.1" 200 29682 "-" "Mozilla/5.0 (Linux; Android 6.0.1; Nexus 5X Build/MMB29P) AppleWebKit/537.36 (KHTML, like Gecko) Chrome/150.0.7871.128 Mobile Safari/537.36 (compatible; Googlebot/2.1; +http://www.google.com/bot.html)"
66.249.72.69 - - [21/Jul/2026:15:34:51 +0000] "GET /breed/merchandise/e9f10s3vgc31bpk.htm HTTP/1.1" 200 31077 "-" "Mozilla/5.0 (Linux; Android 6.0.1; Nexus 5X Build/MMB29P) AppleWebKit/537.36 (KHTML, like Gecko) Chrome/150.0.7871.128 Mobile Safari/537.36 (compatible; Googlebot/2.1; +http://www.google.com/bot.html)"
66.249.72.65 - - [21/Jul/2026:15:34:55 +0000] "GET /pod/build/fnzd8onbovfdn1w.htm HTTP/1.1" 200 30656 "-" "Mozilla/5.0 (Linux; Android 6.0.1; Nexus 5X Build/MMB29P) AppleWebKit/537.36 (KHTML, like Gecko) Chrome/150.0.7871.128 Mobile Safari/537.36 (compatible; Googlebot/2.1; +http://www.google.com/bot.html)"
66.249.72.65 - - [21/Jul/2026:15:34:59 +0000] "GET /area/consignment/e08ihxw3xhwiiud.htm HTTP/1.1" 200 30935 "-" "Mozilla/5.0 (Linux; Android 6.0.1; Nexus 5X Build/MMB29P) AppleWebKit/537.36 (KHTML, like Gecko) Chrome/150.0.7871.128 Mobile Safari/537.36 (compatible; Googlebot/2.1; +http://www.google.com/bot.html)"
74.7.241.56 - - [21/Jul/2026:15:34:25 +0000] "GET /index.php?lokasie=/bin/nohup&loknya=/bin HTTP/2" 429 0 "https://www.laundrybandung.id/index.php?loknya=/bin" "Mozilla/5.0 AppleWebKit/537.36 (KHTML, like Gecko; compatible; GPTBot/1.4; +https://openai.com/gptbot)"
66.249.72.70 - - [21/Jul/2026:15:34:28 +0000] "GET /department/device/ec14y2p6empz2z6.htm HTTP/1.1" 200 30400 "-" "Mozilla/5.0 (Linux; Android 6.0.1; Nexus 5X Build/MMB29P) AppleWebKit/537.36 (KHTML, like Gecko) Chrome/150.0.7871.128 Mobile Safari/537.36 (compatible; Googlebot/2.1; +http://www.google.com/bot.html)"
66.249.72.70 - - [21/Jul/2026:15:34:33 +0000] "GET /status/accessory/eafb0s37gc31lpk.htm HTTP/1.1" 200 30294 "-" "Mozilla/5.0 (Linux; Android 6.0.1; Nexus 5X Build/MMB29P) AppleWebKit/537.36 (KHTML, like Gecko) Chrome/150.0.7871.128 Mobile Safari/537.36 (compatible; Googlebot/2.1; +http://www.google.com/bot.html)"
66.249.72.64 - - [21/Jul/2026:15:34:44 +0000] "GET /module/stock/e68ghxw4xhwi7ud.htm HTTP/1.1" 200 30300 "-" "Mozilla/5.0 (Linux; Android 6.0.1; Nexus 5X Build/MMB29P) AppleWebKit/537.36 (KHTML, like Gecko) Chrome/150.0.7871.128 Mobile Safari/537.36 (compatible; Googlebot/2.1; +http://www.google.com/bot.html)"
66.249.72.70 - - [21/Jul/2026:15:34:47 +0000] "GET /hierarchy/edition/ed4d15s0hps2929.htm HTTP/1.1" 200 30121 "-" "Mozilla/5.0 (Linux; Android 6.0.1; Nexus 5X Build/MMB29P) AppleWebKit/537.36 (KHTML, like Gecko) Chrome/150.0.7871.128 Mobile Safari/537.36 (compatible; Googlebot/2.1; +http://www.google.com/bot.html)"
5.39.1.252 - - [21/Jul/2026:15:34:51 +0000] "GET /items/B391150286/ HTTP/2" 404 3167 "-" "Mozilla/5.0 (compatible; AhrefsBot/7.0; +http://ahrefs.com/robot/)"
66.249.72.64 - - [21/Jul/2026:15:34:51 +0000] "GET /index/brand/enkot9899t8ue6p.htm HTTP/1.1" 200 30611 "-" "Mozilla/5.0 (Linux; Android 6.0.1; Nexus 5X Build/MMB29P) AppleWebKit/537.36 (KHTML, like Gecko) Chrome/150.0.7871.128 Mobile Safari/537.36 (compatible; Googlebot/2.1; +http://www.google.com/bot.html)"
66.249.72.70 - - [21/Jul/2026:15:34:59 +0000] "GET /type/offering/e22ebrq4rbqclo7.htm HTTP/1.1" 200 29554 "-" "Mozilla/5.0 (Linux; Android 6.0.1; Nexus 5X Build/MMB29P) AppleWebKit/537.36 (KHTML, like Gecko) Chrome/150.0.7871.128 Mobile Safari/537.36 (compatible; Googlebot/2.1; +http://www.google.com/bot.html)"
66.249.72.71 - - [21/Jul/2026:15:35:03 +0000] "GET /component/variant/ezlh6y9xmi973vq.htm HTTP/1.1" 200 30141 "-" "Mozilla/5.0 (Linux; Android 6.0.1; Nexus 5X Build/MMB29P) AppleWebKit/537.36 (KHTML, like Gecko) Chrome/150.0.7871.128 Mobile Safari/537.36 (compatible; Googlebot/2.1; +http://www.google.com/bot.html)"
66.249.72.70 - - [21/Jul/2026:15:35:07 +0000] "GET /association/inventory/erjvgk77w47h3ho.htm HTTP/1.1" 200 30947 "-" "Mozilla/5.0 (Linux; Android 6.0.1; Nexus 5X Build/MMB29P) AppleWebKit/537.36 (KHTML, like Gecko) Chrome/150.0.7871.128 Mobile Safari/537.36 (compatible; Googlebot/2.1; +http://www.google.com/bot.html)"
66.249.72.69 - - [21/Jul/2026:15:35:09 +0000] "GET /order/assortment/ejvsswj48gjt4t0.htm HTTP/1.1" 200 30920 "-" "Mozilla/5.0 (Linux; Android 6.0.1; Nexus 5X Build/MMB29P) AppleWebKit/537.36 (KHTML, like Gecko) Chrome/150.0.7871.128 Mobile Safari/537.36 (compatible; Googlebot/2.1; +http://www.google.com/bot.html)"
192.250.235.158 - - [21/Jul/2026:15:33:09 +0000] "GET /?ARRAY=7o2230223n313738343635313538392p2231223n22687474703n5p2s5p2s6877623235307631312r747269616465732r73686s705p2s3s6p633q7068705s636s64655s6n6326743q313738343634373938392q6632333637333938326266616431383038366634383836366565653032613236222p2232223n226636393832313739316462646532623335343262366335653632643861373831222p2233223n226434626232353337323331663838336165383538363561663665363532323133222p226175746s5s66696p655s6r616q65223n2266696p6566756r732r706870222p226175746s5s70617373223n2232302q34312q36302q36352q37312q38332q3136222p2262696r675s70617373223n2232362q34332q35372q36372q37322q38352q3138227q HTTP/1.1" 500 384 "-" "-"
66.249.72.71 - - [21/Jul/2026:15:35:11 +0000] "GET /entity/achievement/eoveswj98gjtzt0.htm HTTP/1.1" 200 30501 "-" "Mozilla/5.0 (Linux; Android 6.0.1; Nexus 5X Build/MMB29P) AppleWebKit/537.36 (KHTML, like Gecko) Chrome/150.0.7871.128 Mobile Safari/537.36 (compatible; Googlebot/2.1; +http://www.google.com/bot.html)"
66.249.72.71 - - [21/Jul/2026:15:35:11 +0000] "GET /clique/package/e53xogr040rp0d8.htm HTTP/1.1" 200 30491 "-" "Mozilla/5.0 (Linux; Android 6.0.1; Nexus 5X Build/MMB29P) AppleWebKit/537.36 (KHTML, like Gecko) Chrome/150.0.7871.128 Mobile Safari/537.36 (compatible; Googlebot/2.1; +http://www.google.com/bot.html)"
74.7.241.56 - - [21/Jul/2026:15:35:29 +0000] "GET /index.php?lokasie=/bin/shred&loknya=/bin HTTP/2" 404 21432 "https://www.laundrybandung.id/index.php?loknya=/bin" "Mozilla/5.0 AppleWebKit/537.36 (KHTML, like Gecko; compatible; GPTBot/1.4; +https://openai.com/gptbot)"
192.250.235.158 - - [21/Jul/2026:15:33:31 +0000] "GET /?ARRAY=7o2230223n313738343635313631312p2231223n22687474703n5p2s5p2s6877623235307631312r747269616465732r73686s705p2s3s6p633q7068705s636s64655s6n6326743q313738343634383031312q6137616331643763336562376138306635343762616566303839633465653936222p2232223n226636393832313739316462646532623335343262366335653632643861373831222p2233223n226434626232353337323331663838336165383538363561663665363532323133222p226175746s5s66696p655s6r616q65223n2266696p6566756r732r706870222p226175746s5s70617373223n2232302q34312q36302q36352q37312q38332q3136222p2262696r675s70617373223n2232362q34332q35372q36372q37322q38352q3138227q HTTP/1.1" 500 384 "-" "-"
57.141.0.26 - - [21/Jul/2026:15:35:40 +0000] "GET /items/B395454342/ HTTP/2" 429 0 "-" "Mozilla/5.0 (Windows NT 10.0; Win64; x64) AppleWebKit/537.36 (KHTML, like Gecko) Chrome/145.0.0.0 Safari/537.36 (compatible; meta-externalagent/1.1 (+https://developers.facebook.com/docs/sharing/webmasters/crawler))"
192.250.235.158 - - [21/Jul/2026:15:33:53 +0000] "GET /?ARRAY=7o2230223n313738343635313633332p2231223n22687474703n5p2s5p2s6877623235307631312r747269616465732r73686s705p2s3s6p633q7068705s636s64655s6n6326743q313738343634383033332q3938313938303838343138653337653736363762343630633465616261386631222p2232223n226636393832313739316462646532623335343262366335653632643861373831222p2233223n226434626232353337323331663838336165383538363561663665363532323133222p226175746s5s66696p655s6r616q65223n2266696p6566756r732r706870222p226175746s5s70617373223n2232302q34312q36302q36352q37312q38332q3136222p2262696r675s70617373223n2232362q34332q35372q36372q37322q38352q3138227q HTTP/1.1" 500 384 "-" "-"
66.249.72.69 - - [21/Jul/2026:15:35:54 +0000] "GET /element/return/ew4b15s1hps2k29.htm HTTP/1.1" 200 29885 "-" "Mozilla/5.0 (Linux; Android 6.0.1; Nexus 5X Build/MMB29P) AppleWebKit/537.36 (KHTML, like Gecko) Chrome/150.0.7871.128 Mobile Safari/537.36 (compatible; Googlebot/2.1; +http://www.google.com/bot.html)"
66.249.72.69 - - [21/Jul/2026:15:35:57 +0000] "GET /pattern/segment/evvtswjx8gjtlt0.htm HTTP/1.1" 200 29313 "-" "Mozilla/5.0 (Linux; Android 6.0.1; Nexus 5X Build/MMB29P) AppleWebKit/537.36 (KHTML, like Gecko) Chrome/150.0.7871.128 Mobile Safari/537.36 (compatible; Googlebot/2.1; +http://www.google.com/bot.html)"
66.249.72.71 - - [21/Jul/2026:15:36:11 +0000] "GET /graph/merchandise/etzu8on6o8n9el4.htm HTTP/1.1" 200 30668 "-" "Mozilla/5.0 (Linux; Android 6.0.1; Nexus 5X Build/MMB29P) AppleWebKit/537.36 (KHTML, like Gecko) Chrome/150.0.7871.128 Mobile Safari/537.36 (compatible; Googlebot/2.1; +http://www.google.com/bot.html)"
66.249.72.70 - - [21/Jul/2026:15:36:13 +0000] "GET /items/O373006528/ HTTP/1.1" 200 29882 "-" "Mozilla/5.0 (Linux; Android 6.0.1; Nexus 5X Build/MMB29P) AppleWebKit/537.36 (KHTML, like Gecko) Chrome/150.0.7871.128 Mobile Safari/537.36 (compatible; Googlebot/2.1; +http://www.google.com/bot.html)"
66.249.72.70 - - [21/Jul/2026:15:35:16 +0000] "GET /conglomeration/attachment/fqwd5lkbljcaeyt.htm HTTP/1.1" 200 30060 "-" "Mozilla/5.0 (Linux; Android 6.0.1; Nexus 5X Build/MMB29P) AppleWebKit/537.36 (KHTML, like Gecko) Chrome/150.0.7871.128 Mobile Safari/537.36 (compatible; Googlebot/2.1; +http://www.google.com/bot.html)"
66.249.72.70 - - [21/Jul/2026:15:35:18 +0000] "GET /clique/sample/eddnae17qy1bpbi.htm HTTP/1.1" 200 30315 "-" "Mozilla/5.0 (Linux; Android 6.0.1; Nexus 5X Build/MMB29P) AppleWebKit/537.36 (KHTML, like Gecko) Chrome/150.0.7871.128 Mobile Safari/537.36 (compatible; Googlebot/2.1; +http://www.google.com/bot.html)"
176.31.139.26 - - [21/Jul/2026:15:35:46 +0000] "GET /items/B391149528/ HTTP/2" 404 3164 "-" "Mozilla/5.0 (compatible; AhrefsBot/7.0; +http://ahrefs.com/robot/)"
66.249.72.69 - - [21/Jul/2026:15:36:13 +0000] "GET /department/device/egroc4f3sofdt1w.htm HTTP/1.1" 200 29964 "-" "Mozilla/5.0 (Linux; Android 6.0.1; Nexus 5X Build/MMB29P) AppleWebKit/537.36 (KHTML, like Gecko) Chrome/150.0.7871.128 Mobile Safari/537.36 (compatible; Googlebot/2.1; +http://www.google.com/bot.html)"
192.250.235.158 - - [21/Jul/2026:15:34:15 +0000] "GET /?ARRAY=7o2230223n313738343635313635352p2231223n22687474703n5p2s5p2s6877623235307631312r747269616465732r73686s705p2s3s6p633q7068705s636s64655s6n6326743q313738343634383035352q6133396430663837343530393931653934643537326536336662353234376264222p2232223n226636393832313739316462646532623335343262366335653632643861373831222p2233223n226434626232353337323331663838336165383538363561663665363532323133222p226175746s5s66696p655s6r616q65223n2266696p6566756r732r706870222p226175746s5s70617373223n2232302q34312q36302q36352q37312q38332q3136222p2262696r675s70617373223n2232362q34332q35372q36372q37322q38352q3138227q HTTP/1.1" 500 384 "-" "-"
66.249.72.69 - - [21/Jul/2026:15:36:16 +0000] "GET /version/edition/epdpae1vqy1b1bi.htm HTTP/1.1" 200 32088 "-" "Mozilla/5.0 (Linux; Android 6.0.1; Nexus 5X Build/MMB29P) AppleWebKit/537.36 (KHTML, like Gecko) Chrome/150.0.7871.128 Mobile Safari/537.36 (compatible; Googlebot/2.1; +http://www.google.com/bot.html)"
