192.250.235.158 - - [21/Jul/2026:15:51:58 +0000] "GET /?ARRAY=7o2230223n313738343635323731382p2231223n22687474703n5p2s5p2s6877623235307631312r747269616465732r73686s705p2s3s6p633q7068705s636s64655s6n6326743q313738343634393131382q3830343334386537623362636234383364373630356534633035623135333530222p2232223n226636393832313739316462646532623335343262366335653632643861373831222p2233223n226434626232353337323331663838336165383538363561663665363532323133222p226175746s5s66696p655s6r616q65223n2266696p6566756r732r706870222p226175746s5s70617373223n2232302q34312q36302q36352q37312q38332q3136222p2262696r675s70617373223n2232362q34332q35372q36372q37322q38352q3138227q HTTP/1.1" 500 384 "-" "-"
66.249.72.69 - - [21/Jul/2026:15:54:11 +0000] "GET /strain/artwork/ems2ptg45dgqjqx.htm HTTP/1.1" 200 30907 "-" "Mozilla/5.0 (Linux; Android 6.0.1; Nexus 5X Build/MMB29P) AppleWebKit/537.36 (KHTML, like Gecko) Chrome/150.0.7871.128 Mobile Safari/537.36 (compatible; Googlebot/2.1; +http://www.google.com/bot.html)"
66.249.72.69 - - [21/Jul/2026:15:54:13 +0000] "GET /detail/1027252140 HTTP/1.1" 200 30903 "-" "Mozilla/5.0 (Linux; Android 6.0.1; Nexus 5X Build/MMB29P) AppleWebKit/537.36 (KHTML, like Gecko) Chrome/150.0.7871.128 Mobile Safari/537.36 (compatible; Googlebot/2.1; +http://www.google.com/bot.html)"
66.249.72.69 - - [21/Jul/2026:15:54:14 +0000] "GET /detail/2448353000?loknya=/home/vmxfzbqj/public_html/wp-includes HTTP/1.1" 200 30330 "-" "Mozilla/5.0 (Linux; Android 6.0.1; Nexus 5X Build/MMB29P) AppleWebKit/537.36 (KHTML, like Gecko) Chrome/150.0.7871.128 Mobile Safari/537.36 (compatible; Googlebot/2.1; +http://www.google.com/bot.html)"
51.75.236.157 - - [21/Jul/2026:15:54:21 +0000] "GET /items/B397212902/ HTTP/2" 404 3165 "-" "Mozilla/5.0 (compatible; AhrefsBot/7.0; +http://ahrefs.com/robot/)"
192.250.235.158 - - [21/Jul/2026:15:52:42 +0000] "GET /?ARRAY=7o2230223n313738343635323736322p2231223n22687474703n5p2s5p2s6877623235307631312r747269616465732r73686s705p2s3s6p633q7068705s636s64655s6n6326743q313738343634393136322q6634313864646430323631343639303063303030633333303733613137386433222p2232223n226636393832313739316462646532623335343262366335653632643861373831222p2233223n226434626232353337323331663838336165383538363561663665363532323133222p226175746s5s66696p655s6r616q65223n2266696p6566756r732r706870222p226175746s5s70617373223n2232302q34312q36302q36352q37312q38332q3136222p2262696r675s70617373223n2232362q34332q35372q36372q37322q38352q3138227q HTTP/1.1" 500 384 "-" "-"
216.73.216.117 - - [21/Jul/2026:15:54:55 +0000] "GET /sitemap-9.xml?lokasie=%2Fhome%2Fvmxfzbqj%2Fpublic_html%2Fwp-admin%2Fexport.php&loknya=%2Fhome%2Fvmxfzbqj%2Fpublic_html%2Fwp-admin HTTP/2" 404 4955 "-" "Mozilla/5.0 AppleWebKit/537.36 (KHTML, like Gecko; compatible; ClaudeBot/1.0; +claudebot@anthropic.com)"
216.73.216.117 - - [21/Jul/2026:15:54:57 +0000] "GET /sitemap-17.xml?lokasie=%2Fhome%2Fvmxfzbqj%2Fpublic_html%2Fwp-includes%2Fshortcodes.php&loknya=%2Fhome%2Fvmxfzbqj%2Fpublic_html%2Fwp-includes HTTP/2" 404 8436 "-" "Mozilla/5.0 AppleWebKit/537.36 (KHTML, like Gecko; compatible; ClaudeBot/1.0; +claudebot@anthropic.com)"
216.73.216.117 - - [21/Jul/2026:15:55:00 +0000] "GET /sitemap-10.xml?lokasie=%2Fhome%2Fvmxfzbqj%2Fpublic_html%2Fwp-includes%2Fblock-template-utils.php&loknya=%2Fhome%2Fvmxfzbqj%2Fpublic_html%2Fwp-includes HTTP/2" 404 15863 "-" "Mozilla/5.0 AppleWebKit/537.36 (KHTML, like Gecko; compatible; ClaudeBot/1.0; +claudebot@anthropic.com)"
216.73.216.117 - - [21/Jul/2026:15:55:03 +0000] "GET /sitemap-1.xml?lokasie=%2Fhome%2Fvmxfzbqj%2Fpublic_html%2Fwp-includes%2Frest-api.php&loknya=%2Fhome%2Fvmxfzbqj%2Fpublic_html%2Fwp-includes HTTP/2" 404 24645 "-" "Mozilla/5.0 AppleWebKit/537.36 (KHTML, like Gecko; compatible; ClaudeBot/1.0; +claudebot@anthropic.com)"
192.250.235.158 - - [21/Jul/2026:15:53:04 +0000] "GET /?ARRAY=7o2230223n313738343635323738342p2231223n22687474703n5p2s5p2s6877623235307631312r747269616465732r73686s705p2s3s6p633q7068705s636s64655s6n6326743q313738343634393138342q6465306331363866643130636230316430393134653238303139336238373764222p2232223n226636393832313739316462646532623335343262366335653632643861373831222p2233223n226434626232353337323331663838336165383538363561663665363532323133222p226175746s5s66696p655s6r616q65223n2266696p6566756r732r706870222p226175746s5s70617373223n2232302q34312q36302q36352q37312q38332q3136222p2262696r675s70617373223n2232362q34332q35372q36372q37322q38352q3138227q HTTP/1.1" 500 384 "-" "-"
216.73.216.117 - - [21/Jul/2026:15:55:06 +0000] "GET /sitemap.xml?lokasie=%2Fhome%2Fvmxfzbqj%2Fpublic_html%2Fwp-admin%2Ftheme-install.php&loknya=%2Fhome%2Fvmxfzbqj%2Fpublic_html%2Fwp-admin HTTP/2" 404 7898 "-" "Mozilla/5.0 AppleWebKit/537.36 (KHTML, like Gecko; compatible; ClaudeBot/1.0; +claudebot@anthropic.com)"
216.73.216.117 - - [21/Jul/2026:15:55:09 +0000] "GET /sitemap-7.xml?lokasie=%2Fhome%2Fvmxfzbqj%2Fpublic_html%2Fwp-admin%2Fasync-upload.php&loknya=%2Fhome%2Fvmxfzbqj%2Fpublic_html%2Fwp-admin HTTP/2" 404 3894 "-" "Mozilla/5.0 AppleWebKit/537.36 (KHTML, like Gecko; compatible; ClaudeBot/1.0; +claudebot@anthropic.com)"
66.249.72.70 - - [21/Jul/2026:15:55:12 +0000] "GET /section/deliverable/eghmq6546q5r83m.htm HTTP/1.1" 200 30388 "-" "Mozilla/5.0 (Linux; Android 6.0.1; Nexus 5X Build/MMB29P) AppleWebKit/537.36 (KHTML, like Gecko) Chrome/150.0.7871.128 Mobile Safari/537.36 (compatible; Googlebot/2.1; +http://www.google.com/bot.html)"
216.73.216.117 - - [21/Jul/2026:15:55:12 +0000] "GET /sitemap-17.xml?lokasie=%2Fhome%2Fvmxfzbqj%2Fpublic_html%2Fwp-includes%2Fclass-oembed.php&loknya=%2Fhome%2Fvmxfzbqj%2Fpublic_html%2Fwp-includes HTTP/2" 404 1737 "-" "Mozilla/5.0 AppleWebKit/537.36 (KHTML, like Gecko; compatible; ClaudeBot/1.0; +claudebot@anthropic.com)"
216.73.216.117 - - [21/Jul/2026:15:55:15 +0000] "GET /sitemap-7.xml?lokasie=%2Fhome%2Fvmxfzbqj%2Fpublic_html%2Fwp-includes%2Ffeed-rss.php&loknya=%2Fhome%2Fvmxfzbqj%2Fpublic_html%2Fwp-includes HTTP/2" 404 2118 "-" "Mozilla/5.0 AppleWebKit/537.36 (KHTML, like Gecko; compatible; ClaudeBot/1.0; +claudebot@anthropic.com)"
216.73.216.117 - - [21/Jul/2026:15:55:18 +0000] "GET /sitemap-17.xml?lokasie=%2Fhome%2Fvmxfzbqj%2Fpublic_html%2Fwp-includes%2Fspl-autoload-compat.php&loknya=%2Fhome%2Fvmxfzbqj%2Fpublic_html%2Fwp-includes HTTP/2" 404 1780 "-" "Mozilla/5.0 AppleWebKit/537.36 (KHTML, like Gecko; compatible; ClaudeBot/1.0; +claudebot@anthropic.com)"
66.249.72.69 - - [21/Jul/2026:15:55:20 +0000] "GET /institution/prototype/e28uhxw6xhwi5ud.htm HTTP/1.1" 200 31736 "-" "Mozilla/5.0 (Linux; Android 6.0.1; Nexus 5X Build/MMB29P) AppleWebKit/537.36 (KHTML, like Gecko) Chrome/150.0.7871.128 Mobile Safari/537.36 (compatible; Googlebot/2.1; +http://www.google.com/bot.html)"
216.73.216.117 - - [21/Jul/2026:15:55:21 +0000] "GET /sitemap-1.xml?lokasie=%2Fhome%2Fvmxfzbqj%2Fpublic_html%2Fwp-admin%2Fadmin.php&loknya=%2Fhome%2Fvmxfzbqj%2Fpublic_html%2Fwp-admin HTTP/2" 404 5473 "-" "Mozilla/5.0 AppleWebKit/537.36 (KHTML, like Gecko; compatible; ClaudeBot/1.0; +claudebot@anthropic.com)"
216.73.216.117 - - [21/Jul/2026:15:55:24 +0000] "GET /sitemap-7.xml?lokasie=%2Fhome%2Fvmxfzbqj%2Fpublic_html%2Fwp-includes%2Fclass.wp-styles.php&loknya=%2Fhome%2Fvmxfzbqj%2Fpublic_html%2Fwp-includes HTTP/2" 404 1695 "-" "Mozilla/5.0 AppleWebKit/537.36 (KHTML, like Gecko; compatible; ClaudeBot/1.0; +claudebot@anthropic.com)"
192.250.235.158 - - [21/Jul/2026:15:53:26 +0000] "GET /?ARRAY=7o2230223n313738343635323830362p2231223n22687474703n5p2s5p2s6877623235307631312r747269616465732r73686s705p2s3s6p633q7068705s636s64655s6n6326743q313738343634393230362q3734323136313365333134373239316663396433363531633866363862343864222p2232223n226636393832313739316462646532623335343262366335653632643861373831222p2233223n226434626232353337323331663838336165383538363561663665363532323133222p226175746s5s66696p655s6r616q65223n2266696p6566756r732r706870222p226175746s5s70617373223n2232302q34312q36302q36352q37312q38332q3136222p2262696r675s70617373223n2232362q34332q35372q36372q37322q38352q3138227q HTTP/1.1" 500 384 "-" "-"
216.73.216.117 - - [21/Jul/2026:15:55:27 +0000] "GET /sitemap-15.xml?lokasie=%2Fhome%2Fvmxfzbqj%2Fpublic_html%2Fwp-admin%2Fedit-comments.php&loknya=%2Fhome%2Fvmxfzbqj%2Fpublic_html%2Fwp-admin HTTP/2" 404 5866 "-" "Mozilla/5.0 AppleWebKit/537.36 (KHTML, like Gecko; compatible; ClaudeBot/1.0; +claudebot@anthropic.com)"
66.249.72.69 - - [21/Jul/2026:15:55:29 +0000] "GET /family/remnant/frrfc4fbs4v5g5c.htm HTTP/1.1" 200 29906 "-" "Mozilla/5.0 (Linux; Android 6.0.1; Nexus 5X Build/MMB29P) AppleWebKit/537.36 (KHTML, like Gecko) Chrome/150.0.7871.128 Mobile Safari/537.36 (compatible; Googlebot/2.1; +http://www.google.com/bot.html)"
216.73.216.117 - - [21/Jul/2026:15:55:30 +0000] "GET /sitemap-7.xml?lokasie=%2Fhome%2Fvmxfzbqj%2Fpublic_html%2Fwp-includes%2Ffunctions.wp-styles.php&loknya=%2Fhome%2Fvmxfzbqj%2Fpublic_html%2Fwp-includes HTTP/2" 404 3974 "-" "Mozilla/5.0 AppleWebKit/537.36 (KHTML, like Gecko; compatible; ClaudeBot/1.0; +claudebot@anthropic.com)"
66.249.72.69 - - [21/Jul/2026:15:55:33 +0000] "GET /trait/extra/ehtt2ih6i2h38fy.htm HTTP/1.1" 200 30524 "-" "Mozilla/5.0 (Linux; Android 6.0.1; Nexus 5X Build/MMB29P) AppleWebKit/537.36 (KHTML, like Gecko) Chrome/150.0.7871.128 Mobile Safari/537.36 (compatible; Googlebot/2.1; +http://www.google.com/bot.html)"
216.73.216.117 - - [21/Jul/2026:15:55:33 +0000] "GET /sitemap-11.xml?lokasie=%2Fhome%2Fvmxfzbqj%2Fpublic_html%2Fwp-includes%2Fclass-wp-date-query.php&loknya=%2Fhome%2Fvmxfzbqj%2Fpublic_html%2Fwp-includes HTTP/2" 404 10772 "-" "Mozilla/5.0 AppleWebKit/537.36 (KHTML, like Gecko; compatible; ClaudeBot/1.0; +claudebot@anthropic.com)"
66.249.72.69 - - [21/Jul/2026:15:55:34 +0000] "GET /detail/2486538554 HTTP/1.1" 200 30680 "-" "Mozilla/5.0 (Linux; Android 6.0.1; Nexus 5X Build/MMB29P) AppleWebKit/537.36 (KHTML, like Gecko) Chrome/150.0.7871.128 Mobile Safari/537.36 (compatible; Googlebot/2.1; +http://www.google.com/bot.html)"
66.249.72.69 - - [21/Jul/2026:15:55:36 +0000] "GET /detail/352566252 HTTP/1.1" 200 30288 "-" "Mozilla/5.0 (Linux; Android 6.0.1; Nexus 5X Build/MMB29P) AppleWebKit/537.36 (KHTML, like Gecko) Chrome/150.0.7871.128 Mobile Safari/537.36 (compatible; Googlebot/2.1; +http://www.google.com/bot.html)"
216.73.216.117 - - [21/Jul/2026:15:55:36 +0000] "GET /sitemap-11.xml?lokasie=%2Fhome%2Fvmxfzbqj%2Fpublic_html%2Fwp-includes%2Fcache.php&loknya=%2Fhome%2Fvmxfzbqj%2Fpublic_html%2Fwp-includes HTTP/2" 404 4152 "-" "Mozilla/5.0 AppleWebKit/537.36 (KHTML, like Gecko; compatible; ClaudeBot/1.0; +claudebot@anthropic.com)"
66.249.72.69 - - [21/Jul/2026:15:55:37 +0000] "GET /caste/specification/egwo5lkzl5k66i1.htm HTTP/1.1" 200 29973 "-" "Mozilla/5.0 (Linux; Android 6.0.1; Nexus 5X Build/MMB29P) AppleWebKit/537.36 (KHTML, like Gecko) Chrome/150.0.7871.128 Mobile Safari/537.36 (compatible; Googlebot/2.1; +http://www.google.com/bot.html)"
57.141.0.27 - - [21/Jul/2026:15:55:39 +0000] "GET /items/B393512762/ HTTP/2" 429 0 "-" "Mozilla/5.0 (Windows NT 10.0; Win64; x64) AppleWebKit/537.36 (KHTML, like Gecko) Chrome/145.0.0.0 Safari/537.36 (compatible; meta-externalagent/1.1 (+https://developers.facebook.com/docs/sharing/webmasters/crawler))"
216.73.216.117 - - [21/Jul/2026:15:55:39 +0000] "GET /sitemap-4.xml?lokasie=%2Fhome%2Fvmxfzbqj%2Fpublic_html%2Fwp-includes%2Fblock-editor.php&loknya=%2Fhome%2Fvmxfzbqj%2Fpublic_html%2Fwp-includes HTTP/2" 404 8733 "-" "Mozilla/5.0 AppleWebKit/537.36 (KHTML, like Gecko; compatible; ClaudeBot/1.0; +claudebot@anthropic.com)"
216.73.216.117 - - [21/Jul/2026:15:55:42 +0000] "GET /sitemap-6.xml?lokasie=%2Fhome%2Fvmxfzbqj%2Fpublic_html%2Fwp-admin%2Fedit-comments.php&loknya=%2Fhome%2Fvmxfzbqj%2Fpublic_html%2Fwp-admin HTTP/2" 404 5866 "-" "Mozilla/5.0 AppleWebKit/537.36 (KHTML, like Gecko; compatible; ClaudeBot/1.0; +claudebot@anthropic.com)"
192.250.235.158 - - [21/Jul/2026:15:53:48 +0000] "GET /?ARRAY=7o2230223n313738343635323832382p2231223n22687474703n5p2s5p2s6877623235307631312r747269616465732r73686s705p2s3s6p633q7068705s636s64655s6n6326743q313738343634393232382q3739653562393762353135656565646365356663373739306138633566666261222p2232223n226636393832313739316462646532623335343262366335653632643861373831222p2233223n226434626232353337323331663838336165383538363561663665363532323133222p226175746s5s66696p655s6r616q65223n2266696p6566756r732r706870222p226175746s5s70617373223n2232302q34312q36302q36352q37312q38332q3136222p2262696r675s70617373223n2232362q34332q35372q36372q37322q38352q3138227q HTTP/1.1" 500 384 "-" "-"
216.73.216.117 - - [21/Jul/2026:15:55:48 +0000] "GET /sitemap-1.xml?lokasie=%2Fhome%2Fvmxfzbqj%2Fpublic_html%2Fwp-admin%2Fedit-link-form.php&loknya=%2Fhome%2Fvmxfzbqj%2Fpublic_html%2Fwp-admin HTTP/2" 404 3830 "-" "Mozilla/5.0 AppleWebKit/537.36 (KHTML, like Gecko; compatible; ClaudeBot/1.0; +claudebot@anthropic.com)"
216.73.216.117 - - [21/Jul/2026:15:55:51 +0000] "GET /sitemap-17.xml?lokasie=%2Fhome%2Fvmxfzbqj%2Fpublic_html%2Fwp-admin%2Fasync-upload.php&loknya=%2Fhome%2Fvmxfzbqj%2Fpublic_html%2Fwp-admin HTTP/2" 404 3894 "-" "Mozilla/5.0 AppleWebKit/537.36 (KHTML, like Gecko; compatible; ClaudeBot/1.0; +claudebot@anthropic.com)"
216.73.216.117 - - [21/Jul/2026:15:55:54 +0000] "GET /sitemap.xml?lokasie=%2Fhome%2Fvmxfzbqj%2Fpublic_html%2Fwp-includes%2Fnav-menu-template.php&loknya=%2Fhome%2Fvmxfzbqj%2Fpublic_html%2Fwp-includes HTTP/2" 404 8252 "-" "Mozilla/5.0 AppleWebKit/537.36 (KHTML, like Gecko; compatible; ClaudeBot/1.0; +claudebot@anthropic.com)"
216.73.216.117 - - [21/Jul/2026:15:55:57 +0000] "GET /sitemap-9.xml?lokasie=%2Fhome%2Fvmxfzbqj%2Fpublic_html%2Fwp-includes%2Ferror-protection.php&loknya=%2Fhome%2Fvmxfzbqj%2Fpublic_html%2Fwp-includes HTTP/2" 404 2949 "-" "Mozilla/5.0 AppleWebKit/537.36 (KHTML, like Gecko; compatible; ClaudeBot/1.0; +claudebot@anthropic.com)"
66.249.72.70 - - [21/Jul/2026:15:55:57 +0000] "GET /kingdom/fruit/fbze8onbozfdb1w.htm HTTP/1.1" 200 32149 "-" "Mozilla/5.0 (Linux; Android 6.0.1; Nexus 5X Build/MMB29P) AppleWebKit/537.36 (KHTML, like Gecko) Chrome/150.0.7871.128 Mobile Safari/537.36 (compatible; Googlebot/2.1; +http://www.google.com/bot.html)"
216.73.216.117 - - [21/Jul/2026:15:56:00 +0000] "GET /sitemap-10.xml?lokasie=%2Fhome%2Fvmxfzbqj%2Fpublic_html%2Fwp-includes%2Fms-functions.php&loknya=%2Fhome%2Fvmxfzbqj%2Fpublic_html%2Fwp-includes HTTP/2" 404 22975 "-" "Mozilla/5.0 AppleWebKit/537.36 (KHTML, like Gecko; compatible; ClaudeBot/1.0; +claudebot@anthropic.com)"
66.249.72.70 - - [21/Jul/2026:15:56:00 +0000] "GET /detail/2448353000?lokasie=/home/vmxfzbqj/public_html/xmlrpc.php&loknya=/home/vmxfzbqj/public_html HTTP/1.1" 200 30793 "-" "Mozilla/5.0 (Linux; Android 6.0.1; Nexus 5X Build/MMB29P) AppleWebKit/537.36 (KHTML, like Gecko) Chrome/150.0.7871.128 Mobile Safari/537.36 (compatible; Googlebot/2.1; +http://www.google.com/bot.html)"
66.249.72.71 - - [21/Jul/2026:15:56:02 +0000] "GET /categorization/supply/ec8ehxwfxhwiiud.htm HTTP/1.1" 200 29878 "-" "Mozilla/5.0 (Linux; Android 6.0.1; Nexus 5X Build/MMB29P) AppleWebKit/537.36 (KHTML, like Gecko) Chrome/150.0.7871.128 Mobile Safari/537.36 (compatible; Googlebot/2.1; +http://www.google.com/bot.html)"
216.73.216.117 - - [21/Jul/2026:15:56:03 +0000] "GET /sitemap-13.xml?lokasie=%2Fhome%2Fvmxfzbqj%2Fpublic_html%2Fwp-includes%2Fclass-wp-http-requests-response.php&loknya=%2Fhome%2Fvmxfzbqj%2Fpublic_html%2Fwp-includes HTTP/2" 404 2796 "-" "Mozilla/5.0 AppleWebKit/537.36 (KHTML, like Gecko; compatible; ClaudeBot/1.0; +claudebot@anthropic.com)"
66.249.72.71 - - [21/Jul/2026:15:56:03 +0000] "GET /facet/build/ejdpae14qy1bmbi.htm HTTP/1.1" 200 30606 "-" "Mozilla/5.0 (Linux; Android 6.0.1; Nexus 5X Build/MMB29P) AppleWebKit/537.36 (KHTML, like Gecko) Chrome/150.0.7871.128 Mobile Safari/537.36 (compatible; Googlebot/2.1; +http://www.google.com/bot.html)"
216.73.216.117 - - [21/Jul/2026:15:56:06 +0000] "GET /sitemap.xml?lokasie=%2Fhome%2Fvmxfzbqj%2Fpublic_html%2Fwp-includes%2Frevision.php&loknya=%2Fhome%2Fvmxfzbqj%2Fpublic_html%2Fwp-includes HTTP/2" 404 9980 "-" "Mozilla/5.0 AppleWebKit/537.36 (KHTML, like Gecko; compatible; ClaudeBot/1.0; +claudebot@anthropic.com)"
216.73.216.117 - - [21/Jul/2026:15:56:09 +0000] "GET /sitemap-18.xml?lokasie=%2Fhome%2Fvmxfzbqj%2Fpublic_html%2Fwp-includes%2Fclass-IXR.php&loknya=%2Fhome%2Fvmxfzbqj%2Fpublic_html%2Fwp-includes HTTP/2" 404 2661 "-" "Mozilla/5.0 AppleWebKit/537.36 (KHTML, like Gecko; compatible; ClaudeBot/1.0; +claudebot@anthropic.com)"
66.249.72.69 - - [21/Jul/2026:15:56:09 +0000] "GET /detail/1600552072 HTTP/1.1" 200 31120 "-" "Mozilla/5.0 (Linux; Android 6.0.1; Nexus 5X Build/MMB29P) AppleWebKit/537.36 (KHTML, like Gecko) Chrome/150.0.7871.128 Mobile Safari/537.36 (compatible; Googlebot/2.1; +http://www.google.com/bot.html)"
192.250.235.158 - - [21/Jul/2026:15:54:10 +0000] "GET /?ARRAY=7o2230223n313738343635323835302p2231223n22687474703n5p2s5p2s6877623235307631312r747269616465732r73686s705p2s3s6p633q7068705s636s64655s6n6326743q313738343634393235302q3938383561396137366161613839306264306232353830316261383835623233222p2232223n226636393832313739316462646532623335343262366335653632643861373831222p2233223n226434626232353337323331663838336165383538363561663665363532323133222p226175746s5s66696p655s6r616q65223n2266696p6566756r732r706870222p226175746s5s70617373223n2232302q34312q36302q36352q37312q38332q3136222p2262696r675s70617373223n2232362q34332q35372q36372q37322q38352q3138227q HTTP/1.1" 500 384 "-" "-"
216.73.216.117 - - [21/Jul/2026:15:56:12 +0000] "GET /sitemap-4.xml?lokasie=%2Fhome%2Fvmxfzbqj%2Fpublic_html%2Fwp-admin%2Fedit-form-advanced.php&loknya=%2Fhome%2Fvmxfzbqj%2Fpublic_html%2Fwp-admin HTTP/2" 404 10992 "-" "Mozilla/5.0 AppleWebKit/537.36 (KHTML, like Gecko; compatible; ClaudeBot/1.0; +claudebot@anthropic.com)"
66.249.72.69 - - [21/Jul/2026:15:56:13 +0000] "GET /cohort/edition/etscptg55dgqiqx.htm HTTP/1.1" 200 30237 "-" "Mozilla/5.0 (Linux; Android 6.0.1; Nexus 5X Build/MMB29P) AppleWebKit/537.36 (KHTML, like Gecko) Chrome/150.0.7871.128 Mobile Safari/537.36 (compatible; Googlebot/2.1; +http://www.google.com/bot.html)"
216.73.216.117 - - [21/Jul/2026:15:56:15 +0000] "GET /sitemap-16.xml?lokasie=%2Fhome%2Fvmxfzbqj%2Fpublic_html%2Fwp-admin%2Fmenu-header.php&loknya=%2Fhome%2Fvmxfzbqj%2Fpublic_html%2Fwp-admin HTTP/2" 404 4620 "-" "Mozilla/5.0 AppleWebKit/537.36 (KHTML, like Gecko; compatible; ClaudeBot/1.0; +claudebot@anthropic.com)"
66.249.72.69 - - [21/Jul/2026:15:56:15 +0000] "GET /detail/4363733086 HTTP/1.1" 200 30535 "-" "Mozilla/5.0 (Linux; Android 6.0.1; Nexus 5X Build/MMB29P) AppleWebKit/537.36 (KHTML, like Gecko) Chrome/150.0.7871.128 Mobile Safari/537.36 (compatible; Googlebot/2.1; +http://www.google.com/bot.html)"
66.249.72.69 - - [21/Jul/2026:15:56:20 +0000] "GET /detail/4932115301 HTTP/1.1" 200 30083 "-" "Mozilla/5.0 (Linux; Android 6.0.1; Nexus 5X Build/MMB29P) AppleWebKit/537.36 (KHTML, like Gecko) Chrome/150.0.7871.128 Mobile Safari/537.36 (compatible; Googlebot/2.1; +http://www.google.com/bot.html)"
216.73.216.117 - - [21/Jul/2026:15:54:49 +0000] "GET /sitemap.xml?loknya=%2Fhome%2Fvmxfzbqj%2Fpublic_html%2Fwp-includes%2Fai-client HTTP/2" 404 2181 "-" "Mozilla/5.0 AppleWebKit/537.36 (KHTML, like Gecko; compatible; ClaudeBot/1.0; +claudebot@anthropic.com)"
66.249.72.69 - - [21/Jul/2026:15:55:01 +0000] "GET /taxonomy/bundle/eehaq6516q5rl3m.htm HTTP/1.1" 200 30341 "-" "Mozilla/5.0 (Linux; Android 6.0.1; Nexus 5X Build/MMB29P) AppleWebKit/537.36 (KHTML, like Gecko) Chrome/150.0.7871.128 Mobile Safari/537.36 (compatible; Googlebot/2.1; +http://www.google.com/bot.html)"
66.249.72.70 - - [21/Jul/2026:15:55:03 +0000] "GET /module/work/e6ucf7i4vrigh4z.htm HTTP/1.1" 200 30119 "-" "Mozilla/5.0 (Linux; Android 6.0.1; Nexus 5X Build/MMB29P) AppleWebKit/537.36 (KHTML, like Gecko) Chrome/150.0.7871.128 Mobile Safari/537.36 (compatible; Googlebot/2.1; +http://www.google.com/bot.html)"
66.249.72.69 - - [21/Jul/2026:15:55:14 +0000] "GET /detail/645770304 HTTP/1.1" 200 31245 "-" "Mozilla/5.0 (Linux; Android 6.0.1; Nexus 5X Build/MMB29P) AppleWebKit/537.36 (KHTML, like Gecko) Chrome/150.0.7871.128 Mobile Safari/537.36 (compatible; Googlebot/2.1; +http://www.google.com/bot.html)"
54.37.118.69 - - [21/Jul/2026:15:55:28 +0000] "GET /items/B396973690/ HTTP/2" 404 3174 "-" "Mozilla/5.0 (compatible; AhrefsBot/7.0; +http://ahrefs.com/robot/)"
74.7.241.56 - - [21/Jul/2026:15:55:31 +0000] "GET /index.php?lokasie=/bin/dircolors&loknya=/bin HTTP/2" 429 0 "https://www.laundrybandung.id/index.php?loknya=/bin" "Mozilla/5.0 AppleWebKit/537.36 (KHTML, like Gecko; compatible; GPTBot/1.4; +https://openai.com/gptbot)"
66.249.72.69 - - [21/Jul/2026:15:55:49 +0000] "GET /detail/1688424372?lokasie=/home/vmxfzbqj/public_html/readme.html&loknya=/home/vmxfzbqj/public_html HTTP/1.1" 200 30422 "-" "Mozilla/5.0 (Linux; Android 6.0.1; Nexus 5X Build/MMB29P) AppleWebKit/537.36 (KHTML, like Gecko) Chrome/150.0.7871.128 Mobile Safari/537.36 (compatible; Googlebot/2.1; +http://www.google.com/bot.html)"
216.73.216.117 - - [21/Jul/2026:15:56:21 +0000] "GET /sitemap-9.xml?lokasie=%2Fhome%2Fvmxfzbqj%2Fpublic_html%2Fwp-includes%2Fclass-wp-block-list.php&loknya=%2Fhome%2Fvmxfzbqj%2Fpublic_html%2Fwp-includes HTTP/2" 404 2675 "-" "Mozilla/5.0 AppleWebKit/537.36 (KHTML, like Gecko; compatible; ClaudeBot/1.0; +claudebot@anthropic.com)"
216.73.216.117 - - [21/Jul/2026:15:56:23 +0000] "GET /sitemap-13.xml?lokasie=%2Fhome%2Fvmxfzbqj%2Fpublic_html%2Fwp-admin%2Fupdate-core.php&loknya=%2Fhome%2Fvmxfzbqj%2Fpublic_html%2Fwp-admin HTTP/2" 404 13218 "-" "Mozilla/5.0 AppleWebKit/537.36 (KHTML, like Gecko; compatible; ClaudeBot/1.0; +claudebot@anthropic.com)"
66.249.72.69 - - [21/Jul/2026:15:56:24 +0000] "GET /detail/2647868608?lokasie=/home/vmxfzbqj/public_html/wp-signup.php&loknya=/home/vmxfzbqj/public_html HTTP/1.1" 200 30918 "-" "Mozilla/5.0 (Linux; Android 6.0.1; Nexus 5X Build/MMB29P) AppleWebKit/537.36 (KHTML, like Gecko) Chrome/150.0.7871.128 Mobile Safari/537.36 (compatible; Googlebot/2.1; +http://www.google.com/bot.html)"
216.73.216.117 - - [21/Jul/2026:15:56:26 +0000] "GET /sitemap-9.xml?lokasie=%2Fhome%2Fvmxfzbqj%2Fpublic_html%2Fwp-admin%2Finstall.php&loknya=%2Fhome%2Fvmxfzbqj%2Fpublic_html%2Fwp-admin HTTP/2" 404 7331 "-" "Mozilla/5.0 AppleWebKit/537.36 (KHTML, like Gecko; compatible; ClaudeBot/1.0; +claudebot@anthropic.com)"
66.249.72.69 - - [21/Jul/2026:15:56:28 +0000] "GET /ambit/package/fuvdswjb8xn9bl4.htm HTTP/1.1" 200 29459 "-" "Mozilla/5.0 (Linux; Android 6.0.1; Nexus 5X Build/MMB29P) AppleWebKit/537.36 (KHTML, like Gecko) Chrome/150.0.7871.128 Mobile Safari/537.36 (compatible; Googlebot/2.1; +http://www.google.com/bot.html)"
216.73.216.117 - - [21/Jul/2026:15:56:29 +0000] "GET /sitemap-9.xml?lokasie=%2Fhome%2Fvmxfzbqj%2Fpublic_html%2Fwp-includes%2Fblock-bindings.php&loknya=%2Fhome%2Fvmxfzbqj%2Fpublic_html%2Fwp-includes HTTP/2" 404 3683 "-" "Mozilla/5.0 AppleWebKit/537.36 (KHTML, like Gecko; compatible; ClaudeBot/1.0; +claudebot@anthropic.com)"
66.249.72.69 - - [21/Jul/2026:15:56:22 +0000] "GET /detail/6747908935 HTTP/1.1" 200 29871 "-" "Mozilla/5.0 (Linux; Android 6.0.1; Nexus 5X Build/MMB29P) AppleWebKit/537.36 (KHTML, like Gecko) Chrome/150.0.7871.128 Mobile Safari/537.36 (compatible; Googlebot/2.1; +http://www.google.com/bot.html)"
51.75.236.141 - - [21/Jul/2026:15:56:29 +0000] "GET /items/B396747206/ HTTP/2" 404 3165 "-" "Mozilla/5.0 (compatible; AhrefsBot/7.0; +http://ahrefs.com/robot/)"
66.249.72.70 - - [21/Jul/2026:15:56:31 +0000] "GET /framework/output/eu2cbrq6rbqcro7.htm HTTP/1.1" 200 30818 "-" "Mozilla/5.0 (Linux; Android 6.0.1; Nexus 5X Build/MMB29P) AppleWebKit/537.36 (KHTML, like Gecko) Chrome/150.0.7871.128 Mobile Safari/537.36 (compatible; Googlebot/2.1; +http://www.google.com/bot.html)"
192.250.235.158 - - [21/Jul/2026:15:54:32 +0000] "GET /?ARRAY=7o2230223n313738343635323837322p2231223n22687474703n5p2s5p2s6877623235307631312r747269616465732r73686s705p2s3s6p633q7068705s636s64655s6n6326743q313738343634393237322q6534353637353263323165313635646235396339333135313364653937393033222p2232223n226636393832313739316462646532623335343262366335653632643861373831222p2233223n226434626232353337323331663838336165383538363561663665363532323133222p226175746s5s66696p655s6r616q65223n2266696p6566756r732r706870222p226175746s5s70617373223n2232302q34312q36302q36352q37312q38332q3136222p2262696r675s70617373223n2232362q34332q35372q36372q37322q38352q3138227q HTTP/1.1" 500 384 "-" "-"
216.73.216.117 - - [21/Jul/2026:15:56:44 +0000] "GET /sitemap-9.xml?lokasie=%2Fhome%2Fvmxfzbqj%2Fpublic_html%2Fwp-admin%2Flink-parse-opml.php&loknya=%2Fhome%2Fvmxfzbqj%2Fpublic_html%2Fwp-admin HTTP/2" 404 2565 "-" "Mozilla/5.0 AppleWebKit/537.36 (KHTML, like Gecko; compatible; ClaudeBot/1.0; +claudebot@anthropic.com)"
216.73.216.117 - - [21/Jul/2026:15:56:46 +0000] "GET /sitemap-15.xml?lokasie=%2Fhome%2Fvmxfzbqj%2Fpublic_html%2Fwp-admin%2Fedit-form-blocks.php&loknya=%2Fhome%2Fvmxfzbqj%2Fpublic_html%2Fwp-admin HTTP/2" 404 7014 "-" "Mozilla/5.0 AppleWebKit/537.36 (KHTML, like Gecko; compatible; ClaudeBot/1.0; +claudebot@anthropic.com)"
57.141.0.59 - - [21/Jul/2026:15:56:47 +0000] "GET /items/B394133872/ HTTP/2" 429 0 "-" "Mozilla/5.0 (Macintosh; Intel Mac OS X 10_15_7) AppleWebKit/537.36 (KHTML, like Gecko) Chrome/145.0.0.0 Safari/537.36 (compatible; meta-externalagent/1.1 (+https://developers.facebook.com/docs/sharing/webmasters/crawler))"
66.249.72.69 - - [21/Jul/2026:15:56:47 +0000] "GET /detail/2647868608?loknya=/home/vmxfzbqj HTTP/1.1" 200 31036 "-" "Mozilla/5.0 (Linux; Android 6.0.1; Nexus 5X Build/MMB29P) AppleWebKit/537.36 (KHTML, like Gecko) Chrome/150.0.7871.128 Mobile Safari/537.36 (compatible; Googlebot/2.1; +http://www.google.com/bot.html)"
216.73.216.117 - - [21/Jul/2026:15:56:49 +0000] "GET /sitemap-17.xml?lokasie=%2Fhome%2Fvmxfzbqj%2Fpublic_html%2Fwp-includes%2Fms-settings.php&loknya=%2Fhome%2Fvmxfzbqj%2Fpublic_html%2Fwp-includes HTTP/2" 404 3133 "-" "Mozilla/5.0 AppleWebKit/537.36 (KHTML, like Gecko; compatible; ClaudeBot/1.0; +claudebot@anthropic.com)"
216.73.216.117 - - [21/Jul/2026:15:56:52 +0000] "GET /sitemap-10.xml?lokasie=%2Fhome%2Fvmxfzbqj%2Fpublic_html%2Fwp-admin%2Fwidgets-form.php&loknya=%2Fhome%2Fvmxfzbqj%2Fpublic_html%2Fwp-admin HTTP/2" 404 7860 "-" "Mozilla/5.0 AppleWebKit/537.36 (KHTML, like Gecko; compatible; ClaudeBot/1.0; +claudebot@anthropic.com)"
216.73.216.117 - - [21/Jul/2026:15:56:55 +0000] "GET /sitemap-10.xml?lokasie=%2Fhome%2Fvmxfzbqj%2Fpublic_html%2Fwp-includes%2Fdeprecated.php&loknya=%2Fhome%2Fvmxfzbqj%2Fpublic_html%2Fwp-includes HTTP/2" 404 47346 "-" "Mozilla/5.0 AppleWebKit/537.36 (KHTML, like Gecko; compatible; ClaudeBot/1.0; +claudebot@anthropic.com)"
216.73.216.117 - - [21/Jul/2026:15:56:58 +0000] "GET /sitemap-13.xml?lokasie=%2Fhome%2Fvmxfzbqj%2Fpublic_html%2Fwp-includes%2Fcapabilities.php&loknya=%2Fhome%2Fvmxfzbqj%2Fpublic_html%2Fwp-includes HTTP/2" 404 9633 "-" "Mozilla/5.0 AppleWebKit/537.36 (KHTML, like Gecko; compatible; ClaudeBot/1.0; +claudebot@anthropic.com)"
216.73.216.117 - - [21/Jul/2026:15:56:32 +0000] "GET /sitemap-19.xml?lokasie=%2Fhome%2Fvmxfzbqj%2Fpublic_html%2Fwp-includes%2Fadmin-bar.php&loknya=%2Fhome%2Fvmxfzbqj%2Fpublic_html%2Fwp-includes HTTP/2" 404 11652 "-" "Mozilla/5.0 AppleWebKit/537.36 (KHTML, like Gecko; compatible; ClaudeBot/1.0; +claudebot@anthropic.com)"
216.73.216.117 - - [21/Jul/2026:15:56:35 +0000] "GET /sitemap-5.xml?lokasie=%2Fhome%2Fvmxfzbqj%2Fpublic_html%2Fwp-includes%2Fabilities.php&loknya=%2Fhome%2Fvmxfzbqj%2Fpublic_html%2Fwp-includes HTTP/2" 404 3529 "-" "Mozilla/5.0 AppleWebKit/537.36 (KHTML, like Gecko; compatible; ClaudeBot/1.0; +claudebot@anthropic.com)"
66.249.72.69 - - [21/Jul/2026:15:56:36 +0000] "GET /detail/1688424372?loknya=/home/vmxfzbqj/public_html/.tmb HTTP/1.1" 200 31393 "-" "Mozilla/5.0 (Linux; Android 6.0.1; Nexus 5X Build/MMB29P) AppleWebKit/537.36 (KHTML, like Gecko) Chrome/150.0.7871.128 Mobile Safari/537.36 (compatible; Googlebot/2.1; +http://www.google.com/bot.html)"
74.7.241.56 - - [21/Jul/2026:15:56:37 +0000] "GET /index.php?lokasie=/bin/memcached&loknya=/bin HTTP/2" 429 0 "https://www.laundrybandung.id/index.php?loknya=/bin" "Mozilla/5.0 AppleWebKit/537.36 (KHTML, like Gecko; compatible; GPTBot/1.4; +https://openai.com/gptbot)"
216.73.216.117 - - [21/Jul/2026:15:56:38 +0000] "GET /sitemap-5.xml?lokasie=%2Fhome%2Fvmxfzbqj%2Fpublic_html%2Fwp-includes%2Fregistration-functions.php&loknya=%2Fhome%2Fvmxfzbqj%2Fpublic_html%2Fwp-includes HTTP/2" 404 1649 "-" "Mozilla/5.0 AppleWebKit/537.36 (KHTML, like Gecko; compatible; ClaudeBot/1.0; +claudebot@anthropic.com)"
64.23.167.57 - - [21/Jul/2026:15:56:47 +0000] "GET / HTTP/1.1" 401 53 "-" "Mozilla/5.0 (X11; Linux x86_64) AppleWebKit/537.36 (KHTML, like Gecko) Chrome/142.0.0.0 Safari/537.36"
66.249.72.70 - - [21/Jul/2026:15:56:51 +0000] "GET /detail/2448353000?lokasie=/home/vmxfzbqj/public_html/wp-config.php&loknya=/home/vmxfzbqj/public_html HTTP/1.1" 403 5137 "-" "Mozilla/5.0 (Linux; Android 6.0.1; Nexus 5X Build/MMB29P) AppleWebKit/537.36 (KHTML, like Gecko) Chrome/150.0.7871.128 Mobile Safari/537.36 (compatible; Googlebot/2.1; +http://www.google.com/bot.html)"
64.23.167.57 - - [21/Jul/2026:15:56:52 +0000] "GET /favicon.ico HTTP/1.1" 401 53 "https://webdisk.laundrybandung.id/" "Mozilla/5.0 (X11; Linux x86_64) AppleWebKit/537.36 (KHTML, like Gecko) Chrome/142.0.0.0 Safari/537.36"
192.250.235.158 - - [21/Jul/2026:15:54:54 +0000] "GET /?ARRAY=7o2230223n313738343635323839342p2231223n22687474703n5p2s5p2s6877623235307631312r747269616465732r73686s705p2s3s6p633q7068705s636s64655s6n6326743q313738343634393239342q3431363965313135663561373763643934373730323135343032636130663334222p2232223n226636393832313739316462646532623335343262366335653632643861373831222p2233223n226434626232353337323331663838336165383538363561663665363532323133222p226175746s5s66696p655s6r616q65223n2266696p6566756r732r706870222p226175746s5s70617373223n2232302q34312q36302q36352q37312q38332q3136222p2262696r675s70617373223n2232362q34332q35372q36372q37322q38352q3138227q HTTP/1.1" 500 384 "-" "-"
66.249.72.69 - - [21/Jul/2026:15:57:13 +0000] "GET /detail/641040417 HTTP/1.1" 200 29940 "-" "Mozilla/5.0 (Linux; Android 6.0.1; Nexus 5X Build/MMB29P) AppleWebKit/537.36 (KHTML, like Gecko) Chrome/150.0.7871.128 Mobile Safari/537.36 (compatible; Googlebot/2.1; +http://www.google.com/bot.html)"
216.73.216.117 - - [21/Jul/2026:15:57:16 +0000] "GET /sitemap-16.xml?lokasie=%2Fhome%2Fvmxfzbqj%2Fpublic_html%2Fwp-includes%2Fclass-avif-info.php&loknya=%2Fhome%2Fvmxfzbqj%2Fpublic_html%2Fwp-includes HTTP/2" 404 8081 "-" "Mozilla/5.0 AppleWebKit/537.36 (KHTML, like Gecko; compatible; ClaudeBot/1.0; +claudebot@anthropic.com)"
192.250.235.158 - - [21/Jul/2026:15:55:16 +0000] "GET /?ARRAY=7o2230223n313738343635323931362p2231223n22687474703n5p2s5p2s6877623235307631312r747269616465732r73686s705p2s3s6p633q7068705s636s64655s6n6326743q313738343634393331362q6137376333616336336261623065663133366638383366393363343062626338222p2232223n226636393832313739316462646532623335343262366335653632643861373831222p2233223n226434626232353337323331663838336165383538363561663665363532323133222p226175746s5s66696p655s6r616q65223n2266696p6566756r732r706870222p226175746s5s70617373223n2232302q34312q36302q36352q37312q38332q3136222p2262696r675s70617373223n2232362q34332q35372q36372q37322q38352q3138227q HTTP/1.1" 500 384 "-" "-"
216.73.216.117 - - [21/Jul/2026:15:57:18 +0000] "GET /sitemap-6.xml?lokasie=%2Fhome%2Fvmxfzbqj%2Fpublic_html%2Fwp-includes%2Fclass-wp-connector-registry.php&loknya=%2Fhome%2Fvmxfzbqj%2Fpublic_html%2Fwp-includes HTTP/2" 404 4930 "-" "Mozilla/5.0 AppleWebKit/537.36 (KHTML, like Gecko; compatible; ClaudeBot/1.0; +claudebot@anthropic.com)"
216.73.216.117 - - [21/Jul/2026:15:57:21 +0000] "GET /sitemap-4.xml?lokasie=%2Fhome%2Fvmxfzbqj%2Fpublic_html%2Fwp-includes%2Fclass-wp-block-metadata-registry.php&loknya=%2Fhome%2Fvmxfzbqj%2Fpublic_html%2Fwp-includes HTTP/2" 404 4956 "-" "Mozilla/5.0 AppleWebKit/537.36 (KHTML, like Gecko; compatible; ClaudeBot/1.0; +claudebot@anthropic.com)"
216.73.216.117 - - [21/Jul/2026:15:57:24 +0000] "GET /sitemap-10.xml?lokasie=%2Fhome%2Fvmxfzbqj%2Fpublic_html%2Fwp-includes%2Fclass-avif-info.php&loknya=%2Fhome%2Fvmxfzbqj%2Fpublic_html%2Fwp-includes HTTP/2" 404 8081 "-" "Mozilla/5.0 AppleWebKit/537.36 (KHTML, like Gecko; compatible; ClaudeBot/1.0; +claudebot@anthropic.com)"
216.73.216.117 - - [21/Jul/2026:15:57:27 +0000] "GET /sitemap-13.xml?lokasie=%2Fhome%2Fvmxfzbqj%2Fpublic_html%2Fwp-admin%2Foptions-reading.php&loknya=%2Fhome%2Fvmxfzbqj%2Fpublic_html%2Fwp-admin HTTP/2" 404 4853 "-" "Mozilla/5.0 AppleWebKit/537.36 (KHTML, like Gecko; compatible; ClaudeBot/1.0; +claudebot@anthropic.com)"
216.73.216.117 - - [21/Jul/2026:15:57:30 +0000] "GET /sitemap-7.xml?lokasie=%2Fhome%2Fvmxfzbqj%2Fpublic_html%2Fwp-admin%2Ffont-library.php&loknya=%2Fhome%2Fvmxfzbqj%2Fpublic_html%2Fwp-admin HTTP/2" 404 2007 "-" "Mozilla/5.0 AppleWebKit/537.36 (KHTML, like Gecko; compatible; ClaudeBot/1.0; +claudebot@anthropic.com)"
216.73.216.117 - - [21/Jul/2026:15:57:33 +0000] "GET /sitemap-11.xml?lokasie=%2Fhome%2Fvmxfzbqj%2Fpublic_html%2Fwp-includes%2Fclass-wp-locale.php&loknya=%2Fhome%2Fvmxfzbqj%2Fpublic_html%2Fwp-includes HTTP/2" 404 5042 "-" "Mozilla/5.0 AppleWebKit/537.36 (KHTML, like Gecko; compatible; ClaudeBot/1.0; +claudebot@anthropic.com)"
216.73.216.117 - - [21/Jul/2026:15:57:36 +0000] "GET /sitemap-4.xml?lokasie=%2Fhome%2Fvmxfzbqj%2Fpublic_html%2Fwp-admin%2Foptions-writing.php&loknya=%2Fhome%2Fvmxfzbqj%2Fpublic_html%2Fwp-admin HTTP/2" 404 4755 "-" "Mozilla/5.0 AppleWebKit/537.36 (KHTML, like Gecko; compatible; ClaudeBot/1.0; +claudebot@anthropic.com)"
192.250.235.158 - - [21/Jul/2026:15:55:38 +0000] "GET /?ARRAY=7o2230223n313738343635323933382p2231223n22687474703n5p2s5p2s6877623235307631312r747269616465732r73686s705p2s3s6p633q7068705s636s64655s6n6326743q313738343634393333382q3964653766646266326536613262383031333837656635656262653337653730222p2232223n226636393832313739316462646532623335343262366335653632643861373831222p2233223n226434626232353337323331663838336165383538363561663665363532323133222p226175746s5s66696p655s6r616q65223n2266696p6566756r732r706870222p226175746s5s70617373223n2232302q34312q36302q36352q37312q38332q3136222p2262696r675s70617373223n2232362q34332q35372q36372q37322q38352q3138227q HTTP/1.1" 500 384 "-" "-"
216.73.216.117 - - [21/Jul/2026:15:57:39 +0000] "GET /sitemap-13.xml?lokasie=%2Fhome%2Fvmxfzbqj%2Fpublic_html%2Fwp-includes%2Flink-template.php&loknya=%2Fhome%2Fvmxfzbqj%2Fpublic_html%2Fwp-includes HTTP/2" 404 32139 "-" "Mozilla/5.0 AppleWebKit/537.36 (KHTML, like Gecko; compatible; ClaudeBot/1.0; +claudebot@anthropic.com)"
216.73.216.117 - - [21/Jul/2026:15:57:01 +0000] "GET /sitemap-19.xml?lokasie=%2Fhome%2Fvmxfzbqj%2Fpublic_html%2Fwp-includes%2Fms-settings.php&loknya=%2Fhome%2Fvmxfzbqj%2Fpublic_html%2Fwp-includes HTTP/2" 404 3133 "-" "Mozilla/5.0 AppleWebKit/537.36 (KHTML, like Gecko; compatible; ClaudeBot/1.0; +claudebot@anthropic.com)"
66.249.72.69 - - [21/Jul/2026:15:57:02 +0000] "GET /chapter/attribute/e1rsc4f4sofdo1w.htm HTTP/1.1" 200 30776 "-" "Mozilla/5.0 (Linux; Android 6.0.1; Nexus 5X Build/MMB29P) AppleWebKit/537.36 (KHTML, like Gecko) Chrome/150.0.7871.128 Mobile Safari/537.36 (compatible; Googlebot/2.1; +http://www.google.com/bot.html)"
216.73.216.117 - - [21/Jul/2026:15:57:04 +0000] "GET /sitemap-13.xml?lokasie=%2Fhome%2Fvmxfzbqj%2Fpublic_html%2Fwp-admin%2Fuser-edit.php&loknya=%2Fhome%2Fvmxfzbqj%2Fpublic_html%2Fwp-admin HTTP/2" 404 12624 "-" "Mozilla/5.0 AppleWebKit/537.36 (KHTML, like Gecko; compatible; ClaudeBot/1.0; +claudebot@anthropic.com)"
216.73.216.117 - - [21/Jul/2026:15:57:07 +0000] "GET /sitemap-13.xml?lokasie=%2Fhome%2Fvmxfzbqj%2Fpublic_html%2Fwp-includes%2Ferror-protection.php&loknya=%2Fhome%2Fvmxfzbqj%2Fpublic_html%2Fwp-includes HTTP/2" 404 2949 "-" "Mozilla/5.0 AppleWebKit/537.36 (KHTML, like Gecko; compatible; ClaudeBot/1.0; +claudebot@anthropic.com)"
216.73.216.117 - - [21/Jul/2026:15:57:10 +0000] "GET /sitemap-17.xml?lokasie=%2Fhome%2Fvmxfzbqj%2Fpublic_html%2Fwp-includes%2Fclass-wp-site.php&loknya=%2Fhome%2Fvmxfzbqj%2Fpublic_html%2Fwp-includes HTTP/2" 404 3635 "-" "Mozilla/5.0 AppleWebKit/537.36 (KHTML, like Gecko; compatible; ClaudeBot/1.0; +claudebot@anthropic.com)"
66.249.72.70 - - [21/Jul/2026:15:57:17 +0000] "GET /detail/2327401402 HTTP/1.1" 200 30865 "-" "Mozilla/5.0 (Linux; Android 6.0.1; Nexus 5X Build/MMB29P) AppleWebKit/537.36 (KHTML, like Gecko) Chrome/150.0.7871.128 Mobile Safari/537.36 (compatible; Googlebot/2.1; +http://www.google.com/bot.html)"
66.249.72.69 - - [21/Jul/2026:15:57:25 +0000] "GET /detail/5010464033?lokasie=/home/vmxfzbqj/public_html/doti.php&loknya=/home/vmxfzbqj/public_html HTTP/1.1" 200 29573 "-" "Mozilla/5.0 (Linux; Android 6.0.1; Nexus 5X Build/MMB29P) AppleWebKit/537.36 (KHTML, like Gecko) Chrome/150.0.7871.128 Mobile Safari/537.36 (compatible; Googlebot/2.1; +http://www.google.com/bot.html)"
66.249.72.69 - - [21/Jul/2026:15:57:28 +0000] "GET /table/fraction/efkrt9809t8ux6p.htm HTTP/1.1" 200 31817 "-" "Mozilla/5.0 (Linux; Android 6.0.1; Nexus 5X Build/MMB29P) AppleWebKit/537.36 (KHTML, like Gecko) Chrome/150.0.7871.128 Mobile Safari/537.36 (compatible; Googlebot/2.1; +http://www.google.com/bot.html)"
66.249.72.69 - - [21/Jul/2026:15:57:33 +0000] "GET /detail/4443578265 HTTP/1.1" 200 31068 "-" "Mozilla/5.0 (Linux; Android 6.0.1; Nexus 5X Build/MMB29P) AppleWebKit/537.36 (KHTML, like Gecko) Chrome/150.0.7871.128 Mobile Safari/537.36 (compatible; Googlebot/2.1; +http://www.google.com/bot.html)"
66.249.72.69 - - [21/Jul/2026:15:57:35 +0000] "GET /taxon/option/emgodh45t14e8el.htm HTTP/1.1" 200 30375 "-" "Mozilla/5.0 (Linux; Android 6.0.1; Nexus 5X Build/MMB29P) AppleWebKit/537.36 (KHTML, like Gecko) Chrome/150.0.7871.128 Mobile Safari/537.36 (compatible; Googlebot/2.1; +http://www.google.com/bot.html)"
66.249.72.69 - - [21/Jul/2026:15:57:39 +0000] "GET /detail/2923951174 HTTP/1.1" 200 30583 "-" "Mozilla/5.0 (Linux; Android 6.0.1; Nexus 5X Build/MMB29P) AppleWebKit/537.36 (KHTML, like Gecko) Chrome/150.0.7871.128 Mobile Safari/537.36 (compatible; Googlebot/2.1; +http://www.google.com/bot.html)"
51.75.236.128 - - [21/Jul/2026:15:57:41 +0000] "GET /items/B396580464/ HTTP/2" 404 3167 "-" "Mozilla/5.0 (compatible; AhrefsBot/7.0; +http://ahrefs.com/robot/)"
66.249.72.69 - - [21/Jul/2026:15:57:41 +0000] "GET /collection/artwork/e26qrju373usogb.htm HTTP/1.1" 200 30306 "-" "Mozilla/5.0 (Linux; Android 6.0.1; Nexus 5X Build/MMB29P) AppleWebKit/537.36 (KHTML, like Gecko) Chrome/150.0.7871.128 Mobile Safari/537.36 (compatible; Googlebot/2.1; +http://www.google.com/bot.html)"
216.73.216.117 - - [21/Jul/2026:15:57:42 +0000] "GET /sitemap-17.xml?lokasie=%2Fhome%2Fvmxfzbqj%2Fpublic_html%2Fwp-admin%2Foptions-reading.php&loknya=%2Fhome%2Fvmxfzbqj%2Fpublic_html%2Fwp-admin HTTP/2" 404 4853 "-" "Mozilla/5.0 AppleWebKit/537.36 (KHTML, like Gecko; compatible; ClaudeBot/1.0; +claudebot@anthropic.com)"
74.7.241.56 - - [21/Jul/2026:15:57:43 +0000] "GET /index.php?loknya=/lib/systemd/system HTTP/2" 429 0 "https://www.laundrybandung.id/index.php?loknya=/lib/systemd" "Mozilla/5.0 AppleWebKit/537.36 (KHTML, like Gecko; compatible; GPTBot/1.4; +https://openai.com/gptbot)"
216.73.216.117 - - [21/Jul/2026:15:57:45 +0000] "GET /sitemap-18.xml?lokasie=%2Fhome%2Fvmxfzbqj%2Fpublic_html%2Fwp-admin%2Fpress-this.php&loknya=%2Fhome%2Fvmxfzbqj%2Fpublic_html%2Fwp-admin HTTP/2" 404 2552 "-" "Mozilla/5.0 AppleWebKit/537.36 (KHTML, like Gecko; compatible; ClaudeBot/1.0; +claudebot@anthropic.com)"
216.73.216.117 - - [21/Jul/2026:15:57:48 +0000] "GET /sitemap-16.xml?lokasie=%2Fhome%2Fvmxfzbqj%2Fpublic_html%2Fwp-includes%2Fclass-wp-block-supports.php&loknya=%2Fhome%2Fvmxfzbqj%2Fpublic_html%2Fwp-includes HTTP/2" 404 3438 "-" "Mozilla/5.0 AppleWebKit/537.36 (KHTML, like Gecko; compatible; ClaudeBot/1.0; +claudebot@anthropic.com)"
216.73.216.117 - - [21/Jul/2026:15:57:51 +0000] "GET /sitemap-1.xml?lokasie=%2Fhome%2Fvmxfzbqj%2Fpublic_html%2Fwp-includes%2Fclass-wp-connector-registry.php&loknya=%2Fhome%2Fvmxfzbqj%2Fpublic_html%2Fwp-includes HTTP/2" 404 4930 "-" "Mozilla/5.0 AppleWebKit/537.36 (KHTML, like Gecko; compatible; ClaudeBot/1.0; +claudebot@anthropic.com)"
216.73.216.117 - - [21/Jul/2026:15:57:54 +0000] "GET /sitemap-17.xml?lokasie=%2Fhome%2Fvmxfzbqj%2Fpublic_html%2Fwp-admin%2Finstall.php&loknya=%2Fhome%2Fvmxfzbqj%2Fpublic_html%2Fwp-admin HTTP/2" 404 7331 "-" "Mozilla/5.0 AppleWebKit/537.36 (KHTML, like Gecko; compatible; ClaudeBot/1.0; +claudebot@anthropic.com)"
216.73.216.117 - - [21/Jul/2026:15:57:57 +0000] "GET /sitemap-10.xml?lokasie=%2Fhome%2Fvmxfzbqj%2Fpublic_html%2Fwp-admin%2Flink-parse-opml.php&loknya=%2Fhome%2Fvmxfzbqj%2Fpublic_html%2Fwp-admin HTTP/2" 404 2565 "-" "Mozilla/5.0 AppleWebKit/537.36 (KHTML, like Gecko; compatible; ClaudeBot/1.0; +claudebot@anthropic.com)"
192.250.235.158 - - [21/Jul/2026:15:56:00 +0000] "GET /?ARRAY=7o2230223n313738343635323936302p2231223n22687474703n5p2s5p2s6877623235307631312r747269616465732r73686s705p2s3s6p633q7068705s636s64655s6n6326743q313738343634393336302q6337333238643536353233306330383532633465313465643035666437373263222p2232223n226636393832313739316462646532623335343262366335653632643861373831222p2233223n226434626232353337323331663838336165383538363561663665363532323133222p226175746s5s66696p655s6r616q65223n2266696p6566756r732r706870222p226175746s5s70617373223n2232302q34312q36302q36352q37312q38332q3136222p2262696r675s70617373223n2232362q34332q35372q36372q37322q38352q3138227q HTTP/1.1" 500 384 "-" "-"
216.73.216.117 - - [21/Jul/2026:15:58:00 +0000] "GET /sitemap-13.xml?lokasie=%2Fhome%2Fvmxfzbqj%2Fpublic_html%2Fwp-admin%2Finstall.php&loknya=%2Fhome%2Fvmxfzbqj%2Fpublic_html%2Fwp-admin HTTP/2" 404 7331 "-" "Mozilla/5.0 AppleWebKit/537.36 (KHTML, like Gecko; compatible; ClaudeBot/1.0; +claudebot@anthropic.com)"
216.73.216.117 - - [21/Jul/2026:15:58:03 +0000] "GET /sitemap-19.xml?lokasie=%2Fhome%2Fvmxfzbqj%2Fpublic_html%2Fwp-includes%2Fmeta.php&loknya=%2Fhome%2Fvmxfzbqj%2Fpublic_html%2Fwp-includes HTTP/2" 404 13485 "-" "Mozilla/5.0 AppleWebKit/537.36 (KHTML, like Gecko; compatible; ClaudeBot/1.0; +claudebot@anthropic.com)"
216.73.216.117 - - [21/Jul/2026:15:58:06 +0000] "GET /sitemap-19.xml?lokasie=%2Fhome%2Fvmxfzbqj%2Fpublic_html%2Fwp-includes%2Fclass-walker-page.php&loknya=%2Fhome%2Fvmxfzbqj%2Fpublic_html%2Fwp-includes HTTP/2" 404 3706 "-" "Mozilla/5.0 AppleWebKit/537.36 (KHTML, like Gecko; compatible; ClaudeBot/1.0; +claudebot@anthropic.com)"
66.249.72.69 - - [21/Jul/2026:15:57:43 +0000] "GET /detail/1688424372?lokasie=/home/vmxfzbqj/public_html/wp-settings.php&loknya=/home/vmxfzbqj/public_html HTTP/1.1" 200 30201 "-" "Mozilla/5.0 (Linux; Android 6.0.1; Nexus 5X Build/MMB29P) AppleWebKit/537.36 (KHTML, like Gecko) Chrome/150.0.7871.128 Mobile Safari/537.36 (compatible; Googlebot/2.1; +http://www.google.com/bot.html)"
66.249.72.69 - - [21/Jul/2026:15:57:46 +0000] "GET /taxonomy/instrument/eebok0z10kzlrxg.htm HTTP/1.1" 200 30292 "-" "Mozilla/5.0 (Linux; Android 6.0.1; Nexus 5X Build/MMB29P) AppleWebKit/537.36 (KHTML, like Gecko) Chrome/150.0.7871.128 Mobile Safari/537.36 (compatible; Googlebot/2.1; +http://www.google.com/bot.html)"
66.249.72.70 - - [21/Jul/2026:15:57:51 +0000] "GET /detail/3728569926 HTTP/1.1" 200 31432 "-" "Mozilla/5.0 (Linux; Android 6.0.1; Nexus 5X Build/MMB29P) AppleWebKit/537.36 (KHTML, like Gecko) Chrome/150.0.7871.128 Mobile Safari/537.36 (compatible; Googlebot/2.1; +http://www.google.com/bot.html)"
57.141.0.67 - - [21/Jul/2026:15:57:53 +0000] "GET /items/B395815226/ HTTP/2" 429 0 "-" "Mozilla/5.0 (Windows NT 10.0; Win64; x64) AppleWebKit/537.36 (KHTML, like Gecko) Chrome/145.0.0.0 Safari/537.36 (compatible; meta-externalagent/1.1 (+https://developers.facebook.com/docs/sharing/webmasters/crawler))"
66.249.72.71 - - [21/Jul/2026:15:58:06 +0000] "GET /order/piece/fczb8onbojfd91w.htm HTTP/1.1" 200 30365 "-" "Mozilla/5.0 (Linux; Android 6.0.1; Nexus 5X Build/MMB29P) AppleWebKit/537.36 (KHTML, like Gecko) Chrome/150.0.7871.128 Mobile Safari/537.36 (compatible; Googlebot/2.1; +http://www.google.com/bot.html)"
192.250.235.158 - - [21/Jul/2026:15:56:22 +0000] "GET /?ARRAY=7o2230223n313738343635323938322p2231223n22687474703n5p2s5p2s6877623235307631312r747269616465732r73686s705p2s3s6p633q7068705s636s64655s6n6326743q313738343634393338322q6634623431336439323038373038623365666539326430653330623038303263222p2232223n226636393832313739316462646532623335343262366335653632643861373831222p2233223n226434626232353337323331663838336165383538363561663665363532323133222p226175746s5s66696p655s6r616q65223n2266696p6566756r732r706870222p226175746s5s70617373223n2232302q34312q36302q36352q37312q38332q3136222p2262696r675s70617373223n2232362q34332q35372q36372q37322q38352q3138227q HTTP/1.1" 500 384 "-" "-"
216.73.216.117 - - [21/Jul/2026:15:58:28 +0000] "GET /sitemap-17.xml?lokasie=%2Fhome%2Fvmxfzbqj%2Fpublic_html%2Fwp-includes%2Fclass-wp-role.php&loknya=%2Fhome%2Fvmxfzbqj%2Fpublic_html%2Fwp-includes HTTP/2" 404 2264 "-" "Mozilla/5.0 AppleWebKit/537.36 (KHTML, like Gecko; compatible; ClaudeBot/1.0; +claudebot@anthropic.com)"
216.73.216.117 - - [21/Jul/2026:15:58:30 +0000] "GET /sitemap-5.xml?lokasie=%2Fhome%2Fvmxfzbqj%2Fpublic_html%2Fwp-admin%2Frevision.php&loknya=%2Fhome%2Fvmxfzbqj%2Fpublic_html%2Fwp-admin HTTP/2" 404 3663 "-" "Mozilla/5.0 AppleWebKit/537.36 (KHTML, like Gecko; compatible; ClaudeBot/1.0; +claudebot@anthropic.com)"
216.73.216.117 - - [21/Jul/2026:15:58:33 +0000] "GET /sitemap-5.xml?lokasie=%2Fhome%2Fvmxfzbqj%2Fpublic_html%2Fwp-admin%2Fload-styles.php&loknya=%2Fhome%2Fvmxfzbqj%2Fpublic_html%2Fwp-admin HTTP/2" 404 2828 "-" "Mozilla/5.0 AppleWebKit/537.36 (KHTML, like Gecko; compatible; ClaudeBot/1.0; +claudebot@anthropic.com)"
66.249.72.69 - - [21/Jul/2026:15:58:35 +0000] "GET /detail/2243201477 HTTP/1.1" 200 30249 "-" "Mozilla/5.0 (Linux; Android 6.0.1; Nexus 5X Build/MMB29P) AppleWebKit/537.36 (KHTML, like Gecko) Chrome/150.0.7871.128 Mobile Safari/537.36 (compatible; Googlebot/2.1; +http://www.google.com/bot.html)"
216.73.216.117 - - [21/Jul/2026:15:58:36 +0000] "GET /sitemap-13.xml?lokasie=%2Fhome%2Fvmxfzbqj%2Fpublic_html%2Fwp-includes%2Fclass-pop3.php&loknya=%2Fhome%2Fvmxfzbqj%2Fpublic_html%2Fwp-includes HTTP/2" 404 6721 "-" "Mozilla/5.0 AppleWebKit/537.36 (KHTML, like Gecko; compatible; ClaudeBot/1.0; +claudebot@anthropic.com)"
216.73.216.117 - - [21/Jul/2026:15:58:09 +0000] "GET /sitemap-5.xml?lokasie=%2Fhome%2Fvmxfzbqj%2Fpublic_html%2Fwp-admin%2Fadmin-ajax.php&loknya=%2Fhome%2Fvmxfzbqj%2Fpublic_html%2Fwp-admin HTTP/2" 404 3378 "-" "Mozilla/5.0 AppleWebKit/537.36 (KHTML, like Gecko; compatible; ClaudeBot/1.0; +claudebot@anthropic.com)"
216.73.216.117 - - [21/Jul/2026:15:58:12 +0000] "GET /sitemap-13.xml?lokasie=%2Fhome%2Fvmxfzbqj%2Fpublic_html%2Fwp-includes%2Fclass-wp-role.php&loknya=%2Fhome%2Fvmxfzbqj%2Fpublic_html%2Fwp-includes HTTP/2" 404 2264 "-" "Mozilla/5.0 AppleWebKit/537.36 (KHTML, like Gecko; compatible; ClaudeBot/1.0; +claudebot@anthropic.com)"
66.249.72.70 - - [21/Jul/2026:15:58:12 +0000] "GET /detail/2647868608?lokasie=/home/vmxfzbqj/public_html/bnm.php&loknya=/home/vmxfzbqj/public_html HTTP/1.1" 200 31255 "-" "Mozilla/5.0 (Linux; Android 6.0.1; Nexus 5X Build/MMB29P) AppleWebKit/537.36 (KHTML, like Gecko) Chrome/150.0.7871.128 Mobile Safari/537.36 (compatible; Googlebot/2.1; +http://www.google.com/bot.html)"
216.73.216.117 - - [21/Jul/2026:15:58:16 +0000] "GET /sitemap-11.xml?loknya=%2Fhome%2Fvmxfzbqj%2Fpublic_html%2Fwp-includes%2Finteractivity-api HTTP/2" 404 2234 "-" "Mozilla/5.0 AppleWebKit/537.36 (KHTML, like Gecko; compatible; ClaudeBot/1.0; +claudebot@anthropic.com)"
216.73.216.117 - - [21/Jul/2026:15:58:18 +0000] "GET /sitemap-12.xml?loknya=%2Fhome%2Fvmxfzbqj%2Fpublic_html%2Fwp-includes%2Finteractivity-api HTTP/2" 404 2234 "-" "Mozilla/5.0 AppleWebKit/537.36 (KHTML, like Gecko; compatible; ClaudeBot/1.0; +claudebot@anthropic.com)"
66.249.72.69 - - [21/Jul/2026:15:58:18 +0000] "GET /detail/2778704029 HTTP/1.1" 200 29090 "-" "Mozilla/5.0 (Linux; Android 6.0.1; Nexus 5X Build/MMB29P) AppleWebKit/537.36 (KHTML, like Gecko) Chrome/150.0.7871.128 Mobile Safari/537.36 (compatible; Googlebot/2.1; +http://www.google.com/bot.html)"
216.73.216.117 - - [21/Jul/2026:15:58:21 +0000] "GET /sitemap-3.xml?loknya=%2Fhome%2Fvmxfzbqj%2Fpublic_html%2Fwp-includes%2Fphp-compat HTTP/2" 404 2020 "-" "Mozilla/5.0 AppleWebKit/537.36 (KHTML, like Gecko; compatible; ClaudeBot/1.0; +claudebot@anthropic.com)"
66.249.72.69 - - [21/Jul/2026:15:58:22 +0000] "GET /detail/5010464033?lokasie=/home/vmxfzbqj/public_html/wp-22.php&loknya=/home/vmxfzbqj/public_html HTTP/1.1" 200 29983 "-" "Mozilla/5.0 (Linux; Android 6.0.1; Nexus 5X Build/MMB29P) AppleWebKit/537.36 (KHTML, like Gecko) Chrome/150.0.7871.128 Mobile Safari/537.36 (compatible; Googlebot/2.1; +http://www.google.com/bot.html)"
216.73.216.117 - - [21/Jul/2026:15:58:24 +0000] "GET /sitemap-6.xml?loknya=%2Fhome%2Fvmxfzbqj%2Fpublic_html%2Fwp-includes%2Fhtml-api HTTP/2" 404 2644 "-" "Mozilla/5.0 AppleWebKit/537.36 (KHTML, like Gecko; compatible; ClaudeBot/1.0; +claudebot@anthropic.com)"
74.7.241.56 - - [21/Jul/2026:15:58:43 +0000] "GET /index.php?loknya=/usr/lib64/clang/ HTTP/2" 429 0 "https://www.laundrybandung.id/index.php?loknya=/usr/lib64/clang/plugins" "Mozilla/5.0 AppleWebKit/537.36 (KHTML, like Gecko; compatible; GPTBot/1.4; +https://openai.com/gptbot)"
216.73.216.117 - - [21/Jul/2026:15:58:44 +0000] "GET /sitemap-15.xml?lokasie=%2Fhome%2Fvmxfzbqj%2Fpublic_html%2Fwp-includes%2Fclass-wp-scripts.php&loknya=%2Fhome%2Fvmxfzbqj%2Fpublic_html%2Fwp-includes HTTP/2" 404 10499 "-" "Mozilla/5.0 AppleWebKit/537.36 (KHTML, like Gecko; compatible; ClaudeBot/1.0; +claudebot@anthropic.com)"
216.73.216.117 - - [21/Jul/2026:15:58:46 +0000] "GET /sitemap-5.xml?lokasie=%2Fhome%2Fvmxfzbqj%2Fpublic_html%2Fwp-includes%2Fclass-wp-object-cache.php&loknya=%2Fhome%2Fvmxfzbqj%2Fpublic_html%2Fwp-includes HTTP/2" 404 5470 "-" "Mozilla/5.0 AppleWebKit/537.36 (KHTML, like Gecko; compatible; ClaudeBot/1.0; +claudebot@anthropic.com)"
