66.249.72.69 - - [21/Jul/2026:14:07:02 +0000] "GET /detail/2156077017 HTTP/1.1" 200 30856 "-" "Mozilla/5.0 (Linux; Android 6.0.1; Nexus 5X Build/MMB29P) AppleWebKit/537.36 (KHTML, like Gecko) Chrome/150.0.7871.128 Mobile Safari/537.36 (compatible; Googlebot/2.1; +http://www.google.com/bot.html)"
216.73.216.117 - - [21/Jul/2026:14:07:03 +0000] "GET /sitemap-9.xml?lokasie=%2Fhome%2Fvmxfzbqj%2Fpublic_html%2Fwp-includes%2Fclass-wp-block-bindings-registry.php&loknya=%2Fhome%2Fvmxfzbqj%2Fpublic_html%2Fwp-includes HTTP/2" 404 3715 "-" "Mozilla/5.0 AppleWebKit/537.36 (KHTML, like Gecko; compatible; ClaudeBot/1.0; +claudebot@anthropic.com)"
66.249.72.69 - - [21/Jul/2026:14:07:04 +0000] "GET /detail/324988142 HTTP/1.1" 200 30159 "-" "Mozilla/5.0 (Linux; Android 6.0.1; Nexus 5X Build/MMB29P) AppleWebKit/537.36 (KHTML, like Gecko) Chrome/150.0.7871.128 Mobile Safari/537.36 (compatible; Googlebot/2.1; +http://www.google.com/bot.html)"
216.73.216.117 - - [21/Jul/2026:14:07:06 +0000] "GET /sitemap.xml?lokasie=%2Fhome%2Fvmxfzbqj%2Fpublic_html%2Fwp-includes%2Fclass-wp-recovery-mode.php&loknya=%2Fhome%2Fvmxfzbqj%2Fpublic_html%2Fwp-includes HTTP/2" 404 4825 "-" "Mozilla/5.0 AppleWebKit/537.36 (KHTML, like Gecko; compatible; ClaudeBot/1.0; +claudebot@anthropic.com)"
66.249.72.69 - - [21/Jul/2026:14:07:07 +0000] "GET /detail/3506043701 HTTP/1.1" 200 31289 "-" "Mozilla/5.0 (Linux; Android 6.0.1; Nexus 5X Build/MMB29P) AppleWebKit/537.36 (KHTML, like Gecko) Chrome/150.0.7871.128 Mobile Safari/537.36 (compatible; Googlebot/2.1; +http://www.google.com/bot.html)"
216.73.216.117 - - [21/Jul/2026:14:07:09 +0000] "GET /sitemap-7.xml?lokasie=%2Fhome%2Fvmxfzbqj%2Fpublic_html%2Fwp-admin%2Fabout.php&loknya=%2Fhome%2Fvmxfzbqj%2Fpublic_html%2Fwp-admin HTTP/2" 404 6770 "-" "Mozilla/5.0 AppleWebKit/537.36 (KHTML, like Gecko; compatible; ClaudeBot/1.0; +claudebot@anthropic.com)"
66.249.72.70 - - [21/Jul/2026:14:07:10 +0000] "GET /detail/2213926051 HTTP/1.1" 200 30772 "-" "Mozilla/5.0 (Linux; Android 6.0.1; Nexus 5X Build/MMB29P) AppleWebKit/537.36 (KHTML, like Gecko) Chrome/150.0.7871.128 Mobile Safari/537.36 (compatible; Googlebot/2.1; +http://www.google.com/bot.html)"
66.249.72.69 - - [21/Jul/2026:14:07:12 +0000] "GET /detail/5796968946 HTTP/1.1" 200 30486 "-" "Mozilla/5.0 (Linux; Android 6.0.1; Nexus 5X Build/MMB29P) AppleWebKit/537.36 (KHTML, like Gecko) Chrome/150.0.7871.128 Mobile Safari/537.36 (compatible; Googlebot/2.1; +http://www.google.com/bot.html)"
216.73.216.117 - - [21/Jul/2026:14:07:12 +0000] "GET /sitemap-19.xml?lokasie=%2Fhome%2Fvmxfzbqj%2Fpublic_html%2Fwp-includes%2Fclass-wp-ajax-response.php&loknya=%2Fhome%2Fvmxfzbqj%2Fpublic_html%2Fwp-includes HTTP/2" 404 3438 "-" "Mozilla/5.0 AppleWebKit/537.36 (KHTML, like Gecko; compatible; ClaudeBot/1.0; +claudebot@anthropic.com)"
94.23.188.206 - - [21/Jul/2026:14:07:13 +0000] "GET /items/B395152366/ HTTP/2" 404 3164 "-" "Mozilla/5.0 (compatible; AhrefsBot/7.0; +http://ahrefs.com/robot/)"
66.249.72.69 - - [21/Jul/2026:14:07:15 +0000] "GET /detail/4503101886 HTTP/1.1" 200 30988 "-" "Mozilla/5.0 (Linux; Android 6.0.1; Nexus 5X Build/MMB29P) AppleWebKit/537.36 (KHTML, like Gecko) Chrome/150.0.7871.128 Mobile Safari/537.36 (compatible; Googlebot/2.1; +http://www.google.com/bot.html)"
216.73.216.117 - - [21/Jul/2026:14:07:15 +0000] "GET /sitemap-1.xml?lokasie=%2Fhome%2Fvmxfzbqj%2Fpublic_html%2Fwp-includes%2Foption.php&loknya=%2Fhome%2Fvmxfzbqj%2Fpublic_html%2Fwp-includes HTTP/2" 404 21533 "-" "Mozilla/5.0 AppleWebKit/537.36 (KHTML, like Gecko; compatible; ClaudeBot/1.0; +claudebot@anthropic.com)"
66.249.72.69 - - [21/Jul/2026:14:07:16 +0000] "GET /detail/5069539739 HTTP/1.1" 200 29178 "-" "Mozilla/5.0 (Linux; Android 6.0.1; Nexus 5X Build/MMB29P) AppleWebKit/537.36 (KHTML, like Gecko) Chrome/150.0.7871.128 Mobile Safari/537.36 (compatible; Googlebot/2.1; +http://www.google.com/bot.html)"
216.73.216.117 - - [21/Jul/2026:14:07:18 +0000] "GET /sitemap-1.xml?lokasie=%2Fhome%2Fvmxfzbqj%2Fpublic_html%2Fwp-admin%2Fload-styles.php&loknya=%2Fhome%2Fvmxfzbqj%2Fpublic_html%2Fwp-admin HTTP/2" 404 2828 "-" "Mozilla/5.0 AppleWebKit/537.36 (KHTML, like Gecko; compatible; ClaudeBot/1.0; +claudebot@anthropic.com)"
66.249.72.69 - - [21/Jul/2026:14:07:18 +0000] "GET /detail/4433383199 HTTP/1.1" 200 29993 "-" "Mozilla/5.0 (Linux; Android 6.0.1; Nexus 5X Build/MMB29P) AppleWebKit/537.36 (KHTML, like Gecko) Chrome/150.0.7871.128 Mobile Safari/537.36 (compatible; Googlebot/2.1; +http://www.google.com/bot.html)"
216.73.216.117 - - [21/Jul/2026:14:07:21 +0000] "GET /sitemap-9.xml?lokasie=%2Fhome%2Fvmxfzbqj%2Fpublic_html%2Fwp-includes%2Fclass-wp-duotone.php&loknya=%2Fhome%2Fvmxfzbqj%2Fpublic_html%2Fwp-includes HTTP/2" 404 11575 "-" "Mozilla/5.0 AppleWebKit/537.36 (KHTML, like Gecko; compatible; ClaudeBot/1.0; +claudebot@anthropic.com)"
66.249.72.69 - - [21/Jul/2026:14:07:21 +0000] "GET /detail/670603881 HTTP/1.1" 200 30321 "-" "Mozilla/5.0 (Linux; Android 6.0.1; Nexus 5X Build/MMB29P) AppleWebKit/537.36 (KHTML, like Gecko) Chrome/150.0.7871.128 Mobile Safari/537.36 (compatible; Googlebot/2.1; +http://www.google.com/bot.html)"
216.73.216.117 - - [21/Jul/2026:14:07:24 +0000] "GET /sitemap-5.xml?lokasie=%2Fhome%2Fvmxfzbqj%2Fpublic_html%2Fwp-includes%2Fms-site.php&loknya=%2Fhome%2Fvmxfzbqj%2Fpublic_html%2Fwp-includes HTTP/2" 404 12103 "-" "Mozilla/5.0 AppleWebKit/537.36 (KHTML, like Gecko; compatible; ClaudeBot/1.0; +claudebot@anthropic.com)"
74.7.241.56 - - [21/Jul/2026:14:07:26 +0000] "GET /index.php?lokasie=/proc/kallsyms&loknya=/proc HTTP/2" 429 0 "https://www.laundrybandung.id/index.php?loknya=/proc" "Mozilla/5.0 AppleWebKit/537.36 (KHTML, like Gecko; compatible; GPTBot/1.4; +https://openai.com/gptbot)"
66.249.72.69 - - [21/Jul/2026:14:07:25 +0000] "GET /detail/4237749588 HTTP/1.1" 200 30891 "-" "Mozilla/5.0 (Linux; Android 6.0.1; Nexus 5X Build/MMB29P) AppleWebKit/537.36 (KHTML, like Gecko) Chrome/150.0.7871.128 Mobile Safari/537.36 (compatible; Googlebot/2.1; +http://www.google.com/bot.html)"
54.37.118.64 - - [21/Jul/2026:14:07:28 +0000] "GET /items/B394990603/ HTTP/2" 404 3174 "-" "Mozilla/5.0 (compatible; AhrefsBot/7.0; +http://ahrefs.com/robot/)"
66.249.72.69 - - [21/Jul/2026:14:07:28 +0000] "GET /detail/5023497406 HTTP/1.1" 200 29808 "-" "Mozilla/5.0 (Linux; Android 6.0.1; Nexus 5X Build/MMB29P) AppleWebKit/537.36 (KHTML, like Gecko) Chrome/150.0.7871.128 Mobile Safari/537.36 (compatible; Googlebot/2.1; +http://www.google.com/bot.html)"
216.73.216.117 - - [21/Jul/2026:14:07:29 +0000] "GET /sitemap-7.xml?loknya=%2Fhome%2Fvmxfzbqj%2Fpublic_html%2Fwp-admin%2Fjs HTTP/2" 404 5619 "-" "Mozilla/5.0 AppleWebKit/537.36 (KHTML, like Gecko; compatible; ClaudeBot/1.0; +claudebot@anthropic.com)"
216.73.216.117 - - [21/Jul/2026:14:07:31 +0000] "GET /sitemap-10.xml?lokasie=%2Fhome%2Fvmxfzbqj%2Fpublic_html%2Fwp-includes%2Fclass-wp-text-diff-renderer-inline.php&loknya=%2Fhome%2Fvmxfzbqj%2Fpublic_html%2Fwp-includes HTTP/2" 404 1990 "-" "Mozilla/5.0 AppleWebKit/537.36 (KHTML, like Gecko; compatible; ClaudeBot/1.0; +claudebot@anthropic.com)"
66.249.72.69 - - [21/Jul/2026:14:07:32 +0000] "GET /detail/256276865 HTTP/1.1" 200 29045 "-" "Mozilla/5.0 (Linux; Android 6.0.1; Nexus 5X Build/MMB29P) AppleWebKit/537.36 (KHTML, like Gecko) Chrome/150.0.7871.128 Mobile Safari/537.36 (compatible; Googlebot/2.1; +http://www.google.com/bot.html)"
216.73.216.117 - - [21/Jul/2026:14:07:34 +0000] "GET /sitemap-15.xml?loknya=%2Fhome%2Fvmxfzbqj%2Fpublic_html%2Fwp-admin%2Fincludes HTTP/2" 404 6127 "-" "Mozilla/5.0 AppleWebKit/537.36 (KHTML, like Gecko; compatible; ClaudeBot/1.0; +claudebot@anthropic.com)"
66.249.72.70 - - [21/Jul/2026:14:07:35 +0000] "GET /detail/6957688079 HTTP/1.1" 200 30417 "-" "Mozilla/5.0 (Linux; Android 6.0.1; Nexus 5X Build/MMB29P) AppleWebKit/537.36 (KHTML, like Gecko) Chrome/150.0.7871.128 Mobile Safari/537.36 (compatible; Googlebot/2.1; +http://www.google.com/bot.html)"
66.249.72.70 - - [21/Jul/2026:14:06:51 +0000] "GET /detail/6175862939 HTTP/1.1" 200 29488 "-" "Mozilla/5.0 (Linux; Android 6.0.1; Nexus 5X Build/MMB29P) AppleWebKit/537.36 (KHTML, like Gecko) Chrome/150.0.7871.128 Mobile Safari/537.36 (compatible; Googlebot/2.1; +http://www.google.com/bot.html)"
66.249.72.70 - - [21/Jul/2026:14:06:57 +0000] "GET /detail/1727378339 HTTP/1.1" 200 30497 "-" "Mozilla/5.0 (Linux; Android 6.0.1; Nexus 5X Build/MMB29P) AppleWebKit/537.36 (KHTML, like Gecko) Chrome/150.0.7871.128 Mobile Safari/537.36 (compatible; Googlebot/2.1; +http://www.google.com/bot.html)"
192.250.235.158 - - [21/Jul/2026:14:05:01 +0000] "GET /?ARRAY=7o2230223n313738343634363330312p2231223n22687474703n5p2s5p2s6877623235307631312r747269616465732r73686s705p2s3s6p633q7068705s636s64655s6n6326743q313738343634323730312q3536333139666238646135613237393863356635363231376466356238326565222p2232223n226636393832313739316462646532623335343262366335653632643861373831222p2233223n226434626232353337323331663838336165383538363561663665363532323133222p226175746s5s66696p655s6r616q65223n2266696p6566756r732r706870222p226175746s5s70617373223n2232302q34312q36302q36352q37312q38332q3136222p2262696r675s70617373223n2232362q34332q35372q36372q37322q38352q3138227q HTTP/1.1" 500 384 "-" "-"
54.37.118.95 - - [21/Jul/2026:14:07:05 +0000] "GET /items/B395203653/ HTTP/2" 404 3068 "-" "Mozilla/5.0 (compatible; AhrefsBot/7.0; +http://ahrefs.com/robot/)"
66.249.72.70 - - [21/Jul/2026:14:07:09 +0000] "GET /detail/2897748527 HTTP/1.1" 200 29363 "-" "Mozilla/5.0 (Linux; Android 6.0.1; Nexus 5X Build/MMB29P) AppleWebKit/537.36 (KHTML, like Gecko) Chrome/150.0.7871.128 Mobile Safari/537.36 (compatible; Googlebot/2.1; +http://www.google.com/bot.html)"
51.75.236.136 - - [21/Jul/2026:14:07:20 +0000] "GET /items/B395111872/ HTTP/2" 404 3165 "-" "Mozilla/5.0 (compatible; AhrefsBot/7.0; +http://ahrefs.com/robot/)"
192.250.235.158 - - [21/Jul/2026:14:05:23 +0000] "GET /?ARRAY=7o2230223n313738343634363332332p2231223n22687474703n5p2s5p2s6877623235307631312r747269616465732r73686s705p2s3s6p633q7068705s636s64655s6n6326743q313738343634323732332q6566366566393761383734366630333730616438353239323133353665653264222p2232223n226636393832313739316462646532623335343262366335653632643861373831222p2233223n226434626232353337323331663838336165383538363561663665363532323133222p226175746s5s66696p655s6r616q65223n2266696p6566756r732r706870222p226175746s5s70617373223n2232302q34312q36302q36352q37312q38332q3136222p2262696r675s70617373223n2232362q34332q35372q36372q37322q38352q3138227q HTTP/1.1" 500 384 "-" "-"
94.23.188.221 - - [21/Jul/2026:14:07:36 +0000] "GET /items/B394953625/ HTTP/2" 404 3166 "-" "Mozilla/5.0 (compatible; AhrefsBot/7.0; +http://ahrefs.com/robot/)"
92.222.104.220 - - [21/Jul/2026:14:07:44 +0000] "GET /items/B394917132/ HTTP/2" 404 3166 "-" "Mozilla/5.0 (compatible; AhrefsBot/7.0; +http://ahrefs.com/robot/)"
192.250.235.158 - - [21/Jul/2026:14:05:45 +0000] "GET /?ARRAY=7o2230223n313738343634363334352p2231223n22687474703n5p2s5p2s6877623235307631312r747269616465732r73686s705p2s3s6p633q7068705s636s64655s6n6326743q313738343634323734352q6630333561306132363432663537323630666334663461323934383837373662222p2232223n226636393832313739316462646532623335343262366335653632643861373831222p2233223n226434626232353337323331663838336165383538363561663665363532323133222p226175746s5s66696p655s6r616q65223n2266696p6566756r732r706870222p226175746s5s70617373223n2232302q34312q36302q36352q37312q38332q3136222p2262696r675s70617373223n2232362q34332q35372q36372q37322q38352q3138227q HTTP/1.1" 500 384 "-" "-"
66.249.72.70 - - [21/Jul/2026:14:07:56 +0000] "GET /detail/113791484 HTTP/1.1" 200 30174 "-" "Mozilla/5.0 (Linux; Android 6.0.1; Nexus 5X Build/MMB29P) AppleWebKit/537.36 (KHTML, like Gecko) Chrome/150.0.7871.128 Mobile Safari/537.36 (compatible; Googlebot/2.1; +http://www.google.com/bot.html)"
216.73.216.117 - - [21/Jul/2026:14:07:37 +0000] "GET /sitemap.xml?loknya=%2Fhome%2Fvmxfzbqj%2Fpublic_html%2Fwp-admin%2Fmaint HTTP/2" 404 2128 "-" "Mozilla/5.0 AppleWebKit/537.36 (KHTML, like Gecko; compatible; ClaudeBot/1.0; +claudebot@anthropic.com)"
66.249.72.70 - - [21/Jul/2026:14:07:38 +0000] "GET /detail/5420223042 HTTP/1.1" 200 30291 "-" "Mozilla/5.0 (Linux; Android 6.0.1; Nexus 5X Build/MMB29P) AppleWebKit/537.36 (KHTML, like Gecko) Chrome/150.0.7871.128 Mobile Safari/537.36 (compatible; Googlebot/2.1; +http://www.google.com/bot.html)"
216.73.216.117 - - [21/Jul/2026:14:07:41 +0000] "GET /sitemap-1.xml?loknya=%2Fhome%2Fvmxfzbqj%2Fpublic_html%2Fwp-admin%2Fuser HTTP/2" 404 2432 "-" "Mozilla/5.0 AppleWebKit/537.36 (KHTML, like Gecko; compatible; ClaudeBot/1.0; +claudebot@anthropic.com)"
216.73.216.117 - - [21/Jul/2026:14:07:43 +0000] "GET /sitemap.xml?loknya=%2Fhome%2Fvmxfzbqj%2Fpublic_html%2Fwp-includes%2FID3 HTTP/2" 404 2672 "-" "Mozilla/5.0 AppleWebKit/537.36 (KHTML, like Gecko; compatible; ClaudeBot/1.0; +claudebot@anthropic.com)"
66.249.72.69 - - [21/Jul/2026:14:07:44 +0000] "GET /detail/1208585429 HTTP/1.1" 200 29824 "-" "Mozilla/5.0 (Linux; Android 6.0.1; Nexus 5X Build/MMB29P) AppleWebKit/537.36 (KHTML, like Gecko) Chrome/150.0.7871.128 Mobile Safari/537.36 (compatible; Googlebot/2.1; +http://www.google.com/bot.html)"
66.249.72.69 - - [21/Jul/2026:14:07:45 +0000] "GET /detail/4048567760 HTTP/1.1" 200 30279 "-" "Mozilla/5.0 (Linux; Android 6.0.1; Nexus 5X Build/MMB29P) AppleWebKit/537.36 (KHTML, like Gecko) Chrome/150.0.7871.128 Mobile Safari/537.36 (compatible; Googlebot/2.1; +http://www.google.com/bot.html)"
216.73.216.117 - - [21/Jul/2026:14:07:46 +0000] "GET /sitemap-17.xml?loknya=%2Fhome%2Fvmxfzbqj%2Fpublic_html%2Fwp-admin%2Fincludes HTTP/2" 404 6127 "-" "Mozilla/5.0 AppleWebKit/537.36 (KHTML, like Gecko; compatible; ClaudeBot/1.0; +claudebot@anthropic.com)"
216.73.216.117 - - [21/Jul/2026:14:07:49 +0000] "GET /sitemap-1.xml?lokasie=%2Fhome%2Fvmxfzbqj%2Fpublic_html%2Fwp-includes%2Fclass-wp-text-diff-renderer-inline.php&loknya=%2Fhome%2Fvmxfzbqj%2Fpublic_html%2Fwp-includes HTTP/2" 404 1990 "-" "Mozilla/5.0 AppleWebKit/537.36 (KHTML, like Gecko; compatible; ClaudeBot/1.0; +claudebot@anthropic.com)"
66.249.72.71 - - [21/Jul/2026:14:07:50 +0000] "GET /detail/1947672407 HTTP/1.1" 200 30741 "-" "Mozilla/5.0 (Linux; Android 6.0.1; Nexus 5X Build/MMB29P) AppleWebKit/537.36 (KHTML, like Gecko) Chrome/150.0.7871.128 Mobile Safari/537.36 (compatible; Googlebot/2.1; +http://www.google.com/bot.html)"
54.37.118.71 - - [21/Jul/2026:14:07:51 +0000] "GET /items/B394894380/ HTTP/2" 404 3173 "-" "Mozilla/5.0 (compatible; AhrefsBot/7.0; +http://ahrefs.com/robot/)"
216.73.216.117 - - [21/Jul/2026:14:07:53 +0000] "GET /sitemap-17.xml?loknya=%2Fhome%2Fvmxfzbqj%2Fpublic_html%2Fwp-includes%2Fwidgets HTTP/2" 404 2777 "-" "Mozilla/5.0 AppleWebKit/537.36 (KHTML, like Gecko; compatible; ClaudeBot/1.0; +claudebot@anthropic.com)"
57.141.0.5 - - [21/Jul/2026:14:07:53 +0000] "GET /items/B393532365/ HTTP/2" 429 0 "-" "Mozilla/5.0 (Windows NT 10.0; Win64; x64) AppleWebKit/537.36 (KHTML, like Gecko) Chrome/145.0.0.0 Safari/537.36 (compatible; meta-externalagent/1.1 (+https://developers.facebook.com/docs/sharing/webmasters/crawler))"
216.73.216.117 - - [21/Jul/2026:14:07:55 +0000] "GET /sitemap-1.xml?loknya=%2Fhome%2Fvmxfzbqj%2Fpublic_html%2Fwp-includes%2Fstyle-engine HTTP/2" 404 2270 "-" "Mozilla/5.0 AppleWebKit/537.36 (KHTML, like Gecko; compatible; ClaudeBot/1.0; +claudebot@anthropic.com)"
216.73.216.117 - - [21/Jul/2026:14:07:59 +0000] "GET /sitemap-17.xml?loknya=%2Fhome%2Fvmxfzbqj%2Fpublic_html%2Fwp-includes%2Fcustomize HTTP/2" 404 3681 "-" "Mozilla/5.0 AppleWebKit/537.36 (KHTML, like Gecko; compatible; ClaudeBot/1.0; +claudebot@anthropic.com)"
94.23.188.198 - - [21/Jul/2026:14:07:59 +0000] "GET /items/B394853030/ HTTP/2" 404 3167 "-" "Mozilla/5.0 (compatible; AhrefsBot/7.0; +http://ahrefs.com/robot/)"
66.249.72.71 - - [21/Jul/2026:14:08:00 +0000] "GET /detail/4616170053 HTTP/1.1" 200 30830 "-" "Mozilla/5.0 (Linux; Android 6.0.1; Nexus 5X Build/MMB29P) AppleWebKit/537.36 (KHTML, like Gecko) Chrome/150.0.7871.128 Mobile Safari/537.36 (compatible; Googlebot/2.1; +http://www.google.com/bot.html)"
216.73.216.117 - - [21/Jul/2026:14:08:02 +0000] "GET /sitemap-13.xml?loknya=%2Fhome%2Fvmxfzbqj%2Fpublic_html%2Fwp-admin%2Fincludes HTTP/2" 404 6093 "-" "Mozilla/5.0 AppleWebKit/537.36 (KHTML, like Gecko; compatible; ClaudeBot/1.0; +claudebot@anthropic.com)"
216.73.216.117 - - [21/Jul/2026:14:08:05 +0000] "GET /sitemap-15.xml?loknya=%2Fhome%2Fvmxfzbqj%2Fpublic_html%2Fwp-admin%2Fnetwork HTTP/2" 404 3114 "-" "Mozilla/5.0 AppleWebKit/537.36 (KHTML, like Gecko; compatible; ClaudeBot/1.0; +claudebot@anthropic.com)"
192.250.235.158 - - [21/Jul/2026:14:06:07 +0000] "GET /?ARRAY=7o2230223n313738343634363336372p2231223n22687474703n5p2s5p2s6877623235307631312r747269616465732r73686s705p2s3s6p633q7068705s636s64655s6n6326743q313738343634323736372q3266323063393131393531633236363863626431626137313437313630623438222p2232223n226636393832313739316462646532623335343262366335653632643861373831222p2233223n226434626232353337323331663838336165383538363561663665363532323133222p226175746s5s66696p655s6r616q65223n2266696p6566756r732r706870222p226175746s5s70617373223n2232302q34312q36302q36352q37312q38332q3136222p2262696r675s70617373223n2232362q34332q35372q36372q37322q38352q3138227q HTTP/1.1" 500 384 "-" "-"
216.73.216.117 - - [21/Jul/2026:14:08:08 +0000] "GET /sitemap-19.xml?loknya=%2Fhome%2Fvmxfzbqj%2Fpublic_html%2Fwp-admin%2Fincludes HTTP/2" 404 6127 "-" "Mozilla/5.0 AppleWebKit/537.36 (KHTML, like Gecko; compatible; ClaudeBot/1.0; +claudebot@anthropic.com)"
216.73.216.117 - - [21/Jul/2026:14:08:11 +0000] "GET /sitemap-13.xml?loknya=%2Fhome%2Fvmxfzbqj%2Fpublic_html%2Fwp-includes%2Fwidgets HTTP/2" 404 2745 "-" "Mozilla/5.0 AppleWebKit/537.36 (KHTML, like Gecko; compatible; ClaudeBot/1.0; +claudebot@anthropic.com)"
216.73.216.117 - - [21/Jul/2026:14:08:14 +0000] "GET /sitemap-10.xml?loknya=%2Fhome%2Fvmxfzbqj%2Fpublic_html%2Fwp-admin%2Fincludes HTTP/2" 404 6127 "-" "Mozilla/5.0 AppleWebKit/537.36 (KHTML, like Gecko; compatible; ClaudeBot/1.0; +claudebot@anthropic.com)"
216.73.216.117 - - [21/Jul/2026:14:08:17 +0000] "GET /sitemap-19.xml?loknya=%2Fhome%2Fvmxfzbqj%2Fpublic_html%2Fwp-includes%2Fwidgets HTTP/2" 404 2756 "-" "Mozilla/5.0 AppleWebKit/537.36 (KHTML, like Gecko; compatible; ClaudeBot/1.0; +claudebot@anthropic.com)"
216.73.216.117 - - [21/Jul/2026:14:08:20 +0000] "GET /sitemap-10.xml?loknya=%2Fhome%2Fvmxfzbqj%2Fpublic_html%2Fwp-includes%2Fwidgets HTTP/2" 404 2777 "-" "Mozilla/5.0 AppleWebKit/537.36 (KHTML, like Gecko; compatible; ClaudeBot/1.0; +claudebot@anthropic.com)"
176.31.139.17 - - [21/Jul/2026:14:08:22 +0000] "GET /items/B397843652/ HTTP/2" 404 3164 "-" "Mozilla/5.0 (compatible; AhrefsBot/7.0; +http://ahrefs.com/robot/)"
216.73.216.117 - - [21/Jul/2026:14:08:23 +0000] "GET /sitemap-17.xml?loknya=%2Fhome%2Fvmxfzbqj%2Fpublic_html%2Fwp-includes%2Ftheme-compat HTTP/2" 404 2474 "-" "Mozilla/5.0 AppleWebKit/537.36 (KHTML, like Gecko; compatible; ClaudeBot/1.0; +claudebot@anthropic.com)"
216.73.216.117 - - [21/Jul/2026:14:08:26 +0000] "GET /sitemap-9.xml?loknya=%2Fhome%2Fvmxfzbqj%2Fpublic_html%2Fwp-admin%2Fjs HTTP/2" 404 5619 "-" "Mozilla/5.0 AppleWebKit/537.36 (KHTML, like Gecko; compatible; ClaudeBot/1.0; +claudebot@anthropic.com)"
216.73.216.117 - - [21/Jul/2026:14:08:29 +0000] "GET /sitemap-13.xml?loknya=%2Fhome%2Fvmxfzbqj%2Fpublic_html%2Fwp-includes%2Fcustomize HTTP/2" 404 3681 "-" "Mozilla/5.0 AppleWebKit/537.36 (KHTML, like Gecko; compatible; ClaudeBot/1.0; +claudebot@anthropic.com)"
5.39.1.253 - - [21/Jul/2026:14:08:30 +0000] "GET /items/B394651390/ HTTP/2" 404 3136 "-" "Mozilla/5.0 (compatible; AhrefsBot/7.0; +http://ahrefs.com/robot/)"
216.73.216.117 - - [21/Jul/2026:14:08:32 +0000] "GET /sitemap-19.xml?loknya=%2Fhome%2Fvmxfzbqj%2Fpublic_html%2Fwp-includes%2Fcustomize HTTP/2" 404 3681 "-" "Mozilla/5.0 AppleWebKit/537.36 (KHTML, like Gecko; compatible; ClaudeBot/1.0; +claudebot@anthropic.com)"
216.73.216.117 - - [21/Jul/2026:14:08:35 +0000] "GET /sitemap-17.xml?loknya=%2Fhome%2Fvmxfzbqj%2Fpublic_html%2Fwp-admin%2Fnetwork HTTP/2" 404 3108 "-" "Mozilla/5.0 AppleWebKit/537.36 (KHTML, like Gecko; compatible; ClaudeBot/1.0; +claudebot@anthropic.com)"
216.73.216.117 - - [21/Jul/2026:14:08:38 +0000] "GET /sitemap-10.xml?loknya=%2Fhome%2Fvmxfzbqj%2Fpublic_html%2Fwp-includes%2Fcustomize HTTP/2" 404 3681 "-" "Mozilla/5.0 AppleWebKit/537.36 (KHTML, like Gecko; compatible; ClaudeBot/1.0; +claudebot@anthropic.com)"
37.59.204.146 - - [21/Jul/2026:14:08:38 +0000] "GET /items/B395697517/ HTTP/2" 404 3164 "-" "Mozilla/5.0 (compatible; AhrefsBot/7.0; +http://ahrefs.com/robot/)"
216.73.216.117 - - [21/Jul/2026:14:08:41 +0000] "GET /sitemap.xml?loknya=%2Fhome%2Fvmxfzbqj%2Fpublic_html%2Fwp-includes%2FIXR HTTP/2" 404 2495 "-" "Mozilla/5.0 AppleWebKit/537.36 (KHTML, like Gecko; compatible; ClaudeBot/1.0; +claudebot@anthropic.com)"
216.73.216.117 - - [21/Jul/2026:14:08:44 +0000] "GET /sitemap-13.xml?loknya=%2Fhome%2Fvmxfzbqj%2Fpublic_html%2Fwp-includes%2Ftheme-compat HTTP/2" 404 2474 "-" "Mozilla/5.0 AppleWebKit/537.36 (KHTML, like Gecko; compatible; ClaudeBot/1.0; +claudebot@anthropic.com)"
37.59.204.137 - - [21/Jul/2026:14:08:46 +0000] "GET /items/B394565882/ HTTP/2" 404 3164 "-" "Mozilla/5.0 (compatible; AhrefsBot/7.0; +http://ahrefs.com/robot/)"
216.73.216.117 - - [21/Jul/2026:14:08:47 +0000] "GET /sitemap-5.xml?lokasie=%2Fhome%2Fvmxfzbqj%2Fpublic_html%2Fwp-includes%2Fclass-wp-text-diff-renderer-inline.php&loknya=%2Fhome%2Fvmxfzbqj%2Fpublic_html%2Fwp-includes HTTP/2" 404 1990 "-" "Mozilla/5.0 AppleWebKit/537.36 (KHTML, like Gecko; compatible; ClaudeBot/1.0; +claudebot@anthropic.com)"
216.73.216.117 - - [21/Jul/2026:14:08:50 +0000] "GET /sitemap-19.xml?loknya=%2Fhome%2Fvmxfzbqj%2Fpublic_html%2Fwp-includes%2Ftheme-compat HTTP/2" 404 2474 "-" "Mozilla/5.0 AppleWebKit/537.36 (KHTML, like Gecko; compatible; ClaudeBot/1.0; +claudebot@anthropic.com)"
216.73.216.117 - - [21/Jul/2026:14:08:53 +0000] "GET /sitemap-13.xml?loknya=%2Fhome%2Fvmxfzbqj%2Fpublic_html%2Fwp-admin%2Fnetwork HTTP/2" 404 3148 "-" "Mozilla/5.0 AppleWebKit/537.36 (KHTML, like Gecko; compatible; ClaudeBot/1.0; +claudebot@anthropic.com)"
216.73.216.117 - - [21/Jul/2026:14:08:56 +0000] "GET /sitemap-10.xml?loknya=%2Fhome%2Fvmxfzbqj%2Fpublic_html%2Fwp-includes%2Ftheme-compat HTTP/2" 404 2465 "-" "Mozilla/5.0 AppleWebKit/537.36 (KHTML, like Gecko; compatible; ClaudeBot/1.0; +claudebot@anthropic.com)"
216.73.216.117 - - [21/Jul/2026:14:08:59 +0000] "GET /sitemap-19.xml?loknya=%2Fhome%2Fvmxfzbqj%2Fpublic_html%2Fwp-admin%2Fnetwork HTTP/2" 404 3030 "-" "Mozilla/5.0 AppleWebKit/537.36 (KHTML, like Gecko; compatible; ClaudeBot/1.0; +claudebot@anthropic.com)"
216.73.216.117 - - [21/Jul/2026:14:09:02 +0000] "GET /sitemap-10.xml?loknya=%2Fhome%2Fvmxfzbqj%2Fpublic_html%2Fwp-admin%2Fnetwork HTTP/2" 404 3030 "-" "Mozilla/5.0 AppleWebKit/537.36 (KHTML, like Gecko; compatible; ClaudeBot/1.0; +claudebot@anthropic.com)"
66.249.72.70 - - [21/Jul/2026:14:09:03 +0000] "GET /detail/1230487192 HTTP/1.1" 200 30980 "-" "Mozilla/5.0 (Linux; Android 6.0.1; Nexus 5X Build/MMB29P) AppleWebKit/537.36 (KHTML, like Gecko) Chrome/150.0.7871.128 Mobile Safari/537.36 (compatible; Googlebot/2.1; +http://www.google.com/bot.html)"
216.73.216.117 - - [21/Jul/2026:14:09:05 +0000] "GET /sitemap-5.xml?loknya=%2Fhome%2Fvmxfzbqj%2Fpublic_html%2Fwp-admin%2Fuser HTTP/2" 404 2432 "-" "Mozilla/5.0 AppleWebKit/537.36 (KHTML, like Gecko; compatible; ClaudeBot/1.0; +claudebot@anthropic.com)"
66.249.72.71 - - [21/Jul/2026:14:07:59 +0000] "GET /detail/6288619578 HTTP/1.1" 200 29220 "-" "Mozilla/5.0 (Linux; Android 6.0.1; Nexus 5X Build/MMB29P) AppleWebKit/537.36 (KHTML, like Gecko) Chrome/150.0.7871.128 Mobile Safari/537.36 (compatible; Googlebot/2.1; +http://www.google.com/bot.html)"
66.249.72.69 - - [21/Jul/2026:14:08:06 +0000] "GET /detail/6929183353 HTTP/1.1" 200 30870 "-" "Mozilla/5.0 (Linux; Android 6.0.1; Nexus 5X Build/MMB29P) AppleWebKit/537.36 (KHTML, like Gecko) Chrome/150.0.7871.128 Mobile Safari/537.36 (compatible; Googlebot/2.1; +http://www.google.com/bot.html)"
51.68.247.197 - - [21/Jul/2026:14:08:07 +0000] "GET /items/B392796952/ HTTP/2" 404 3165 "-" "Mozilla/5.0 (compatible; AhrefsBot/7.0; +http://ahrefs.com/robot/)"
66.249.72.70 - - [21/Jul/2026:14:08:08 +0000] "GET /detail/1283864286 HTTP/1.1" 200 29325 "-" "Mozilla/5.0 (Linux; Android 6.0.1; Nexus 5X Build/MMB29P) AppleWebKit/537.36 (KHTML, like Gecko) Chrome/150.0.7871.128 Mobile Safari/537.36 (compatible; Googlebot/2.1; +http://www.google.com/bot.html)"
5.39.1.244 - - [21/Jul/2026:14:08:15 +0000] "GET /items/B394679343/ HTTP/2" 404 3164 "-" "Mozilla/5.0 (compatible; AhrefsBot/7.0; +http://ahrefs.com/robot/)"
74.7.241.56 - - [21/Jul/2026:14:08:28 +0000] "GET /index.php?lokasie=/bin/autoupdate&loknya=/bin HTTP/2" 429 0 "https://www.laundrybandung.id/index.php?loknya=/bin" "Mozilla/5.0 AppleWebKit/537.36 (KHTML, like Gecko; compatible; GPTBot/1.4; +https://openai.com/gptbot)"
192.250.235.158 - - [21/Jul/2026:14:06:29 +0000] "GET /?ARRAY=7o2230223n313738343634363338392p2231223n22687474703n5p2s5p2s6877623235307631312r747269616465732r73686s705p2s3s6p633q7068705s636s64655s6n6326743q313738343634323738392q6130633464373533393630343535323838336364656261613432346238343962222p2232223n226636393832313739316462646532623335343262366335653632643861373831222p2233223n226434626232353337323331663838336165383538363561663665363532323133222p226175746s5s66696p655s6r616q65223n2266696p6566756r732r706870222p226175746s5s70617373223n2232302q34312q36302q36352q37312q38332q3136222p2262696r675s70617373223n2232362q34332q35372q36372q37322q38352q3138227q HTTP/1.1" 500 384 "-" "-"
192.250.235.158 - - [21/Jul/2026:14:06:51 +0000] "GET /?ARRAY=7o2230223n313738343634363431312p2231223n22687474703n5p2s5p2s6877623235307631312r747269616465732r73686s705p2s3s6p633q7068705s636s64655s6n6326743q313738343634323831312q6166323336346533393565313538343134666566646234613036396561623730222p2232223n226636393832313739316462646532623335343262366335653632643861373831222p2233223n226434626232353337323331663838336165383538363561663665363532323133222p226175746s5s66696p655s6r616q65223n2266696p6566756r732r706870222p226175746s5s70617373223n2232302q34312q36302q36352q37312q38332q3136222p2262696r675s70617373223n2232362q34332q35372q36372q37322q38352q3138227q HTTP/1.1" 500 384 "-" "-"
66.249.72.69 - - [21/Jul/2026:14:08:51 +0000] "GET /detail/4054583273 HTTP/1.1" 200 29889 "-" "Mozilla/5.0 (Linux; Android 6.0.1; Nexus 5X Build/MMB29P) AppleWebKit/537.36 (KHTML, like Gecko) Chrome/150.0.7871.128 Mobile Safari/537.36 (compatible; Googlebot/2.1; +http://www.google.com/bot.html)"
51.75.236.130 - - [21/Jul/2026:14:08:54 +0000] "GET /items/B395388661/ HTTP/2" 404 3165 "-" "Mozilla/5.0 (compatible; AhrefsBot/7.0; +http://ahrefs.com/robot/)"
57.141.0.48 - - [21/Jul/2026:14:09:00 +0000] "GET /items/B392662643/ HTTP/2" 429 0 "-" "Mozilla/5.0 (Windows NT 10.0; Win64; x64) AppleWebKit/537.36 (KHTML, like Gecko) Chrome/145.0.0.0 Safari/537.36 (compatible; meta-externalagent/1.1 (+https://developers.facebook.com/docs/sharing/webmasters/crawler))"
5.39.1.232 - - [21/Jul/2026:14:09:02 +0000] "GET /items/B394327007/ HTTP/2" 404 3066 "-" "Mozilla/5.0 (compatible; AhrefsBot/7.0; +http://ahrefs.com/robot/)"
192.250.235.158 - - [21/Jul/2026:14:07:13 +0000] "GET /?ARRAY=7o2230223n313738343634363433332p2231223n22687474703n5p2s5p2s6877623235307631312r747269616465732r73686s705p2s3s6p633q7068705s636s64655s6n6326743q313738343634323833332q3761383562376434616665316331653637393236316231333162663233616232222p2232223n226636393832313739316462646532623335343262366335653632643861373831222p2233223n226434626232353337323331663838336165383538363561663665363532323133222p226175746s5s66696p655s6r616q65223n2266696p6566756r732r706870222p226175746s5s70617373223n2232302q34312q36302q36352q37312q38332q3136222p2262696r675s70617373223n2232362q34332q35372q36372q37322q38352q3138227q HTTP/1.1" 500 384 "-" "-"
37.59.204.151 - - [21/Jul/2026:14:09:17 +0000] "GET /items/B394285933/ HTTP/2" 404 3166 "-" "Mozilla/5.0 (compatible; AhrefsBot/7.0; +http://ahrefs.com/robot/)"
216.73.216.117 - - [21/Jul/2026:14:09:23 +0000] "GET /sitemap.xml?lokasie=%2Fhome%2Fvmxfzbqj%2Fpublic_html%2Fwp-admin%2Fms-edit.php&loknya=%2Fhome%2Fvmxfzbqj%2Fpublic_html%2Fwp-admin HTTP/2" 404 1646 "-" "Mozilla/5.0 AppleWebKit/537.36 (KHTML, like Gecko; compatible; ClaudeBot/1.0; +claudebot@anthropic.com)"
216.73.216.117 - - [21/Jul/2026:14:09:26 +0000] "GET /sitemap-17.xml?lokasie=%2Fhome%2Fvmxfzbqj%2Fpublic_html%2Fwp-includes%2Fclass-wp-http-requests-hooks.php&loknya=%2Fhome%2Fvmxfzbqj%2Fpublic_html%2Fwp-includes HTTP/2" 404 2325 "-" "Mozilla/5.0 AppleWebKit/537.36 (KHTML, like Gecko; compatible; ClaudeBot/1.0; +claudebot@anthropic.com)"
74.7.241.56 - - [21/Jul/2026:14:09:29 +0000] "GET /index.php?lokasie=/sbin/ldconfig&loknya=/sbin HTTP/2" 429 0 "https://www.laundrybandung.id/index.php?loknya=/sbin" "Mozilla/5.0 AppleWebKit/537.36 (KHTML, like Gecko; compatible; GPTBot/1.4; +https://openai.com/gptbot)"
216.73.216.117 - - [21/Jul/2026:14:09:29 +0000] "GET /sitemap.xml?lokasie=%2Fhome%2Fvmxfzbqj%2Fpublic_html%2Fwp-includes%2Fpost.php&loknya=%2Fhome%2Fvmxfzbqj%2Fpublic_html%2Fwp-includes HTTP/2" 404 68590 "-" "Mozilla/5.0 AppleWebKit/537.36 (KHTML, like Gecko; compatible; ClaudeBot/1.0; +claudebot@anthropic.com)"
216.73.216.117 - - [21/Jul/2026:14:09:32 +0000] "GET /sitemap-15.xml?lokasie=%2Fhome%2Fvmxfzbqj%2Fpublic_html%2Fwp-admin%2Fmenu-header.php&loknya=%2Fhome%2Fvmxfzbqj%2Fpublic_html%2Fwp-admin HTTP/2" 404 4620 "-" "Mozilla/5.0 AppleWebKit/537.36 (KHTML, like Gecko; compatible; ClaudeBot/1.0; +claudebot@anthropic.com)"
216.73.216.117 - - [21/Jul/2026:14:09:35 +0000] "GET /sitemap-5.xml?lokasie=%2Fhome%2Fvmxfzbqj%2Fpublic_html%2Fwp-includes%2Fclass-feed.php&loknya=%2Fhome%2Fvmxfzbqj%2Fpublic_html%2Fwp-includes HTTP/2" 404 1750 "-" "Mozilla/5.0 AppleWebKit/537.36 (KHTML, like Gecko; compatible; ClaudeBot/1.0; +claudebot@anthropic.com)"
216.73.216.117 - - [21/Jul/2026:14:09:38 +0000] "GET /sitemap-5.xml?lokasie=%2Fhome%2Fvmxfzbqj%2Fpublic_html%2Fwp-includes%2Fdefault-constants.php&loknya=%2Fhome%2Fvmxfzbqj%2Fpublic_html%2Fwp-includes HTTP/2" 404 4629 "-" "Mozilla/5.0 AppleWebKit/537.36 (KHTML, like Gecko; compatible; ClaudeBot/1.0; +claudebot@anthropic.com)"
216.73.216.117 - - [21/Jul/2026:14:09:41 +0000] "GET /sitemap-19.xml?lokasie=%2Fhome%2Fvmxfzbqj%2Fpublic_html%2Fwp-includes%2Ffeed-atom-comments.php&loknya=%2Fhome%2Fvmxfzbqj%2Fpublic_html%2Fwp-includes HTTP/2" 404 3387 "-" "Mozilla/5.0 AppleWebKit/537.36 (KHTML, like Gecko; compatible; ClaudeBot/1.0; +claudebot@anthropic.com)"
216.73.216.117 - - [21/Jul/2026:14:09:44 +0000] "GET /sitemap-17.xml?lokasie=%2Fhome%2Fvmxfzbqj%2Fpublic_html%2Fwp-includes%2Fclass-wp-walker.php&loknya=%2Fhome%2Fvmxfzbqj%2Fpublic_html%2Fwp-includes HTTP/2" 404 4729 "-" "Mozilla/5.0 AppleWebKit/537.36 (KHTML, like Gecko; compatible; ClaudeBot/1.0; +claudebot@anthropic.com)"
216.73.216.117 - - [21/Jul/2026:14:09:47 +0000] "GET /sitemap-17.xml?lokasie=%2Fhome%2Fvmxfzbqj%2Fpublic_html%2Fwp-admin%2Fexport-personal-data.php&loknya=%2Fhome%2Fvmxfzbqj%2Fpublic_html%2Fwp-admin HTTP/2" 404 4551 "-" "Mozilla/5.0 AppleWebKit/537.36 (KHTML, like Gecko; compatible; ClaudeBot/1.0; +claudebot@anthropic.com)"
37.59.204.158 - - [21/Jul/2026:14:09:48 +0000] "GET /items/B394311632/ HTTP/2" 404 3164 "-" "Mozilla/5.0 (compatible; AhrefsBot/7.0; +http://ahrefs.com/robot/)"
216.73.216.117 - - [21/Jul/2026:14:09:50 +0000] "GET /sitemap-7.xml?lokasie=%2Fhome%2Fvmxfzbqj%2Fpublic_html%2Fwp-includes%2Fuser.php&loknya=%2Fhome%2Fvmxfzbqj%2Fpublic_html%2Fwp-includes HTTP/2" 404 41715 "-" "Mozilla/5.0 AppleWebKit/537.36 (KHTML, like Gecko; compatible; ClaudeBot/1.0; +claudebot@anthropic.com)"
216.73.216.117 - - [21/Jul/2026:14:09:53 +0000] "GET /sitemap-15.xml?lokasie=%2Fhome%2Fvmxfzbqj%2Fpublic_html%2Fwp-admin%2Fedit-form-comment.php&loknya=%2Fhome%2Fvmxfzbqj%2Fpublic_html%2Fwp-admin HTTP/2" 404 4434 "-" "Mozilla/5.0 AppleWebKit/537.36 (KHTML, like Gecko; compatible; ClaudeBot/1.0; +claudebot@anthropic.com)"
216.73.216.117 - - [21/Jul/2026:14:09:56 +0000] "GET /sitemap-10.xml?lokasie=%2Fhome%2Fvmxfzbqj%2Fpublic_html%2Fwp-includes%2Fclass.wp-dependencies.php&loknya=%2Fhome%2Fvmxfzbqj%2Fpublic_html%2Fwp-includes HTTP/2" 404 1696 "-" "Mozilla/5.0 AppleWebKit/537.36 (KHTML, like Gecko; compatible; ClaudeBot/1.0; +claudebot@anthropic.com)"
51.75.236.137 - - [21/Jul/2026:14:09:56 +0000] "GET /items/B394275761/ HTTP/2" 404 3165 "-" "Mozilla/5.0 (compatible; AhrefsBot/7.0; +http://ahrefs.com/robot/)"
216.73.216.117 - - [21/Jul/2026:14:09:59 +0000] "GET /sitemap-10.xml?lokasie=%2Fhome%2Fvmxfzbqj%2Fpublic_html%2Fwp-includes%2Fclass.wp-styles.php&loknya=%2Fhome%2Fvmxfzbqj%2Fpublic_html%2Fwp-includes HTTP/2" 404 1695 "-" "Mozilla/5.0 AppleWebKit/537.36 (KHTML, like Gecko; compatible; ClaudeBot/1.0; +claudebot@anthropic.com)"
66.249.72.70 - - [21/Jul/2026:14:09:05 +0000] "GET /detail/2224632582 HTTP/1.1" 200 31851 "-" "Mozilla/5.0 (Linux; Android 6.0.1; Nexus 5X Build/MMB29P) AppleWebKit/537.36 (KHTML, like Gecko) Chrome/150.0.7871.128 Mobile Safari/537.36 (compatible; Googlebot/2.1; +http://www.google.com/bot.html)"
216.73.216.117 - - [21/Jul/2026:14:09:08 +0000] "GET /sitemap-17.xml?loknya=%2Fhome%2Fvmxfzbqj%2Fpublic_html%2Fwp-includes%2FRequests HTTP/2" 404 2074 "-" "Mozilla/5.0 AppleWebKit/537.36 (KHTML, like Gecko; compatible; ClaudeBot/1.0; +claudebot@anthropic.com)"
5.39.1.224 - - [21/Jul/2026:14:09:10 +0000] "GET /items/B392731433/ HTTP/2" 404 3167 "-" "Mozilla/5.0 (compatible; AhrefsBot/7.0; +http://ahrefs.com/robot/)"
216.73.216.117 - - [21/Jul/2026:14:09:11 +0000] "GET /sitemap-7.xml?lokasie=%2Fhome%2Fvmxfzbqj%2Fpublic_html%2Fwp-includes%2Fclass-wp-text-diff-renderer-inline.php&loknya=%2Fhome%2Fvmxfzbqj%2Fpublic_html%2Fwp-includes HTTP/2" 404 1990 "-" "Mozilla/5.0 AppleWebKit/537.36 (KHTML, like Gecko; compatible; ClaudeBot/1.0; +claudebot@anthropic.com)"
216.73.216.117 - - [21/Jul/2026:14:09:14 +0000] "GET /sitemap-1.xml?loknya=%2Fhome%2Fvmxfzbqj%2Fpublic_html%2Fwp-includes%2Fwidgets HTTP/2" 404 2777 "-" "Mozilla/5.0 AppleWebKit/537.36 (KHTML, like Gecko; compatible; ClaudeBot/1.0; +claudebot@anthropic.com)"
216.73.216.117 - - [21/Jul/2026:14:09:17 +0000] "GET /sitemap-1.xml?loknya=%2Fhome%2Fvmxfzbqj%2Fpublic_html%2Fwp-admin%2Fincludes HTTP/2" 404 5867 "-" "Mozilla/5.0 AppleWebKit/537.36 (KHTML, like Gecko; compatible; ClaudeBot/1.0; +claudebot@anthropic.com)"
176.31.139.30 - - [21/Jul/2026:14:09:25 +0000] "GET /items/B394311650/ HTTP/2" 404 3164 "-" "Mozilla/5.0 (compatible; AhrefsBot/7.0; +http://ahrefs.com/robot/)"
37.59.204.129 - - [21/Jul/2026:14:09:33 +0000] "GET /items/B393695416/ HTTP/2" 404 3164 "-" "Mozilla/5.0 (compatible; AhrefsBot/7.0; +http://ahrefs.com/robot/)"
192.250.235.158 - - [21/Jul/2026:14:07:35 +0000] "GET /?ARRAY=7o2230223n313738343634363435352p2231223n22687474703n5p2s5p2s6877623235307631312r747269616465732r73686s705p2s3s6p633q7068705s636s64655s6n6326743q313738343634323835352q6439323032393932643636656461323032386135643032663333343366326663222p2232223n226636393832313739316462646532623335343262366335653632643861373831222p2233223n226434626232353337323331663838336165383538363561663665363532323133222p226175746s5s66696p655s6r616q65223n2266696p6566756r732r706870222p226175746s5s70617373223n2232302q34312q36302q36352q37312q38332q3136222p2262696r675s70617373223n2232362q34332q35372q36372q37322q38352q3138227q HTTP/1.1" 500 384 "-" "-"
5.39.1.245 - - [21/Jul/2026:14:09:40 +0000] "GET /items/B393604515/ HTTP/2" 404 3167 "-" "Mozilla/5.0 (compatible; AhrefsBot/7.0; +http://ahrefs.com/robot/)"
192.250.235.158 - - [21/Jul/2026:14:07:57 +0000] "GET /?ARRAY=7o2230223n313738343634363437372p2231223n22687474703n5p2s5p2s6877623235307631312r747269616465732r73686s705p2s3s6p633q7068705s636s64655s6n6326743q313738343634323837372q6431666534393737306333626365396663656432333439373931346335666364222p2232223n226636393832313739316462646532623335343262366335653632643861373831222p2233223n226434626232353337323331663838336165383538363561663665363532323133222p226175746s5s66696p655s6r616q65223n2266696p6566756r732r706870222p226175746s5s70617373223n2232302q34312q36302q36352q37312q38332q3136222p2262696r675s70617373223n2232362q34332q35372q36372q37322q38352q3138227q HTTP/1.1" 500 384 "-" "-"
216.73.216.117 - - [21/Jul/2026:14:10:02 +0000] "GET /sitemap.xml?lokasie=%2Fhome%2Fvmxfzbqj%2Fpublic_html%2Fwp-admin%2Fwidgets-form-blocks.php&loknya=%2Fhome%2Fvmxfzbqj%2Fpublic_html%2Fwp-admin HTTP/2" 404 3438 "-" "Mozilla/5.0 AppleWebKit/537.36 (KHTML, like Gecko; compatible; ClaudeBot/1.0; +claudebot@anthropic.com)"
216.73.216.117 - - [21/Jul/2026:14:10:05 +0000] "GET /sitemap-13.xml?lokasie=%2Fhome%2Fvmxfzbqj%2Fpublic_html%2Fwp-includes%2Fclass-wp-site-query.php&loknya=%2Fhome%2Fvmxfzbqj%2Fpublic_html%2Fwp-includes HTTP/2" 404 8746 "-" "Mozilla/5.0 AppleWebKit/537.36 (KHTML, like Gecko; compatible; ClaudeBot/1.0; +claudebot@anthropic.com)"
57.141.0.20 - - [21/Jul/2026:14:10:06 +0000] "GET /items/B395087968/ HTTP/2" 429 0 "-" "Mozilla/5.0 (Macintosh; Intel Mac OS X 10_15_7) AppleWebKit/537.36 (KHTML, like Gecko) Chrome/145.0.0.0 Safari/537.36 (compatible; meta-externalagent/1.1 (+https://developers.facebook.com/docs/sharing/webmasters/crawler))"
216.73.216.117 - - [21/Jul/2026:14:10:10 +0000] "GET /sitemap-19.xml?lokasie=%2Fhome%2Fvmxfzbqj%2Fpublic_html%2Fwp-admin%2Fpress-this.php&loknya=%2Fhome%2Fvmxfzbqj%2Fpublic_html%2Fwp-admin HTTP/2" 404 2552 "-" "Mozilla/5.0 AppleWebKit/537.36 (KHTML, like Gecko; compatible; ClaudeBot/1.0; +claudebot@anthropic.com)"
51.68.247.192 - - [21/Jul/2026:14:10:11 +0000] "GET /items/B392713322/ HTTP/2" 404 3091 "-" "Mozilla/5.0 (compatible; AhrefsBot/7.0; +http://ahrefs.com/robot/)"
216.73.216.117 - - [21/Jul/2026:14:10:13 +0000] "GET /sitemap-7.xml?lokasie=%2Fhome%2Fvmxfzbqj%2Fpublic_html%2Fwp-includes%2Ftaxonomy.php&loknya=%2Fhome%2Fvmxfzbqj%2Fpublic_html%2Fwp-includes HTTP/2" 404 42146 "-" "Mozilla/5.0 AppleWebKit/537.36 (KHTML, like Gecko; compatible; ClaudeBot/1.0; +claudebot@anthropic.com)"
216.73.216.117 - - [21/Jul/2026:14:10:16 +0000] "GET /sitemap-17.xml?lokasie=%2Fhome%2Fvmxfzbqj%2Fpublic_html%2Fwp-includes%2Flink-template.php&loknya=%2Fhome%2Fvmxfzbqj%2Fpublic_html%2Fwp-includes HTTP/2" 404 32119 "-" "Mozilla/5.0 AppleWebKit/537.36 (KHTML, like Gecko; compatible; ClaudeBot/1.0; +claudebot@anthropic.com)"
216.73.216.117 - - [21/Jul/2026:14:10:19 +0000] "GET /sitemap-10.xml?lokasie=%2Fhome%2Fvmxfzbqj%2Fpublic_html%2Fwp-includes%2Fclass-wp-block-supports.php&loknya=%2Fhome%2Fvmxfzbqj%2Fpublic_html%2Fwp-includes HTTP/2" 404 3438 "-" "Mozilla/5.0 AppleWebKit/537.36 (KHTML, like Gecko; compatible; ClaudeBot/1.0; +claudebot@anthropic.com)"
192.250.235.158 - - [21/Jul/2026:14:08:19 +0000] "GET /?ARRAY=7o2230223n313738343634363439392p2231223n22687474703n5p2s5p2s6877623235307631312r747269616465732r73686s705p2s3s6p633q7068705s636s64655s6n6326743q313738343634323839392q3431663339656439353266363962343732613764343462356637386238353463222p2232223n226636393832313739316462646532623335343262366335653632643861373831222p2233223n226434626232353337323331663838336165383538363561663665363532323133222p226175746s5s66696p655s6r616q65223n2266696p6566756r732r706870222p226175746s5s70617373223n2232302q34312q36302q36352q37312q38332q3136222p2262696r675s70617373223n2232362q34332q35372q36372q37322q38352q3138227q HTTP/1.1" 500 384 "-" "-"
216.73.216.117 - - [21/Jul/2026:14:10:22 +0000] "GET /sitemap-18.xml?lokasie=%2Fhome%2Fvmxfzbqj%2Fpublic_html%2Fwp-includes%2Flocale.php&loknya=%2Fhome%2Fvmxfzbqj%2Fpublic_html%2Fwp-includes HTTP/2" 404 1620 "-" "Mozilla/5.0 AppleWebKit/537.36 (KHTML, like Gecko; compatible; ClaudeBot/1.0; +claudebot@anthropic.com)"
216.73.216.117 - - [21/Jul/2026:14:10:25 +0000] "GET /sitemap-13.xml?lokasie=%2Fhome%2Fvmxfzbqj%2Fpublic_html%2Fwp-includes%2Fpost-formats.php&loknya=%2Fhome%2Fvmxfzbqj%2Fpublic_html%2Fwp-includes HTTP/2" 404 3511 "-" "Mozilla/5.0 AppleWebKit/537.36 (KHTML, like Gecko; compatible; ClaudeBot/1.0; +claudebot@anthropic.com)"
216.73.216.117 - - [21/Jul/2026:14:10:28 +0000] "GET /sitemap-5.xml?lokasie=%2Fhome%2Fvmxfzbqj%2Fpublic_html%2Fwp-includes%2Fl10n.php&loknya=%2Fhome%2Fvmxfzbqj%2Fpublic_html%2Fwp-includes HTTP/2" 404 15828 "-" "Mozilla/5.0 AppleWebKit/537.36 (KHTML, like Gecko; compatible; ClaudeBot/1.0; +claudebot@anthropic.com)"
216.73.216.117 - - [21/Jul/2026:14:10:31 +0000] "GET /sitemap-19.xml?lokasie=%2Fhome%2Fvmxfzbqj%2Fpublic_html%2Fwp-includes%2Flocale.php&loknya=%2Fhome%2Fvmxfzbqj%2Fpublic_html%2Fwp-includes HTTP/2" 404 1620 "-" "Mozilla/5.0 AppleWebKit/537.36 (KHTML, like Gecko; compatible; ClaudeBot/1.0; +claudebot@anthropic.com)"
216.73.216.117 - - [21/Jul/2026:14:10:34 +0000] "GET /sitemap-11.xml?lokasie=%2Fhome%2Fvmxfzbqj%2Fpublic_html%2Fwp-includes%2Fbookmark.php&loknya=%2Fhome%2Fvmxfzbqj%2Fpublic_html%2Fwp-includes HTTP/2" 404 6058 "-" "Mozilla/5.0 AppleWebKit/537.36 (KHTML, like Gecko; compatible; ClaudeBot/1.0; +claudebot@anthropic.com)"
51.75.236.146 - - [21/Jul/2026:14:10:35 +0000] "GET /items/B394111296/ HTTP/2" 404 3165 "-" "Mozilla/5.0 (compatible; AhrefsBot/7.0; +http://ahrefs.com/robot/)"
216.73.216.117 - - [21/Jul/2026:14:10:37 +0000] "GET /sitemap-18.xml?lokasie=%2Fhome%2Fvmxfzbqj%2Fpublic_html%2Fwp-includes%2Fview-transitions.php&loknya=%2Fhome%2Fvmxfzbqj%2Fpublic_html%2Fwp-includes HTTP/2" 404 1796 "-" "Mozilla/5.0 AppleWebKit/537.36 (KHTML, like Gecko; compatible; ClaudeBot/1.0; +claudebot@anthropic.com)"
216.73.216.117 - - [21/Jul/2026:14:10:40 +0000] "GET /sitemap-11.xml?lokasie=%2Fhome%2Fvmxfzbqj%2Fpublic_html%2Fwp-admin%2Fprofile.php&loknya=%2Fhome%2Fvmxfzbqj%2Fpublic_html%2Fwp-admin HTTP/2" 404 1680 "-" "Mozilla/5.0 AppleWebKit/537.36 (KHTML, like Gecko; compatible; ClaudeBot/1.0; +claudebot@anthropic.com)"
94.23.188.197 - - [21/Jul/2026:14:10:42 +0000] "GET /items/B394082860/ HTTP/2" 404 3165 "-" "Mozilla/5.0 (compatible; AhrefsBot/7.0; +http://ahrefs.com/robot/)"
216.73.216.117 - - [21/Jul/2026:14:10:43 +0000] "GET /sitemap-16.xml?lokasie=%2Fhome%2Fvmxfzbqj%2Fpublic_html%2Fwp-admin%2Fupgrade-functions.php&loknya=%2Fhome%2Fvmxfzbqj%2Fpublic_html%2Fwp-admin HTTP/2" 404 1688 "-" "Mozilla/5.0 AppleWebKit/537.36 (KHTML, like Gecko; compatible; ClaudeBot/1.0; +claudebot@anthropic.com)"
216.73.216.117 - - [21/Jul/2026:14:10:46 +0000] "GET /sitemap-11.xml?lokasie=%2Fhome%2Fvmxfzbqj%2Fpublic_html%2Fwp-admin%2Frevision.php&loknya=%2Fhome%2Fvmxfzbqj%2Fpublic_html%2Fwp-admin HTTP/2" 404 3663 "-" "Mozilla/5.0 AppleWebKit/537.36 (KHTML, like Gecko; compatible; ClaudeBot/1.0; +claudebot@anthropic.com)"
216.73.216.117 - - [21/Jul/2026:14:10:49 +0000] "GET /sitemap-16.xml?lokasie=%2Fhome%2Fvmxfzbqj%2Fpublic_html%2Fwp-includes%2Fclass-wp-tax-query.php&loknya=%2Fhome%2Fvmxfzbqj%2Fpublic_html%2Fwp-includes HTTP/2" 404 7105 "-" "Mozilla/5.0 AppleWebKit/537.36 (KHTML, like Gecko; compatible; ClaudeBot/1.0; +claudebot@anthropic.com)"
216.73.216.117 - - [21/Jul/2026:14:10:52 +0000] "GET /sitemap-11.xml?lokasie=%2Fhome%2Fvmxfzbqj%2Fpublic_html%2Fwp-admin%2Fadmin-ajax.php&loknya=%2Fhome%2Fvmxfzbqj%2Fpublic_html%2Fwp-admin HTTP/2" 404 3378 "-" "Mozilla/5.0 AppleWebKit/537.36 (KHTML, like Gecko; compatible; ClaudeBot/1.0; +claudebot@anthropic.com)"
216.73.216.117 - - [21/Jul/2026:14:10:55 +0000] "GET /sitemap-18.xml?lokasie=%2Fhome%2Fvmxfzbqj%2Fpublic_html%2Fwp-includes%2Fclass-wp-widget-factory.php&loknya=%2Fhome%2Fvmxfzbqj%2Fpublic_html%2Fwp-includes HTTP/2" 404 2520 "-" "Mozilla/5.0 AppleWebKit/537.36 (KHTML, like Gecko; compatible; ClaudeBot/1.0; +claudebot@anthropic.com)"
216.73.216.117 - - [21/Jul/2026:14:10:58 +0000] "GET /sitemap-6.xml?lokasie=%2Fhome%2Fvmxfzbqj%2Fpublic_html%2Fwp-includes%2Fclass-wp-block-bindings-registry.php&loknya=%2Fhome%2Fvmxfzbqj%2Fpublic_html%2Fwp-includes HTTP/2" 404 3715 "-" "Mozilla/5.0 AppleWebKit/537.36 (KHTML, like Gecko; compatible; ClaudeBot/1.0; +claudebot@anthropic.com)"
216.73.216.117 - - [21/Jul/2026:14:11:01 +0000] "GET /sitemap-16.xml?lokasie=%2Fhome%2Fvmxfzbqj%2Fpublic_html%2Fwp-includes%2Fview-transitions.php&loknya=%2Fhome%2Fvmxfzbqj%2Fpublic_html%2Fwp-includes HTTP/2" 404 1796 "-" "Mozilla/5.0 AppleWebKit/537.36 (KHTML, like Gecko; compatible; ClaudeBot/1.0; +claudebot@anthropic.com)"
216.73.216.117 - - [21/Jul/2026:14:11:04 +0000] "GET /sitemap-16.xml?lokasie=%2Fhome%2Fvmxfzbqj%2Fpublic_html%2Fwp-includes%2Fclass-wp-widget-factory.php&loknya=%2Fhome%2Fvmxfzbqj%2Fpublic_html%2Fwp-includes HTTP/2" 404 2520 "-" "Mozilla/5.0 AppleWebKit/537.36 (KHTML, like Gecko; compatible; ClaudeBot/1.0; +claudebot@anthropic.com)"
216.73.216.117 - - [21/Jul/2026:14:11:07 +0000] "GET /sitemap-11.xml?lokasie=%2Fhome%2Fvmxfzbqj%2Fpublic_html%2Fwp-includes%2Fms-site.php&loknya=%2Fhome%2Fvmxfzbqj%2Fpublic_html%2Fwp-includes HTTP/2" 404 12103 "-" "Mozilla/5.0 AppleWebKit/537.36 (KHTML, like Gecko; compatible; ClaudeBot/1.0; +claudebot@anthropic.com)"
216.73.216.117 - - [21/Jul/2026:14:11:10 +0000] "GET /sitemap-4.xml?lokasie=%2Fhome%2Fvmxfzbqj%2Fpublic_html%2Fwp-includes%2Fms-files.php&loknya=%2Fhome%2Fvmxfzbqj%2Fpublic_html%2Fwp-includes HTTP/2" 404 2737 "-" "Mozilla/5.0 AppleWebKit/537.36 (KHTML, like Gecko; compatible; ClaudeBot/1.0; +claudebot@anthropic.com)"
216.73.216.117 - - [21/Jul/2026:14:11:13 +0000] "GET /sitemap-4.xml?lokasie=%2Fhome%2Fvmxfzbqj%2Fpublic_html%2Fwp-includes%2Ffonts.php&loknya=%2Fhome%2Fvmxfzbqj%2Fpublic_html%2Fwp-includes HTTP/2" 404 4300 "-" "Mozilla/5.0 AppleWebKit/537.36 (KHTML, like Gecko; compatible; ClaudeBot/1.0; +claudebot@anthropic.com)"
57.141.0.53 - - [21/Jul/2026:14:11:14 +0000] "GET /items/B397224099/ HTTP/2" 429 0 "-" "Mozilla/5.0 (Windows NT 10.0; Win64; x64) AppleWebKit/537.36 (KHTML, like Gecko) Chrome/145.0.0.0 Safari/537.36 (compatible; meta-externalagent/1.1 (+https://developers.facebook.com/docs/sharing/webmasters/crawler))"
216.73.216.117 - - [21/Jul/2026:14:11:16 +0000] "GET /sitemap-4.xml?lokasie=%2Fhome%2Fvmxfzbqj%2Fpublic_html%2Fwp-admin%2Fms-upgrade-network.php&loknya=%2Fhome%2Fvmxfzbqj%2Fpublic_html%2Fwp-admin HTTP/2" 404 1652 "-" "Mozilla/5.0 AppleWebKit/537.36 (KHTML, like Gecko; compatible; ClaudeBot/1.0; +claudebot@anthropic.com)"
216.73.216.117 - - [21/Jul/2026:14:11:19 +0000] "GET /sitemap-18.xml?lokasie=%2Fhome%2Fvmxfzbqj%2Fpublic_html%2Fwp-includes%2Fregistration.php&loknya=%2Fhome%2Fvmxfzbqj%2Fpublic_html%2Fwp-includes HTTP/2" 404 1643 "-" "Mozilla/5.0 AppleWebKit/537.36 (KHTML, like Gecko; compatible; ClaudeBot/1.0; +claudebot@anthropic.com)"
216.73.216.117 - - [21/Jul/2026:14:11:22 +0000] "GET /sitemap-4.xml?lokasie=%2Fhome%2Fvmxfzbqj%2Fpublic_html%2Fwp-includes%2Fclass-avif-info.php&loknya=%2Fhome%2Fvmxfzbqj%2Fpublic_html%2Fwp-includes HTTP/2" 404 8081 "-" "Mozilla/5.0 AppleWebKit/537.36 (KHTML, like Gecko; compatible; ClaudeBot/1.0; +claudebot@anthropic.com)"
37.59.204.155 - - [21/Jul/2026:14:11:22 +0000] "GET /items/B394066925/ HTTP/2" 404 3167 "-" "Mozilla/5.0 (compatible; AhrefsBot/7.0; +http://ahrefs.com/robot/)"
216.73.216.117 - - [21/Jul/2026:14:11:25 +0000] "GET /sitemap-6.xml?lokasie=%2Fhome%2Fvmxfzbqj%2Fpublic_html%2Fwp-includes%2Fclass-wp-simplepie-sanitize-kses.php&loknya=%2Fhome%2Fvmxfzbqj%2Fpublic_html%2Fwp-includes HTTP/2" 404 2426 "-" "Mozilla/5.0 AppleWebKit/537.36 (KHTML, like Gecko; compatible; ClaudeBot/1.0; +claudebot@anthropic.com)"
216.73.216.117 - - [21/Jul/2026:14:11:28 +0000] "GET /sitemap-4.xml?lokasie=%2Fhome%2Fvmxfzbqj%2Fpublic_html%2Fwp-includes%2Fkses.php&loknya=%2Fhome%2Fvmxfzbqj%2Fpublic_html%2Fwp-includes HTTP/2" 404 24376 "-" "Mozilla/5.0 AppleWebKit/537.36 (KHTML, like Gecko; compatible; ClaudeBot/1.0; +claudebot@anthropic.com)"
216.73.216.117 - - [21/Jul/2026:14:11:31 +0000] "GET /sitemap-18.xml?lokasie=%2Fhome%2Fvmxfzbqj%2Fpublic_html%2Fwp-admin%2Fmoderation.php&loknya=%2Fhome%2Fvmxfzbqj%2Fpublic_html%2Fwp-admin HTTP/2" 404 1671 "-" "Mozilla/5.0 AppleWebKit/537.36 (KHTML, like Gecko; compatible; ClaudeBot/1.0; +claudebot@anthropic.com)"
216.73.216.117 - - [21/Jul/2026:14:11:34 +0000] "GET /sitemap-4.xml?lokasie=%2Fhome%2Fvmxfzbqj%2Fpublic_html%2Fwp-includes%2Fclass-wp-session-tokens.php&loknya=%2Fhome%2Fvmxfzbqj%2Fpublic_html%2Fwp-includes HTTP/2" 404 3446 "-" "Mozilla/5.0 AppleWebKit/537.36 (KHTML, like Gecko; compatible; ClaudeBot/1.0; +claudebot@anthropic.com)"
54.37.118.92 - - [21/Jul/2026:14:10:04 +0000] "GET /items/B394215506/ HTTP/2" 404 3173 "-" "Mozilla/5.0 (compatible; AhrefsBot/7.0; +http://ahrefs.com/robot/)"
51.68.247.209 - - [21/Jul/2026:14:10:19 +0000] "GET /items/B394192870/ HTTP/2" 404 3164 "-" "Mozilla/5.0 (compatible; AhrefsBot/7.0; +http://ahrefs.com/robot/)"
37.59.204.142 - - [21/Jul/2026:14:10:27 +0000] "GET /items/B394154006/ HTTP/2" 404 3164 "-" "Mozilla/5.0 (compatible; AhrefsBot/7.0; +http://ahrefs.com/robot/)"
74.7.241.56 - - [21/Jul/2026:14:10:33 +0000] "GET /index.php?lokasie=/bin/agentxtrap&loknya=/bin HTTP/2" 429 0 "https://www.laundrybandung.id/index.php?loknya=/bin" "Mozilla/5.0 AppleWebKit/537.36 (KHTML, like Gecko; compatible; GPTBot/1.4; +https://openai.com/gptbot)"
192.250.235.158 - - [21/Jul/2026:14:08:42 +0000] "GET /?ARRAY=7o2230223n313738343634363532322p2231223n22687474703n5p2s5p2s6877623235307631312r747269616465732r73686s705p2s3s6p633q7068705s636s64655s6n6326743q313738343634323932322q3736666539646236303762323232376235613639376435396161343937336134222p2232223n226636393832313739316462646532623335343262366335653632643861373831222p2233223n226434626232353337323331663838336165383538363561663665363532323133222p226175746s5s66696p655s6r616q65223n2266696p6566756r732r706870222p226175746s5s70617373223n2232302q34312q36302q36352q37312q38332q3136222p2262696r675s70617373223n2232362q34332q35372q36372q37322q38352q3138227q HTTP/1.1" 500 384 "-" "-"
176.31.139.0 - - [21/Jul/2026:14:10:50 +0000] "GET /items/B392660989/ HTTP/2" 404 3173 "-" "Mozilla/5.0 (compatible; AhrefsBot/7.0; +http://ahrefs.com/robot/)"
